000
CXUS54 KTSA 011148
CF6RVS
PRELIMINARY LOCAL CLIMATOLOGICAL DATA (WS FORM: F-6)
STATION: TULSA-RIVERSIDE OKLAHOMA
MONTH: AUGUST
YEAR: 2021
LATITUDE: 36 2 N
LONGITUDE: 95 59 W
TEMPERATURE IN F: :PCPN: SNOW: WIND :SUNSHINE: SKY :PK WND
================================================================================
1 2 3 4 5 6A 6B 7 8 9 10 11 12 13 14 15 16 17 18
12Z AVG MX 2MIN
DY MAX MIN AVG DEP HDD CDD WTR SNW DPTH SPD SPD DIR MIN PSBL S-S WX SPD DR
================================================================================
1 87 73 80 -4 0 15 T 0.0 M 8.1 20 20 M M 3 8 35 350
2 88 66 77 -7 0 12 0.00 0.0 M 6.0 13 30 M M 1 18 20 40
3 89 67 78 -6 0 13 0.00 0.0 M 4.5 12 40 M M 1 18 16 340
4 90 65 78 -6 0 13 0.00 0.0 M 1.4 8 360 M M 0 18 12 30
5 88 66 77 -7 0 12 0.64 0.0 M 3.1 26 170 M M 1 138 42 170
6 94 66 80 -4 0 15 0.00 0.0 M 6.5 13 170 M M 2 1 20 170
7 97 74 86 3 0 21 0.00 0.0 M 8.9 17 190 M M 0 26 190
8 94 72 83 0 0 18 T 0.0 M 9.0 16 180 M M 3 3 25 220
9 95 81 88 5 0 23 0.00 0.0 M 10.9 20 180 M M 3 27 180
10 97 81 89 6 0 24 0.00 0.0 M 11.6 20 180 M M 0 29 220
11 98 78 88 5 0 23 0.00 0.0 M 9.7 20 180 M M 0 30 200
12 100 77 89 6 0 24 0.00 0.0 M 7.3 17 200 M M 0 25 200
13 95 70 83 0 0 18 0.17 0.0 M 4.6 28 210 M M 2 13 43 200
14 90 70 80 -3 0 15 0.04 0.0 M 2.1 13 80 M M 3 1 17 80
15 92 71 82 -1 0 17 T 0.0 M 2.9 15 140 M M 1 1 23 150
16 90 71 81 -1 0 16 0.00 0.0 M 3.4 16 110 M M 1 21 170
17 89 72 81 -1 0 16 0.00 0.0 M 5.4 16 90 M M 2 21 140
18 90 70 80 -2 0 15 T 0.0 M 5.4 17 190 M M 4 26 180
19 89 76 83 1 0 18 T 0.0 M 6.8 15 220 M M 4 23 180
20 99 77 88 6 0 23 0.00 0.0 M 9.7 17 190 M M 3 24 190
21 93 74 84 2 0 19 M 0.0 M 5.4 16 230 M M 5 138 25 260
22 97 73 85 4 0 20 T 0.0 M 4.3 15 170 M M 1 3 23 170
23 100 75 88 7 0 23 0.00 0.0 M 5.9 17 180 M M 0 26 180
24 101 71 86 5 0 21 0.00 0.0 M 7.3 18 170 M M 0 27 160
25 101 72 87 6 0 22 0.00 0.0 M 5.5 15 180 M M 0 20 160
26 99 73 86 6 0 21 0.00 0.0 M 3.5 12 120 M M 0 17 140
27 96 72 84 4 0 19 0.00 0.0 M 6.2 14 170 M M 0 22 150
28 95 72 84 4 0 19 0.00 0.0 M 6.3 16 120 M M 1 22 130
29 95 72 84 4 0 19 0.00 0.0 M 3.5 13 100 M M 1 18 50
30 95 73 84 4 0 19 0.00 0.0 M 2.3 12 170 M M 1 3 17 190
31 96 74 85 6 0 20 T 0.0 M 2.6 13 340 M M 1 13 19 340
================================================================================
SM 2919 2244 0 573 0.85 0.0 180.1 M 44
================================================================================
AV 94.2 72.4 5.8 FASTST M M 1 MAX(MPH)
MISC ----> 28 210 43 200
================================================================================
NOTES:
# LAST OF SEVERAL OCCURRENCES
COLUMN 17 PEAK WIND IN M.P.H.
PRELIMINARY LOCAL CLIMATOLOGICAL DATA (WS FORM: F-6) , PAGE 2
STATION: TULSA-RIVERSIDE OKLAHOMA
MONTH: AUGUST
YEAR: 2021
LATITUDE: 36 2 N
LONGITUDE: 95 59 W
[TEMPERATURE DATA] [PRECIPITATION DATA] SYMBOLS USED IN COLUMN 16
AVERAGE MONTHLY: 83.3 TOTAL FOR MONTH: 0.85 1 = FOG OR MIST
DPTR FM NORMAL: 1.2 DPTR FM NORMAL: -2.79 2 = FOG REDUCING VISIBILITY
HIGHEST: 101 ON 25,24 GRTST 24HR 0.64 ON 5- 5 TO 1/4 MILE OR LESS
LOWEST: 65 ON 4 3 = THUNDER
SNOW, ICE PELLETS, HAIL 4 = ICE PELLETS
TOTAL MONTH: 0.0 INCH 5 = HAIL
GRTST 24HR 0.0 6 = FREEZING RAIN OR DRIZZLE
GRTST DEPTH: M ON M 7 = DUSTSTORM OR SANDSTORM:
VSBY 1/2 MILE OR LESS
8 = SMOKE OR HAZE
[NO. OF DAYS WITH] [WEATHER - DAYS WITH] 9 = BLOWING SNOW
X = TORNADO
MAX 32 OR BELOW: 0 0.01 INCH OR MORE: 3
MAX 90 OR ABOVE: 25 0.10 INCH OR MORE: 2
MIN 32 OR BELOW: 0 0.50 INCH OR MORE: 1
MIN 0 OR BELOW: 0 1.00 INCH OR MORE: 0
[HDD (BASE 65) ]
TOTAL THIS MO. 0 CLEAR (SCALE 0-3) 26
DPTR FM NORMAL 0 PTCLDY (SCALE 4-7) 5
TOTAL FM JUL 1 0 CLOUDY (SCALE 8-10) 0
DPTR FM NORMAL 0
[CDD (BASE 65) ]
TOTAL THIS MO. 573
DPTR FM NORMAL 43 [PRESSURE DATA]
TOTAL FM JAN 1 1591 HIGHEST SLP 30.22 ON 14
DPTR FM NORMAL -185 LOWEST SLP 29.70 ON 31
[REMARKS]
#FINAL-08-21#