000
CXUS54 KFWD 010830
CF6TKI
PRELIMINARY LOCAL CLIMATOLOGICAL DATA (WS FORM: F-6)
STATION: MCKINNEY
MONTH: NOVEMBER
YEAR: 2022
LATITUDE: 33 10 N
LONGITUDE: 96 35 W
TEMPERATURE IN F: :PCPN: SNOW: WIND :SUNSHINE: SKY :PK WND
================================================================================
1 2 3 4 5 6A 6B 7 8 9 10 11 12 13 14 15 16 17 18
12Z AVG MX 2MIN
DY MAX MIN AVG DEP HDD CDD WTR SNW DPTH SPD SPD DIR MIN PSBL S-S WX SPD DR
================================================================================
1 77 49 63 3 2 0 0.00 M M 4.5 16 160 M M 0 23 170
2 73 55 64 4 1 0 0.00 M M 8.0 15 180 M M 4 1 20 140
3 78 63 71 12 0 6 0.00 M M 11.4 22 170 M M 7 1 28 160
4 74 48 61 2 4 0 1.29 M M 13.9 37 290 M M 8 138 50 310
5 63 42 53 -5 12 0 0.00 M M 8.2 16 160 M M 0 25 170
6 80 52 66 8 0 1 0.00 M M 8.8 18 170 M M 0 12 29 180
7 79 59 69 11 0 4 0.59 M M 3.3 22 190 M M 10 123 28 180
8 79 69 74 16 0 9 0.00 M M 7.1 12 130 M M 9 1 18 130
9 81 66 74 17 0 9 0.00 M M 10.4 25 180 M M 5 1 33 190
10 72 64 68 11 0 3 0.00 M M 8.1 22 170 M M 6 8 26 190
11 66 39 53 -3 12 0 1.16 M M 13.6 26 350 M M 8 13 35 350
12 51 33 42 -14 23 0 0.00 M M 7.9 16 330 M M 0 8 24 360
13 52 29 41 -15 24 0 0.00 M M 4.5 13 130 M M 0 19 140
14 42 39 41 -14 24 0 0.24 M M 8.1 16 50 M M 9 1 22 50
15 44 34 39 -16 26 0 0.00 M M 8.1 17 350 M M 7 1 22 350
16 55 30 43 -12 22 0 0.00 M M 3.1 14 330 M M 0 1 17 340
17 58 28 43 -11 22 0 0.00 M M 3.0 12 220 M M 0 15 220
18 47 34 41 -13 24 0 T M M 9.6 18 20 M M 5 4 26 20
19 45 29 37 -17 28 0 T T 0 6.2 17 10 M M 6 4 23 20
20 49 24 37 -16 28 0 T M M 4.3 10 150 M M 1 14 150
21 53 37 45 -8 20 0 T M M 4.2 12 190 M M 7 16 180
22 60 34 47 -6 18 0 0.00 M M 3.0 12 140 M M 5 16 160
23 54 41 48 -4 17 0 0.52 M M 4.6 15 140 M M 10 13 18 130
24 56 51 54 2 11 0 0.87 M M 6.8 20 350 M M 10 13 24 340
25 59 50 55 3 10 0 T M M 10.3 18 30 M M 10 1 25 30
26 55 49 52 1 13 0 1.21 M M 9.4 22 230 M M 10 1 31 240
27 62 44 53 2 12 0 0.00 M M 8.7 15 330 M M 1 20 330
28 65 35 50 -1 15 0 0.00 M M 7.8 22 170 M M 0 26 170
29 78 41 60 10 5 0 0.00 M M 16.1 32 350 M M 4 45 360
30 50 32 41 -9 24 0 0.00 M M 9.7 24 340 M M 0 33 360
================================================================================
SM 1857 1300 397 32 5.88 T 232.7 M 142
================================================================================
AV 61.9 43.3 7.8 FASTST M M 5 MAX(MPH)
MISC ----> 37 290 50 310
================================================================================
NOTES:
# LAST OF SEVERAL OCCURRENCES
COLUMN 17 PEAK WIND IN M.P.H.
PRELIMINARY LOCAL CLIMATOLOGICAL DATA (WS FORM: F-6) , PAGE 2
STATION: MCKINNEY
MONTH: NOVEMBER
YEAR: 2022
LATITUDE: 33 10 N
LONGITUDE: 96 35 W
[TEMPERATURE DATA] [PRECIPITATION DATA] SYMBOLS USED IN COLUMN 16
AVERAGE MONTHLY: 52.6 TOTAL FOR MONTH: 5.88 1 = FOG OR MIST
DPTR FM NORMAL: -2.3 DPTR FM NORMAL: 2.69 2 = FOG REDUCING VISIBILITY
HIGHEST: 81 ON 9 GRTST 24HR 1.37 ON 23-24 TO 1/4 MILE OR LESS
LOWEST: 24 ON 20 3 = THUNDER
SNOW, ICE PELLETS, HAIL 4 = ICE PELLETS
TOTAL MONTH: T 5 = HAIL
GRTST 24HR T ON 19-19 6 = FREEZING RAIN OR DRIZZLE
GRTST DEPTH: 0 7 = DUSTSTORM OR SANDSTORM:
VSBY 1/2 MILE OR LESS
8 = SMOKE OR HAZE
[NO. OF DAYS WITH] [WEATHER - DAYS WITH] 9 = BLOWING SNOW
X = TORNADO
MAX 32 OR BELOW: 0 0.01 INCH OR MORE: 7
MAX 90 OR ABOVE: 0 0.10 INCH OR MORE: 7
MIN 32 OR BELOW: 6 0.50 INCH OR MORE: 6
MIN 0 OR BELOW: 0 1.00 INCH OR MORE: 3
[HDD (BASE 65) ]
TOTAL THIS MO. 397 CLEAR (SCALE 0-3) 11
DPTR FM NORMAL 76 PTCLDY (SCALE 4-7) 11
TOTAL FM JUL 1 479 CLOUDY (SCALE 8-10) 8
DPTR FM NORMAL 64
[CDD (BASE 65) ]
TOTAL THIS MO. 32
DPTR FM NORMAL 12 [PRESSURE DATA]
TOTAL FM JAN 1 2918 HIGHEST SLP 30.56 ON 16
DPTR FM NORMAL 390 LOWEST SLP 29.62 ON 4
[REMARKS]
#FINAL-11-22#