000
CXUS55 KCYS 301000
CF6CYS
PRELIMINARY LOCAL CLIMATOLOGICAL DATA (WS FORM: F-6)

                                          STATION:   CHEYENNE WYOMING AIRPORT
                                          MONTH:     JULY
                                          YEAR:      2016
                                          LATITUDE:   41  9 N
                                          LONGITUDE: 104 49 W

  TEMPERATURE IN F:       :PCPN:    SNOW:  WIND      :SUNSHINE: SKY     :PK WND
================================================================================
1   2   3   4   5  6A  6B    7    8   9   10  11  12  13   14  15   16   17  18
                                     12Z  AVG MX 2MIN
DY MAX MIN AVG DEP HDD CDD  WTR  SNW DPTH SPD SPD DIR MIN PSBL S-S WX    SPD DR
================================================================================

 1  74  57  66  -1   0   1 0.45  0.0    0  8.8 20 280   M    M   5 13     25 270
 2  78  53  66  -2   0   1 0.00  0.0    0  8.1 17 280   M    M   1        22 280
 3  87  55  71   3   0   6 0.00  0.0    0 13.6 26 290   M    M   1        38 300
 4  88  63  76   8   0  11    T  0.0    0 15.9 38 280   M    M   1 3      43 280
 5  85  60  73   5   0   8 0.02  0.0    0 12.9 32 270   M    M   2 3      40 280
 6  91  56  74   6   0   9 0.00  0.0    0 13.3 30 260   M    M   0        45 250
 7  80  56  68  -1   0   3 0.01  0.0    0  8.4 22 360   M    M   1        28 360
 8  89  53  71   2   0   6 0.06  0.0    0 10.4 33 140   M    M   1 3      62 160
 9  96  54  75   6   0  10    T  0.0    0  8.7 24 170   M    M   0 3      31 160
10  92  59  76   7   0  11 0.00  0.0    0 10.8 23 200   M    M   0        29 210
11  81  53  67  -2   0   2 0.00  0.0    0 19.3 43 260   M    M   0        57 250
12  87  45  66  -4   0   1 0.00  0.0    0 10.4 28 280   M    M   0 8      35 290
13  87  54  71   1   0   6 0.00  0.0    0 11.0 25 260   M    M   0        35 220
14  81  53  67  -3   0   2 0.00  0.0    0 10.3 21 160   M    M   1        26 160
15  70  54  62  -8   3   0 0.00  0.0    0 13.2 24  80   M    M   3        31  50
16  88  56  72   2   0   7    T  0.0    0  9.8 33 210   M    M   1 3      43 210
17  84  57  71   1   0   6 0.00  0.0    0 12.1 32  30   M    M   2 3      43  20
18  89  57  73   3   0   8    T  0.0    0 12.0 30 230   M    M   0 3      38 240
19  88  58  73   3   0   8 0.02  0.0    0  8.0 21 260   M    M   2 3      28 250
20  92  60  76   6   0  11    T  0.0    0 10.9 23 280   M    M   2        30 280
21  92  59  76   6   0  11 0.00  0.0    0  9.6 20  20   M    M   1        26  20
22  89  66  78   8   0  13 0.02  0.0    0  6.7 22 190   M    M   2 3      29 200
23  93  64  79   9   0  14    T  0.0    0 11.6 30 250   M    M   2 3      50 270
24  83  59  71   1   0   6 0.07  0.0    0 12.2 23 350   M    M   1 3      36 350
25  89  54  72   2   0   7 0.00  0.0    0 11.4 21 130   M    M   0        26 150
26  91  55  73   3   0   8 0.08  0.0    0  8.1 18 100   M    M   0 3      24 290
27  85  56  71   1   0   6 0.01  0.0    0  7.2 17 290   M    M   1 3      25 350
28  76  57  67  -3   0   2 0.04  0.0    0  7.5 21  50   M    M   3 123    30  50
29  80  57  69  -1   0   4 0.30  0.0    0 10.9 33  60   M    M   1 13     45  60
================================================================================
SM 2485 1640         3 188  1.08     0.0 313.1          M       34
================================================================================
AV 85.7 56.6                              10.8 FASTST   M    M   1    MAX(MPH)
                                 MISC ---->  # 43 260               # 62  160
================================================================================
NOTES:
# LAST OF SEVERAL OCCURRENCES

COLUMN 17 PEAK WIND IN M.P.H.

PRELIMINARY LOCAL CLIMATOLOGICAL DATA (WS FORM: F-6) , PAGE 2

                                          STATION:  CHEYENNE WYOMING AIRPORT
                                          MONTH:    JULY
                                          YEAR:     2016
                                          LATITUDE:   41  9 N
                                          LONGITUDE: 104 49 W

[TEMPERATURE DATA]      [PRECIPITATION DATA]       SYMBOLS USED IN COLUMN 16

AVERAGE MONTHLY: 71.1   TOTAL FOR MONTH:   1.08    1 = FOG OR MIST
DPTR FM NORMAL:   1.7   DPTR FM NORMAL:   -0.96    2 = FOG REDUCING VISIBILITY
HIGHEST:    96 ON  9    GRTST 24HR  0.45 ON 30- 1      TO 1/4 MILE OR LESS
LOWEST:     45 ON 12                               3 = THUNDER
                        SNOW, ICE PELLETS, HAIL    4 = ICE PELLETS
                        TOTAL MONTH:   0.0 INCH    5 = HAIL
                        GRTST 24HR     0.0         6 = FREEZING RAIN OR DRIZZLE
                        GRTST DEPTH:   0           7 = DUSTSTORM OR SANDSTORM:
                                                       VSBY 1/2 MILE OR LESS
                                                   8 = SMOKE OR HAZE
[NO. OF DAYS WITH]      [WEATHER - DAYS WITH]      9 = BLOWING SNOW
                                                   X = TORNADO
MAX 32 OR BELOW:   0    0.01 INCH OR MORE:  11
MAX 90 OR ABOVE:   7    0.10 INCH OR MORE:   2
MIN 32 OR BELOW:   0    0.50 INCH OR MORE:   0
MIN  0 OR BELOW:   0    1.00 INCH OR MORE:   0

[HDD (BASE 65) ]
TOTAL THIS MO.     3    CLEAR  (SCALE 0-3)  27
DPTR FM NORMAL   -26    PTCLDY (SCALE 4-7)   2
TOTAL FM JUL 1     3    CLOUDY (SCALE 8-10)  0
DPTR FM NORMAL   -26

[CDD (BASE 65) ]
TOTAL THIS MO.   188
DPTR FM NORMAL    35    [PRESSURE DATA]
TOTAL FM JAN 1   290    HIGHEST SLP M ON M
DPTR FM NORMAL    87    LOWEST  SLP 29.44 ON 10

[REMARKS]
