000
CXUS51 KPHI 290800
CF6ILG
PRELIMINARY LOCAL CLIMATOLOGICAL DATA (WS FORM: F-6)

                                          STATION:   WILMINGTON DE
                                          MONTH:     JANUARY
                                          YEAR:      2015
                                          LATITUDE:   39 40 N
                                          LONGITUDE:  75 36 W

  TEMPERATURE IN F:       :PCPN:    SNOW:  WIND      :SUNSHINE: SKY     :PK WND
================================================================================
1   2   3   4   5  6A  6B    7    8   9   10  11  12  13   14  15   16   17  18
                                     12Z  AVG MX 2MIN
DY MAX MIN AVG DEP HDD CDD  WTR  SNW DPTH SPD SPD DIR MIN PSBL S-S WX    SPD DR
================================================================================

 1  42  23  33   0  32   0 0.00  0.0    0 10.5 24 260   M    M   0        32 250
 2  43  27  35   2  30   0 0.00  0.0    0  5.9 18 290   M    M   0        23 280
 3  43  24  34   1  31   0 0.57  0.0    0  6.2 15  70   M    M   7 18     18  60
 4  62  41  52  19  13   0 0.33  0.0    0  9.3 32 290   M    M   8 12     41 290
 5  49  24  37   4  28   0    T  0.0    0 17.2 36 290   M    M   3        43 290
 6  26  14  20 -12  45   0 0.15  1.8    0  3.8 13 330   M    M   6 128    16 330
 7  24  12  18 -14  47   0    T    M    0 14.6 31 310   M    M   1 18     41 300
 8  20   8  14 -18  51   0 0.00  0.0    1 11.1 29 320   M    M   0        36 330
 9  36  20  28  -4  37   0 0.01    T    T 11.9 24 270   M    M   4        34 280
10  23  11  17 -15  48   0 0.00  0.0    0  9.4 22 290   M    M   0        27 290
11  41  11  26  -6  39   0 0.00  0.0    0  4.7 15 190   M    M   1        19 220
12  38  33  36   4  29   0 0.71  0.0    0  3.4 10 350   M    M  10 1      14 350
13  38  23  31  -1  34   0    T  0.0    0 12.5 23  20   M    M   3        30 360
14  33  21  27  -5  38   0 0.00  0.0    0  9.7 15  40   M    M   9        19  50
15  37  27  32   0  33   0 0.00  0.0    0  7.1 15 310   M    M   5        19 270
16  45  24  35   3  30   0 0.00  0.0    0 12.2 28 310   M    M   2        34 290
17  32  17  25  -7  40   0 0.00  0.0    0  8.1 16 160   M    M   0        21 160
18  43  27  35   3  30   0 1.67  0.0    0  5.2 16 300   M    M   7 1      21 290
19  45  30  38   6  27   0    T  0.0    0 10.1 24 280   M    M   7 1      31 280
20  46  27  37   5  28   0 0.00  0.0    0  4.8 13 340   M    M   3 18     16 330
21  34  25  30  -2  35   0 0.08  1.1    0  4.3 14  50   M    M   7 18     16  50
22  41  28  35   3  30   0 0.01    T    1  6.5 18 320   M    M   9 18     22 320
23  41  25  33   1  32   0 0.23  0.3    0  5.2 13 230   M    M   3 18     16 210
24  38  33  36   4  29   0 0.65    T    0 11.0 22 300   M    M   7 18     28 300
25  49  32  41   9  24   0    T  0.0    0 10.0 21 290   M    M   6        26 300
26  35  28  32   0  33   0 0.04  0.5    T 17.7 29  40   M    M  10 1      36  40
27  34  22  28  -4  37   0    T    T    1 15.7 24 330   M    M   5 8      34 330
28  34  19  27  -6  38   0 0.00  0.0    0 13.3 23 310   M    M   0        31 320
================================================================================
SM 1072  656       948   0  4.45     3.7 261.4          M      123
================================================================================
AV 38.3 23.4                               9.3 FASTST   M    M   4    MAX(MPH)
                                 MISC ---->  # 36 290               # 43  290
================================================================================
NOTES:
# LAST OF SEVERAL OCCURRENCES

COLUMN 17 PEAK WIND IN M.P.H.

PRELIMINARY LOCAL CLIMATOLOGICAL DATA (WS FORM: F-6) , PAGE 2

                                          STATION:  WILMINGTON DE
                                          MONTH:    JANUARY
                                          YEAR:     2015
                                          LATITUDE:   39 40 N
                                          LONGITUDE:  75 36 W

[TEMPERATURE DATA]      [PRECIPITATION DATA]       SYMBOLS USED IN COLUMN 16

AVERAGE MONTHLY: 30.9   TOTAL FOR MONTH:   4.45    1 = FOG OR MIST
DPTR FM NORMAL:  -1.4   DPTR FM NORMAL:    1.75    2 = FOG REDUCING VISIBILITY
HIGHEST:    62 ON  4    GRTST 24HR  1.67 ON 18-18      TO 1/4 MILE OR LESS
LOWEST:      8 ON  8                               3 = THUNDER
                        SNOW, ICE PELLETS, HAIL    4 = ICE PELLETS
                        TOTAL MONTH:   3.7 INCHES  5 = HAIL
                        GRTST 24HR   1.8 ON   M    6 = FREEZING RAIN OR DRIZZLE
                        GRTST DEPTH:   1 ON 27,22  7 = DUSTSTORM OR SANDSTORM:
                                                       VSBY 1/2 MILE OR LESS
                                                   8 = SMOKE OR HAZE
[NO. OF DAYS WITH]      [WEATHER - DAYS WITH]      9 = BLOWING SNOW
                                                   X = TORNADO
MAX 32 OR BELOW:   5    0.01 INCH OR MORE:  11
MAX 90 OR ABOVE:   0    0.10 INCH OR MORE:   7
MIN 32 OR BELOW:  25    0.50 INCH OR MORE:   4
MIN  0 OR BELOW:   0    1.00 INCH OR MORE:   1

[HDD (BASE 65) ]
TOTAL THIS MO.   948    CLEAR  (SCALE 0-3)  12
DPTR FM NORMAL    32    PTCLDY (SCALE 4-7)  11
TOTAL FM JUL 1  2602    CLOUDY (SCALE 8-10)  5
DPTR FM NORMAL   -91

[CDD (BASE 65) ]
TOTAL THIS MO.     0
DPTR FM NORMAL     0    [PRESSURE DATA]
TOTAL FM JAN 1     0    HIGHEST SLP M ON M
DPTR FM NORMAL     0    LOWEST  SLP 29.26 ON 24

[REMARKS]
