000
CXUS54 KLZK 211130
CF6LRF
PRELIMINARY LOCAL CLIMATOLOGICAL DATA (WS FORM: F-6)

                                          STATION:   Jacksonville/Little Rock AFB
                                          MONTH:     FEBRUARY
                                          YEAR:      2017
                                          LATITUDE:   34 55 N
                                          LONGITUDE:  92  9 W

  TEMPERATURE IN F:       :PCPN:    SNOW:  WIND      :SUNSHINE: SKY     :PK WND
================================================================================
1   2   3   4   5  6A  6B    7    8   9   10  11  12  13   14  15   16   17  18
                                     12Z  AVG MX 2MIN
DY MAX MIN AVG DEP HDD CDD  WTR  SNW DPTH SPD SPD DIR MIN PSBL S-S WX    SPD DR
================================================================================

 1  66  40  53  11  12   0 0.00  0.0    0  7.7 17  70   M    M   4        21  60
 2  52  38  45   3  20   0 0.02  0.0    0 11.3 17  60   M    M   7        24  50
 3  48  30  39  -3  26   0 0.00  0.0    0  7.3 12  50   M    M   4 8      17  50
 4  42  24  33 -10  32   0    T  0.0    0  5.0  9 220   M    M   4         M  M
 5  58  40  49   6  16   0 0.00  0.0    0  4.5  9 160   M    M   5 1       M  M
 6  74  51  63  20   2   0 0.01  0.0    0  7.2 17 200   M    M  10 12     32 210
 7  80  53  67  24   0   2 2.46  0.0    0  8.6 15 270   M    M   6 13     32 240
 8  74  35  55  11  10   0 0.00  0.0    0  7.0 18 340   M    M   0        25 340
 9  47  30  39  -5  26   0 0.00  0.0    0  3.7  8  90   M    M   0         M  M
10  71  29  50   6  15   0 0.00  0.0    0  8.1 22 220   M    M   0        31 210
11  79  58  69  25   0   4 0.00  0.0    0  9.6 22 210   M    M   6        36 240
12  71  52  62  17   3   0 0.00  0.0    0  6.8 17  50   M    M   1 12     22 360
13  58  41  50   5  15   0    T    M    0  8.3 13  60   M    M   1         M  M
14  50  40  45   0  20   0 0.85    M    0  6.8 13  80   M    M   9 1       M  M
15  57  34  46   1  19   0 0.00  0.0    0  6.0 13 350   M    M   2         M  M
16  65  29  47   1  18   0 0.00  0.0    0  4.0 13 190   M    M   0 8      18 220
17  70  32  51   5  14   0    T    M    0  4.4 13 180   M    M   3        21 180
18  67  47  57  11   8   0 0.00  0.0    0  3.4  8 200   M    M   5         M  M
19  76  44  60  14   5   0 0.00  0.0    0  3.1  9 110   M    M   4 12      M  M
20  79  51  65  18   0   0 1.70  0.0    0  5.7 13 150   M    M   5 1      22 150
================================================================================
SM 1284  798       261   6  5.04     0.0 128.5          M       76
================================================================================
AV 64.2 39.9                               6.4 FASTST   M    M   4    MAX(MPH)
                                 MISC ---->    22   M                 36    M
================================================================================
NOTES:
# LAST OF SEVERAL OCCURRENCES

COLUMN 17 PEAK WIND IN M.P.H.

PRELIMINARY LOCAL CLIMATOLOGICAL DATA (WS FORM: F-6) , PAGE 2

                                          STATION:  Jacksonville/Little Rock AFB
                                          MONTH:    FEBRUARY
                                          YEAR:     2017
                                          LATITUDE:   34 55 N
                                          LONGITUDE:  92  9 W

[TEMPERATURE DATA]      [PRECIPITATION DATA]       SYMBOLS USED IN COLUMN 16

AVERAGE MONTHLY: 52.1   TOTAL FOR MONTH:   5.04    1 = FOG OR MIST
DPTR FM NORMAL:   7.8   DPTR FM NORMAL:    2.78    2 = FOG REDUCING VISIBILITY
HIGHEST:    80 ON  7    GRTST 24HR  2.46 ON  7- 7      TO 1/4 MILE OR LESS
LOWEST:     24 ON  4                               3 = THUNDER
                        SNOW, ICE PELLETS, HAIL    4 = ICE PELLETS
                        TOTAL MONTH:   0.0 INCH    5 = HAIL
                        GRTST 24HR     0.0         6 = FREEZING RAIN OR DRIZZLE
                        GRTST DEPTH:   0           7 = DUSTSTORM OR SANDSTORM:
                                                       VSBY 1/2 MILE OR LESS
                                                   8 = SMOKE OR HAZE
[NO. OF DAYS WITH]      [WEATHER - DAYS WITH]      9 = BLOWING SNOW
                                                   X = TORNADO
MAX 32 OR BELOW:   0    0.01 INCH OR MORE:   5
MAX 90 OR ABOVE:   0    0.10 INCH OR MORE:   3
MIN 32 OR BELOW:   6    0.50 INCH OR MORE:   3
MIN  0 OR BELOW:   0    1.00 INCH OR MORE:   2

[HDD (BASE 65) ]
TOTAL THIS MO.   261    CLEAR  (SCALE 0-3)   8
DPTR FM NORMAL  -162    PTCLDY (SCALE 4-7)  10
TOTAL FM JUL 1  1754    CLOUDY (SCALE 8-10)  2
DPTR FM NORMAL  -716

[CDD (BASE 65) ]
TOTAL THIS MO.     6
DPTR FM NORMAL     6    [PRESSURE DATA]
TOTAL FM JAN 1     7    HIGHEST SLP M ON M
DPTR FM NORMAL     7    LOWEST  SLP M ON M

[REMARKS]
