000
CXUS53 KARX 280930
CF6ONA
PRELIMINARY LOCAL CLIMATOLOGICAL DATA (WS FORM: F-6)

                                          STATION:   WINONA_MUNI_(AWOS) MN
                                          MONTH:     APRIL
                                          YEAR:      2016
                                          LATITUDE:   44  4 N
                                          LONGITUDE:  91 42 W

  TEMPERATURE IN F:       :PCPN:    SNOW:  WIND      :SUNSHINE: SKY     :PK WND
================================================================================
1   2   3   4   5  6A  6B    7    8   9   10  11  12  13   14  15   16   17  18
                                     12Z  AVG MX 2MIN
DY MAX MIN AVG DEP HDD CDD  WTR  SNW DPTH SPD SPD DIR MIN PSBL S-S WX    SPD DR
================================================================================

 1  43  34  39   M  26   0 0.01  0.0    0  9.4 20 310   M    M   6 1      30 330
 2  36  32  34   M  31   0    M    M    0 13.5 32 320   M    M   6        50 320
 3  72  34  53   M  12   0 0.00  0.0    0  9.4 22 320   M    M   3        31 320
 4  41  30  36   M  29   0 0.00  0.0    0  6.5 10 340   M    M   5        16 350
 5  37  30  34   M  31   0 0.05    M    0  7.3 18 140   M    M   6        25 140
 6  48  36  42   M  23   0 0.06  0.0    0  8.5 17 320   M    M  10 1      25 330
 7  43  34  39   M  26   0 0.02  0.0    0  7.1 13 320   M    M  10        22 360
 8  39  30  35   M  30   0    T  0.0    0 15.5 25 320   M    M   7        35 320
 9  41  23  32   M  33   0 0.00  0.0    0  6.2 14 150   M    M   1        21 160
10  59  36  48   M  17   0 0.00  0.0    0  9.4 20 320   M    M   2        27 320
11  45  34  40   M  25   0 0.00  0.0    0 13.2 22 320   M    M   3        32 310
12  50  27  39   M  26   0 0.00  0.0    0  3.9  9 150   M    M   4         M  M
13  66  43  55   M  10   0    T  0.0    0  8.7 14 200   M    M   4        18 200
14  73  43  58   M   7   0 0.00  0.0    0  7.0 13 210   M    M   1        20 180
15  73  48  61   M   4   0 0.00  0.0    0  8.7 17 140   M    M   0        22 150
16  81  54  68   M   0   3 0.00  0.0    0  6.4 13 160   M    M   3        20 160
17  79  55  67   M   0   2 0.00  0.0    0  4.9 10 160   M    M   5         M  M
18  81  52  67   M   0   2    M  0.0    0  2.8 10 240   M    M   3        17 240
19  61  48  55   M  10   0 0.17  0.0    0  7.4 15 120   M    M   9        16 130
20  70  48  59   M   6   0 0.07  0.0    0  6.1 12 140   M    M   7 1      16 130
21  72  54  63   M   2   0 0.00  0.0    0  4.4 14 320   M    M   3 1      22 320
22  61  43  52   M  13   0 0.00  0.0    0  4.2  9  20   M    M   5        17 360
23  70  41  56   M   9   0 0.00  0.0    0  4.7 12 150   M    M   4        17 180
24  63  54  59   M   6   0 0.01  0.0    0  8.9 14 120   M    M   6        18 130
25  73  52  63   M   2   0 0.00  0.0    0  8.5 12 310   M    M   7        23 260
26  52  45  49   M  16   0 0.00  0.0    0  8.4 14 110   M    M   9        23  80
27  55  41  48   M  17   0 0.24  0.0    0 12.3 20 100   M    M   5        29 110
================================================================================
SM 1584 1101       411   7  0.63     0.0 213.3          M      134
================================================================================
AV 58.7 40.8                               7.9 FASTST   M    M   5    MAX(MPH)
                                 MISC ---->    32   M               # 50  320
================================================================================
NOTES:
# LAST OF SEVERAL OCCURRENCES

COLUMN 17 PEAK WIND IN M.P.H.

PRELIMINARY LOCAL CLIMATOLOGICAL DATA (WS FORM: F-6) , PAGE 2

                                          STATION:  WINONA_MUNI_(AWOS) MN
                                          MONTH:    APRIL
                                          YEAR:     2016
                                          LATITUDE:   44  4 N
                                          LONGITUDE:  91 42 W

[TEMPERATURE DATA]      [PRECIPITATION DATA]       SYMBOLS USED IN COLUMN 16

AVERAGE MONTHLY: 49.7   TOTAL FOR MONTH:   0.63    1 = FOG OR MIST
DPTR FM NORMAL:     M   DPTR FM NORMAL:       M    2 = FOG REDUCING VISIBILITY
HIGHEST:    81 ON 18,16 GRTST 24HR  0.24 ON 27-27      TO 1/4 MILE OR LESS
LOWEST:     23 ON  9                               3 = THUNDER
                        SNOW, ICE PELLETS, HAIL    4 = ICE PELLETS
                        TOTAL MONTH:   0.0 INCH    5 = HAIL
                        GRTST 24HR     0.0         6 = FREEZING RAIN OR DRIZZLE
                        GRTST DEPTH:   0           7 = DUSTSTORM OR SANDSTORM:
                                                       VSBY 1/2 MILE OR LESS
                                                   8 = SMOKE OR HAZE
[NO. OF DAYS WITH]      [WEATHER - DAYS WITH]      9 = BLOWING SNOW
                                                   X = TORNADO
MAX 32 OR BELOW:   0    0.01 INCH OR MORE:   8
MAX 90 OR ABOVE:   0    0.10 INCH OR MORE:   2
MIN 32 OR BELOW:   6    0.50 INCH OR MORE:   0
MIN  0 OR BELOW:   0    1.00 INCH OR MORE:   0

[HDD (BASE 65) ]
TOTAL THIS MO.   411    CLEAR  (SCALE 0-3)   6
DPTR FM NORMAL     M    PTCLDY (SCALE 4-7)  17
TOTAL FM JUL 1  5547    CLOUDY (SCALE 8-10)  4
DPTR FM NORMAL     M

[CDD (BASE 65) ]
TOTAL THIS MO.     7
DPTR FM NORMAL     M    [PRESSURE DATA]
TOTAL FM JAN 1     7    HIGHEST SLP M ON M
DPTR FM NORMAL     M    LOWEST  SLP M ON M

[REMARKS]
