000
CXUS53 KARX 220930
CF6ONA
PRELIMINARY LOCAL CLIMATOLOGICAL DATA (WS FORM: F-6)

                                          STATION:   WINONA_MUNI_(AWOS) MN
                                          MONTH:     FEBRUARY
                                          YEAR:      2017
                                          LATITUDE:   44  4 N
                                          LONGITUDE:  91 42 W

  TEMPERATURE IN F:       :PCPN:    SNOW:  WIND      :SUNSHINE: SKY     :PK WND
================================================================================
1   2   3   4   5  6A  6B    7    8   9   10  11  12  13   14  15   16   17  18
                                     12Z  AVG MX 2MIN
DY MAX MIN AVG DEP HDD CDD  WTR  SNW DPTH SPD SPD DIR MIN PSBL S-S WX    SPD DR
================================================================================

 1  32   9  21   M  44   0 0.02    M    2  8.3 14 340   M    M   4        23 350
 2  19  10  15   M  50   0 0.00  0.0    2  9.2 16 310   M    M   0        21 310
 3  23   7  15   M  50   0 0.00  0.0    2  5.7 10 300   M    M   0        17 310
 4  34   5  20   M  45   0 0.00  0.0    2  4.3 12 190   M    M   4        22 190
 5  34  18  26   M  39   0 0.00  0.0    2  6.5 17 320   M    M   4        24 330
 6  37  14  26   M  39   0 0.00  0.0    2  3.2  9 130   M    M   3         M  M
 7  36  21  29   M  36   0 0.00  0.0    2  9.4 17 310   M    M  10 1      25 310
 8  21  12  17   M  48   0 0.00  0.0    2 11.2 20 330   M    M   3        25 330
 9  21   9  15   M  50   0 0.00  0.0    M  6.9 12 290   M    M   1        16 300
10  39  21  30   M  35   0 0.00  0.0    M  5.3  9 190   M    M   0         M  M
11  46  34  40   M  25   0 0.00  0.0    M  1.1  6 350   M    M   7         M  M
12  39  30  35   M  30   0 0.01    M    M 10.4 21 310   M    M   3        29 310
13  45  21  33   M  32   0 0.00  0.0    M  3.9 14 220   M    M   0        27 240
14  43  30  37   M  28   0 0.00  0.0    M 10.2 17 330   M    M   2        29 300
15  34  23  29   M  36   0 0.00  0.0    M  7.3 14 320   M    M   1        20 320
16  41  23  32   M  33   0 0.00  0.0    0  4.6 10 140   M    M   0         M  M
17  59  30  45   M  20   0 0.00  0.0    0  4.0  8 180   M    M   0 8       M  M
18  57  34  46   M  19   0 0.00  0.0    0  4.0 10 300   M    M   0         M  M
19  59  28  44   M  21   0 0.00  0.0    0  3.0  9 120   M    M   0         M  M
20  55  43  49   M  16   0 0.67  0.0    0  5.3 14 130   M    M   6         M  M
21  61  34  48   M  17   0 0.00  0.0    0  4.5 16 280   M    M   3 1      24 280
================================================================================
SM  835  456       713   0  0.70     0.0 128.3          M       51
================================================================================
AV 39.8 21.7                               6.1 FASTST   M    M   2    MAX(MPH)
                                 MISC ---->    21   M                 29    M
================================================================================
NOTES:
# LAST OF SEVERAL OCCURRENCES

COLUMN 17 PEAK WIND IN M.P.H.

PRELIMINARY LOCAL CLIMATOLOGICAL DATA (WS FORM: F-6) , PAGE 2

                                          STATION:  WINONA_MUNI_(AWOS) MN
                                          MONTH:    FEBRUARY
                                          YEAR:     2017
                                          LATITUDE:   44  4 N
                                          LONGITUDE:  91 42 W

[TEMPERATURE DATA]      [PRECIPITATION DATA]       SYMBOLS USED IN COLUMN 16

AVERAGE MONTHLY: 30.7   TOTAL FOR MONTH:   0.70    1 = FOG OR MIST
DPTR FM NORMAL:     M   DPTR FM NORMAL:       M    2 = FOG REDUCING VISIBILITY
HIGHEST:    61 ON 21    GRTST 24HR  0.67 ON 20-20      TO 1/4 MILE OR LESS
LOWEST:      5 ON  4                               3 = THUNDER
                        SNOW, ICE PELLETS, HAIL    4 = ICE PELLETS
                        TOTAL MONTH:   0.0 INCH    5 = HAIL
                        GRTST 24HR     0.0         6 = FREEZING RAIN OR DRIZZLE
                        GRTST DEPTH:   2 ON  8, 7  7 = DUSTSTORM OR SANDSTORM:
                                                       VSBY 1/2 MILE OR LESS
                                                   8 = SMOKE OR HAZE
[NO. OF DAYS WITH]      [WEATHER - DAYS WITH]      9 = BLOWING SNOW
                                                   X = TORNADO
MAX 32 OR BELOW:   5    0.01 INCH OR MORE:   3
MAX 90 OR ABOVE:   0    0.10 INCH OR MORE:   1
MIN 32 OR BELOW:  17    0.50 INCH OR MORE:   1
MIN  0 OR BELOW:   0    1.00 INCH OR MORE:   0

[HDD (BASE 65) ]
TOTAL THIS MO.   713    CLEAR  (SCALE 0-3)  13
DPTR FM NORMAL     M    PTCLDY (SCALE 4-7)   7
TOTAL FM JUL 1  4359    CLOUDY (SCALE 8-10)  1
DPTR FM NORMAL     M

[CDD (BASE 65) ]
TOTAL THIS MO.     0
DPTR FM NORMAL     M    [PRESSURE DATA]
TOTAL FM JAN 1     0    HIGHEST SLP M ON M
DPTR FM NORMAL     M    LOWEST  SLP M ON M

[REMARKS]
