000
CXUS53 KARX 270930
CF6ONA
PRELIMINARY LOCAL CLIMATOLOGICAL DATA (WS FORM: F-6)

                                          STATION:   WINONA_MUNI_(AWOS) MN
                                          MONTH:     MAY
                                          YEAR:      2016
                                          LATITUDE:   44  4 N
                                          LONGITUDE:  91 42 W

  TEMPERATURE IN F:       :PCPN:    SNOW:  WIND      :SUNSHINE: SKY     :PK WND
================================================================================
1   2   3   4   5  6A  6B    7    8   9   10  11  12  13   14  15   16   17  18
                                     12Z  AVG MX 2MIN
DY MAX MIN AVG DEP HDD CDD  WTR  SNW DPTH SPD SPD DIR MIN PSBL S-S WX    SPD DR
================================================================================

 1  59  43  51   M  14   0 0.00  0.0    0  4.3 12 120   M    M   9        16 110
 2  66  37  52   M  13   0 0.00  0.0    0  0.7  6 280   M    M   3 1       M  M
 3  70  41  56   M   9   0    T  0.0    0  5.4 15 290   M    M   3 3      27 290
 4  66  46  56   M   9   0 0.00  0.0    0  8.6 16 330   M    M   1        27 350
 5  72  36  54   M  11   0 0.00  0.0    0  1.7  6  90   M    M   1         M  M
 6  90  46  68   M   0   3 0.00  0.0    0  4.7 12 250   M    M   0 3      20 250
 7  73  46  60   M   5   0 0.00  0.0    0  7.0 12 320   M    M   1 38     20 320
 8  73  37  55   M  10   0 0.00  0.0    0  1.7  6 350   M    M   0 8       M  M
 9  66  48  57   M   8   0 0.05  0.0    0 11.5 23 130   M    M   6 3      30 130
10  55  48  52   M  13   0 0.29  0.0    0  8.2 12 110   M    M  10        18 120
11  59  48  54   M  11   0 0.14  0.0    0  4.1  8 110   M    M  10 1       M  M
12  61  54  58   M   7   0 0.01  0.0    0  7.4 14 300   M    M   8 1      23 280
13  52  41  47   M  18   0 0.17  0.0    0  8.0 17 330   M    M   7        23 330
14  48  36  42   M  23   0 0.00  0.0    0  9.2 20 330   M    M   7        25 320
15  63  30  47   M  18   0 0.00  0.0    0  4.2 15 290   M    M   2        22 290
16  70  50  60   M   5   0    T  0.0    0  4.8  9 350   0    M   3         M  M
17  63  41  52   M  13   0 0.00  0.0    0  4.0  9  50   M    M   1         M  M
18  70  36  53   M  12   0 0.00  0.0    0  1.6  8 330   M    M   1 8       M  M
19  73  41  57   M   8   0 0.00  0.0    0  2.5  7 160   M    M   1         M  M
20  77  48  63   M   2   0 0.00  0.0    0  2.4 12 120   M    M   3         M  M
21  79  45  62   M   3   0 0.00  0.0    0  1.4  6 110   M    M   1         M  M
22  84  46  65   M   0   0 0.00  0.0    0  2.0  7 180   M    M   0         M  M
23  86  55  71   M   0   6 0.03  0.0    0  5.4 12 210   M    M   2        23 180
24  82  63  73   M   0   8 0.09  0.0    0  2.6  7 310   M    M   4         M  M
25  77  61  69   M   0   4 0.34  0.0    0  2.1  9 230   M    M   4 13      M  M
26  81  59  70   M   0   5 0.42  0.0    0  4.3 15 300   M    M   3 13     24 300
================================================================================
SM 1815 1182       212  26  1.54     0.0 119.8            0     91
================================================================================
AV 69.8 45.5                               4.6 FASTST    0   M   4    MAX(MPH)
                                 MISC ---->  # 23 130                 30    M
================================================================================
NOTES:
# LAST OF SEVERAL OCCURRENCES

COLUMN 17 PEAK WIND IN M.P.H.

PRELIMINARY LOCAL CLIMATOLOGICAL DATA (WS FORM: F-6) , PAGE 2

                                          STATION:  WINONA_MUNI_(AWOS) MN
                                          MONTH:    MAY
                                          YEAR:     2016
                                          LATITUDE:   44  4 N
                                          LONGITUDE:  91 42 W

[TEMPERATURE DATA]      [PRECIPITATION DATA]       SYMBOLS USED IN COLUMN 16

AVERAGE MONTHLY: 57.6   TOTAL FOR MONTH:   1.54    1 = FOG OR MIST
DPTR FM NORMAL:     M   DPTR FM NORMAL:       M    2 = FOG REDUCING VISIBILITY
HIGHEST:    90 ON  6    GRTST 24HR  0.42 ON 26-26      TO 1/4 MILE OR LESS
LOWEST:     30 ON 15                               3 = THUNDER
                        SNOW, ICE PELLETS, HAIL    4 = ICE PELLETS
                        TOTAL MONTH:   0.0 INCH    5 = HAIL
                        GRTST 24HR     0.0         6 = FREEZING RAIN OR DRIZZLE
                        GRTST DEPTH:   0           7 = DUSTSTORM OR SANDSTORM:
                                                       VSBY 1/2 MILE OR LESS
                                                   8 = SMOKE OR HAZE
[NO. OF DAYS WITH]      [WEATHER - DAYS WITH]      9 = BLOWING SNOW
                                                   X = TORNADO
MAX 32 OR BELOW:   0    0.01 INCH OR MORE:   9
MAX 90 OR ABOVE:   1    0.10 INCH OR MORE:   5
MIN 32 OR BELOW:   1    0.50 INCH OR MORE:   0
MIN  0 OR BELOW:   0    1.00 INCH OR MORE:   0

[HDD (BASE 65) ]
TOTAL THIS MO.   212    CLEAR  (SCALE 0-3)  15
DPTR FM NORMAL     M    PTCLDY (SCALE 4-7)   8
TOTAL FM JUL 1  5822    CLOUDY (SCALE 8-10)  3
DPTR FM NORMAL     M

[CDD (BASE 65) ]
TOTAL THIS MO.    26
DPTR FM NORMAL     M    [PRESSURE DATA]
TOTAL FM JAN 1    33    HIGHEST SLP M ON M
DPTR FM NORMAL     M    LOWEST  SLP M ON M

[REMARKS]
