000
CXUS53 KARX 300652
CF6PDC
PRELIMINARY LOCAL CLIMATOLOGICAL DATA (WS FORM: F-6)

                                          STATION:   PRAIRIE_DU_CHIEN_MUN
                                          MONTH:     JUNE
                                          YEAR:      2015
                                          LATITUDE:   43  1 N
                                          LONGITUDE:  91  7 W

  TEMPERATURE IN F:       :PCPN:    SNOW:  WIND      :SUNSHINE: SKY     :PK WND
================================================================================
1   2   3   4   5  6A  6B    7    8   9   10  11  12  13   14  15   16   17  18
                                     12Z  AVG MX 2MIN
DY MAX MIN AVG DEP HDD CDD  WTR  SNW DPTH SPD SPD DIR MIN PSBL S-S WX    SPD DR
================================================================================

 1  70  40  55   M  10   0 0.00  0.0    0  3.8 10  90   M    M   0         9  90
 2  73  46  60   M   5   0 0.00  0.0    0  4.1  9 170   M    M   1         M  M
 3  77  53  65   M   0   0 0.01  0.0    0  6.5 12 170   M    M   4        17 130
 4  82  62  72   M   0   7 0.00  0.0    0  4.0  9  20   M    M   4         M  M
 5  77  56  67   M   0   2 0.00  0.0    0  4.8 14  60   M    M   3 1      18  60
 6  77  53  65   M   0   0 0.00  0.0    0  5.1  9 110   M    M   1         M  M
 7  84  66  75   M   0  10 0.28  0.0    0  7.7 13 290   M    M   5        18 190
 8  81  59  70   M   0   5 0.00  0.0    0  5.8 18 310   M    M   1        23 310
 9  94  56  75   M   0  10 0.00  0.0    0  4.9 13 250   M    M   2        21 220
10  84  67  76   M   0  11 0.00  0.0    0  5.0 13 240   M    M   1        22 240
11  68  58  63   M   2   0 1.41  0.0    0  5.5 15  80   M    M   9        21  90
12  67  57  62   M   3   0 0.17  0.0    0  4.5 10  70   M    M  10         M  M
13  73  60  67   M   0   2 0.00  0.0    0  3.8  7 130   M    M   9 18      M  M
14  83  63  73   M   0   8    T  0.0    0  1.4  6 190   M    M   7 12      M  M
15  76  61  69   M   0   4 0.61  0.0    0  4.6 16 330   M    M   6        21 320
16  77  55  66   M   0   1 0.00  0.0    0  2.2  7  60   M    M   1         M  M
17  76  61  69   M   0   4 0.00  0.0    0  4.0  8 110   M    M   5         M  M
18  78  62  70   M   0   5 0.00  0.0    0  6.3 14 330   M    M   4        22 320
19  78  58  68   M   0   3 0.00  0.0    0  4.1  8 100   M    M   0         M  M
20  74  57  66   M   0   1 0.07  0.0    0  4.3 12 110   M    M   4 1      28 130
21  85  60  73   M   0   8 0.00  0.0    0  2.2  7 310   M    M   3 12      M  M
22  83  64  74   M   0   9 1.83  0.0    0  7.2 15 210   M    M   4        38 220
23  78  56  67   M   0   2 0.00  0.0    0  4.1 10 300   M    M   0         M  M
24  77  57  67   M   0   2 0.00  0.0    0  2.9 12 180   M    M   2        17 180
25  81  65  73   M   0   8 0.21  0.0    0  1.8 13  70   M    M   6 8       M  M
26  75  61  68   M   0   3 0.00  0.0    0  2.6  9  80   M    M   3         M  M
27  79  58  69   M   0   4 0.00  0.0    0  1.4  5  30   M    M   3 12      M  M
28  75  59  67   M   0   2 0.17  0.0    0  2.2  6 120   M    M   6 1       M  M
29  80  59  70   M   0   5 1.03  0.0    0  5.4 23 340   M    M   6 13     51 340
================================================================================
SM 2262 1689        20 116  5.79     0.0 122.2          M      110
================================================================================
AV 78.0 58.2                               4.2 FASTST   M    M   4    MAX(MPH)
                                 MISC ---->  # 23 340                 51    M
================================================================================
NOTES:
# LAST OF SEVERAL OCCURRENCES

COLUMN 17 PEAK WIND IN M.P.H.

PRELIMINARY LOCAL CLIMATOLOGICAL DATA (WS FORM: F-6) , PAGE 2

                                          STATION:  PRAIRIE_DU_CHIEN_MUN
                                          MONTH:    JUNE
                                          YEAR:     2015
                                          LATITUDE:   43  1 N
                                          LONGITUDE:  91  7 W

[TEMPERATURE DATA]      [PRECIPITATION DATA]       SYMBOLS USED IN COLUMN 16

AVERAGE MONTHLY: 68.1   TOTAL FOR MONTH:   5.79    1 = FOG OR MIST
DPTR FM NORMAL:     M   DPTR FM NORMAL:       M    2 = FOG REDUCING VISIBILITY
HIGHEST:    94 ON  9    GRTST 24HR  1.83 ON 22-22      TO 1/4 MILE OR LESS
LOWEST:     40 ON  1                               3 = THUNDER
                        SNOW, ICE PELLETS, HAIL    4 = ICE PELLETS
                        TOTAL MONTH:   0.0 INCH    5 = HAIL
                        GRTST 24HR     0.0         6 = FREEZING RAIN OR DRIZZLE
                        GRTST DEPTH:   0           7 = DUSTSTORM OR SANDSTORM:
                                                       VSBY 1/2 MILE OR LESS
                                                   8 = SMOKE OR HAZE
[NO. OF DAYS WITH]      [WEATHER - DAYS WITH]      9 = BLOWING SNOW
                                                   X = TORNADO
MAX 32 OR BELOW:   0    0.01 INCH OR MORE:  10
MAX 90 OR ABOVE:   1    0.10 INCH OR MORE:   8
MIN 32 OR BELOW:   0    0.50 INCH OR MORE:   4
MIN  0 OR BELOW:   0    1.00 INCH OR MORE:   3

[HDD (BASE 65) ]
TOTAL THIS MO.    20    CLEAR  (SCALE 0-3)  13
DPTR FM NORMAL     M    PTCLDY (SCALE 4-7)  13
TOTAL FM JUL 1  7225    CLOUDY (SCALE 8-10)  3
DPTR FM NORMAL     M

[CDD (BASE 65) ]
TOTAL THIS MO.   116
DPTR FM NORMAL     M    [PRESSURE DATA]
TOTAL FM JAN 1   166    HIGHEST SLP M ON M
DPTR FM NORMAL     M    LOWEST  SLP M ON M

[REMARKS]
