000
CXUS53 KARX 280930
CF6PDC
PRELIMINARY LOCAL CLIMATOLOGICAL DATA (WS FORM: F-6)

                                          STATION:   PRAIRIE_DU_CHIEN_MUN
                                          MONTH:     AUGUST
                                          YEAR:      2015
                                          LATITUDE:   43  1 N
                                          LONGITUDE:  91  7 W

  TEMPERATURE IN F:       :PCPN:    SNOW:  WIND      :SUNSHINE: SKY     :PK WND
================================================================================
1   2   3   4   5  6A  6B    7    8   9   10  11  12  13   14  15   16   17  18
                                     12Z  AVG MX 2MIN
DY MAX MIN AVG DEP HDD CDD  WTR  SNW DPTH SPD SPD DIR MIN PSBL S-S WX    SPD DR
================================================================================

 1  89  58  74   M   0   9 0.00  0.0    0  3.3 10 270   M    M   2        17 270
 2  92  72  82   M   0  17 0.00  0.0    0  8.3 21 250   M    M   1        30 250
 3  82  58  70   M   0   5 0.00  0.0    0  6.3 16 290   M    M   0        23 280
 4  79  54  67   M   0   2 0.00  0.0    0  2.0  8 290   M    M   0         M  M
 5  81  54  68   M   0   3 0.00  0.0    0  1.8  6 210   M    M   1 1       M  M
 6  83  57  70   M   0   5 0.00  0.0    0  2.8  8 150   M    M   3 12      M  M
 7  86  65  76   M   0  11 0.01  0.0    0  6.3 13 280   M    M   5        20 280
 8  76  62  69   M   0   4 0.00  0.0    0  2.1  8 100   M    M   6 1       M  M
 9  79  65  72   M   0   7 0.02  0.0    0  2.3  7 100   M    M   7 1       M  M
10  85  63  74   M   0   9 0.01  0.0    0  5.3 14 310   M    M   4 1      18 340
11  83  60  72   M   0   7 0.00  0.0    0  4.5 13 330   M    M   1        20 330
12  84  55  70   M   0   5 0.00  0.0    0  1.9  7 220   M    M   0         M  M
13  88  63  76   M   0  11 0.00  0.0    0  4.8 13 220   M    M   1        18 220
14  92  72  82   M   0  17    M  0.0    0  4.1 12 250   M    M   1         M  M
15  91  69  80   M   0  15 0.00  0.0    0  3.1  9 200   M    M   1         M  M
16  90  67  79   M   0  14 0.40  0.0    0  4.7 12 220   M    M   0        18 220
17  79  67  73   M   0   8 0.02  0.0    0  1.5  9 320   M    M   6         M  M
18  72  66  69   M   0   4 0.82  0.0    0  3.5 16 100   M    M   9 1       M  M
19  69  58  64   M   1   0 0.03  0.0    0  9.8 16 220   M    M  10 8      23 220
20  76  55  66   M   0   1 0.00  0.0    0 10.3 20 260   M    M   4        29 290
21  83  53  68   M   0   3 0.00  0.0    0  6.1 15 190   M    M   1        25 190
22  81  64  73   M   0   8 0.00  0.0    0  8.4 15 160   M    M   2        23 170
23  74  57  66   M   0   1 0.14  0.0    0 11.7 22 260   M    M   5        36 280
24  71  53  62   M   3   0 0.00  0.0    0 10.5 21 280   M    M   5        31 280
25  75  54  65   M   0   0 0.00  0.0    0  7.7 14 300   M    M   3        18 300
26  76  53  65   M   0   0 0.00  0.0    0  2.6  9 330   M    M   2         M  M
27  77  51  64   M   1   0 0.00  0.0    0  3.8  8 130   M    M   2         M  M
================================================================================
SM 2193 1625         5 166  1.45     0.0 139.5          M       82
================================================================================
AV 81.2 60.2                               5.2 FASTST   M    M   3    MAX(MPH)
                                 MISC ---->    22   M                 36    M
================================================================================
NOTES:
# LAST OF SEVERAL OCCURRENCES

COLUMN 17 PEAK WIND IN M.P.H.

PRELIMINARY LOCAL CLIMATOLOGICAL DATA (WS FORM: F-6) , PAGE 2

                                          STATION:  PRAIRIE_DU_CHIEN_MUN
                                          MONTH:    AUGUST
                                          YEAR:     2015
                                          LATITUDE:   43  1 N
                                          LONGITUDE:  91  7 W

[TEMPERATURE DATA]      [PRECIPITATION DATA]       SYMBOLS USED IN COLUMN 16

AVERAGE MONTHLY: 70.7   TOTAL FOR MONTH:   1.45    1 = FOG OR MIST
DPTR FM NORMAL:     M   DPTR FM NORMAL:       M    2 = FOG REDUCING VISIBILITY
HIGHEST:    92 ON 14, 2 GRTST 24HR  0.82 ON 18-18      TO 1/4 MILE OR LESS
LOWEST:     51 ON 27                               3 = THUNDER
                        SNOW, ICE PELLETS, HAIL    4 = ICE PELLETS
                        TOTAL MONTH:   0.0 INCH    5 = HAIL
                        GRTST 24HR     0.0         6 = FREEZING RAIN OR DRIZZLE
                        GRTST DEPTH:   0           7 = DUSTSTORM OR SANDSTORM:
                                                       VSBY 1/2 MILE OR LESS
                                                   8 = SMOKE OR HAZE
[NO. OF DAYS WITH]      [WEATHER - DAYS WITH]      9 = BLOWING SNOW
                                                   X = TORNADO
MAX 32 OR BELOW:   0    0.01 INCH OR MORE:   8
MAX 90 OR ABOVE:   4    0.10 INCH OR MORE:   3
MIN 32 OR BELOW:   0    0.50 INCH OR MORE:   1
MIN  0 OR BELOW:   0    1.00 INCH OR MORE:   0

[HDD (BASE 65) ]
TOTAL THIS MO.     5    CLEAR  (SCALE 0-3)  16
DPTR FM NORMAL     M    PTCLDY (SCALE 4-7)   9
TOTAL FM JUL 1    22    CLOUDY (SCALE 8-10)  2
DPTR FM NORMAL     M

[CDD (BASE 65) ]
TOTAL THIS MO.   166
DPTR FM NORMAL     M    [PRESSURE DATA]
TOTAL FM JAN 1   543    HIGHEST SLP M ON M
DPTR FM NORMAL     M    LOWEST  SLP M ON M

[REMARKS]
