000
CXUS53 KARX 240930
CF6PDC
PRELIMINARY LOCAL CLIMATOLOGICAL DATA (WS FORM: F-6)

                                          STATION:   PRAIRIE_DU_CHIEN_MUN
                                          MONTH:     APRIL
                                          YEAR:      2014
                                          LATITUDE:   43  1 N
                                          LONGITUDE:  91  7 W

  TEMPERATURE IN F:       :PCPN:    SNOW:  WIND      :SUNSHINE: SKY     :PK WND
================================================================================
1   2   3   4   5  6A  6B    7    8   9   10  11  12  13   14  15   16   17  18
                                     12Z  AVG MX 2MIN
DY MAX MIN AVG DEP HDD CDD  WTR  SNW DPTH SPD SPD DIR MIN PSBL S-S WX    SPD DR
================================================================================

 1  42  26  34   M  31   0 0.00  0.0    0 15.1 27 290   M    M   6        33 290
 2  54  24  39   M  26   0    M  0.0    0  6.4 15  90   M    M   4        21  60
 3  44  35  40   M  25   0 0.12  0.0    0 11.6 17  80   M    M  10 1      25  90
 4  38  32  35   M  30   0 0.06    M    0 11.4 22 300   M    M   9 1      33 310
 5  52  26  39   M  26   0 0.00  0.0    0  2.7 10 170   M    M   0 1       M  M
 6  62  34  48   M  17   0 0.00  0.0    0  3.7 13 200   M    M   7        16 180
 7  59  42  51   M  14   0 0.00  0.0    0  3.5 10 310   M    M   7         M  M
 8  58  35  47   M  18   0 0.00  0.0    0  7.2 15 320   M    M   1        20 310
 9  67  28  48   M  17   0 0.00  0.0    0  7.1 16 190   M    M   1        23 190
10  64  42  53   M  12   0 0.00  0.0    0  8.9 20 290   M    M   1        27 310
11  71  33  52   M  13   0    T  0.0    0  5.2 20 260   M    M   3        32 260
12  71  45  58   M   7   0 1.47  0.0    0  6.5 14 100   M    M   6        20 100
13  53  36  45   M  20   0 2.08  0.0    0  7.5 18 340   M    M  10 1      29 340
14  37  28  33   M  32   0    M    M    M 12.3 20 330   M    M   8        32 340
15  38  24  31   M  34   0 0.00  0.0    M  4.1 12 260   M    M   3        17 260
16  56  30  43   M  22   0 0.00  0.0    0 12.9 20 150   M    M   7        32 150
17  49  31  40   M  25   0 0.00  0.0    0  9.1 15 260   M    M   6        24 260
18  58  28  43   M  22   0 0.00  0.0    0  2.7 12 100   M    M   0 1      16 100
19  71  36  54   M  11   0 0.00  0.0    0  9.1 14 120   M    M   1        21 150
20  64  55  60   M   5   0 0.22  0.0    0  3.9 10 180   M    M   9 1      17 180
21  70  51  61   M   4   0 0.04  0.0    0  4.6 14 290   M    M   6 12     22 290
22  59  38  49   M  16   0 0.00  0.0    0  7.6 15 320   M    M   0        22 330
23  53  37  45   M  20   0 0.07  0.0    0  7.1 13 110   M    M   6        18 110
================================================================================
SM 1290  796       447   0  4.06     0.0 170.2          M      111
================================================================================
AV 56.1 34.6                               7.4 FASTST   M    M   5    MAX(MPH)
                                 MISC ---->  # 27 290                 33    M
================================================================================
NOTES:
# LAST OF SEVERAL OCCURRENCES

COLUMN 17 PEAK WIND IN M.P.H.

PRELIMINARY LOCAL CLIMATOLOGICAL DATA (WS FORM: F-6) , PAGE 2

                                          STATION:  PRAIRIE_DU_CHIEN_MUN
                                          MONTH:    APRIL
                                          YEAR:     2014
                                          LATITUDE:   43  1 N
                                          LONGITUDE:  91  7 W

[TEMPERATURE DATA]      [PRECIPITATION DATA]       SYMBOLS USED IN COLUMN 16

AVERAGE MONTHLY: 45.3   TOTAL FOR MONTH:   4.06    1 = FOG OR MIST
DPTR FM NORMAL:     M   DPTR FM NORMAL:       M    2 = FOG REDUCING VISIBILITY
HIGHEST:    71 ON 19,12 GRTST 24HR  2.08 ON 13-13      TO 1/4 MILE OR LESS
LOWEST:     24 ON 15, 2                            3 = THUNDER
                        SNOW, ICE PELLETS, HAIL    4 = ICE PELLETS
                        TOTAL MONTH:   0.0 INCH    5 = HAIL
                        GRTST 24HR     0.0         6 = FREEZING RAIN OR DRIZZLE
                        GRTST DEPTH:   0           7 = DUSTSTORM OR SANDSTORM:
                                                       VSBY 1/2 MILE OR LESS
                                                   8 = SMOKE OR HAZE
[NO. OF DAYS WITH]      [WEATHER - DAYS WITH]      9 = BLOWING SNOW
                                                   X = TORNADO
MAX 32 OR BELOW:   0    0.01 INCH OR MORE:   7
MAX 90 OR ABOVE:   0    0.10 INCH OR MORE:   4
MIN 32 OR BELOW:  10    0.50 INCH OR MORE:   2
MIN  0 OR BELOW:   0    1.00 INCH OR MORE:   2

[HDD (BASE 65) ]
TOTAL THIS MO.   447    CLEAR  (SCALE 0-3)   8
DPTR FM NORMAL     M    PTCLDY (SCALE 4-7)  11
TOTAL FM JUL 1  7728    CLOUDY (SCALE 8-10)  4
DPTR FM NORMAL     M

[CDD (BASE 65) ]
TOTAL THIS MO.     0
DPTR FM NORMAL     M    [PRESSURE DATA]
TOTAL FM JAN 1     0    HIGHEST SLP M ON M
DPTR FM NORMAL     M    LOWEST  SLP M ON M

[REMARKS]
