000
CXUS53 KARX 261552
CF6PDC
PRELIMINARY LOCAL CLIMATOLOGICAL DATA (WS FORM: F-6)

                                          STATION:   PRAIRIE_DU_CHIEN_MUN
                                          MONTH:     MARCH
                                          YEAR:      2015
                                          LATITUDE:   43  1 N
                                          LONGITUDE:  91  7 W

  TEMPERATURE IN F:       :PCPN:    SNOW:  WIND      :SUNSHINE: SKY     :PK WND
================================================================================
1   2   3   4   5  6A  6B    7    8   9   10  11  12  13   14  15   16   17  18
                                     12Z  AVG MX 2MIN
DY MAX MIN AVG DEP HDD CDD  WTR  SNW DPTH SPD SPD DIR MIN PSBL S-S WX    SPD DR
================================================================================

 1  27   5  16   M  49   0    M    M    5  5.0 18 270   M    M   5        25 270
 2  28   2  15   M  50   0 0.00  0.0    5  3.4  9 270   M    M   3         M  M
 3  32  13  23   M  42   0 0.05  0.0    5  9.6 21 290   M    M   9 16     32 290
 4  16   4  10   M  55   0 0.00  0.0    4 12.4 17 280   M    M   1        24 300
 5  12  -6   3   M  62   0 0.00  0.0    4  4.9 10 290   M    M   0         M  M
 6  35  -4  16   M  49   0 0.00  0.0    4  4.5 13 210   M    M   1         M  M
 7  42  20  31   M  34   0 0.00  0.0    4  5.7 20 270   M    M   2        27 270
 8  45  28  37   M  28   0 0.00  0.0    0  3.2 12 260   M    M   5         M  M
 9  52  26  39   M  26   0 0.00  0.0    0  2.6 10 230   M    M   1         M  M
10  58  29  44   M  21   0 0.00  0.0    0  1.6  6 190   M    M   1 128     M  M
11  58  28  43   M  22   0 0.00  0.0    0  1.4  5 200   M    M   3 12      M  M
12  60  30  45   M  20   0 0.00  0.0    0  6.1 13 140   M    M   0        18 150
13  67  34  51   M  14   0 0.00  0.0    0  5.9 12 290   M    M   0 18     16 260
14  62  33  48   M  17   0 0.00  0.0    0  6.7 15 290   M    M   0        23 300
15  64  28  46   M  19   0 0.00  0.0    0  2.9 15 200   M    M   0        23 200
16  79  37  58   M   7   0 0.00  0.0    0  7.3 20 330   M    M   1        28 330
17  46  32  39   M  26   0 0.00  0.0    0  8.8 18 330   M    M   0        24 340
18  47  28  38   M  27   0 0.00  0.0    0  0.5  6 230   M    M   6         M  M
19  50  34  42   M  23   0 0.00  0.0    0  2.7 10 150   M    M  10        16 150
20  58  36  47   M  18   0 0.00  0.0    0  3.7 10 270   M    M   3        17 250
21  51  37  44   M  21   0 0.00  0.0    0  6.3 12 310   M    M   1        18 310
22  37  28  33   M  32   0    M    M    0  6.2 12  90   M    M   8        17  80
23  34  19  27   M  38   0    M    M   13  6.1 12  80   M    M   8        20  80
24  37  21  29   M  36   0 0.19    M   11  8.2 15 110   M    M   6        25 130
25  39  31  35   M  30   0 0.76    M    6  9.8 25 290   M    M  10 1      35 290
================================================================================
SM 1136  573       766   0  1.00     0.0 135.5          M       84
================================================================================
AV 45.4 22.9                               5.4 FASTST   M    M   3    MAX(MPH)
                                 MISC ---->    25   M               # 35  290
================================================================================
NOTES:
# LAST OF SEVERAL OCCURRENCES

COLUMN 17 PEAK WIND IN M.P.H.

PRELIMINARY LOCAL CLIMATOLOGICAL DATA (WS FORM: F-6) , PAGE 2

                                          STATION:  PRAIRIE_DU_CHIEN_MUN
                                          MONTH:    MARCH
                                          YEAR:     2015
                                          LATITUDE:   43  1 N
                                          LONGITUDE:  91  7 W

[TEMPERATURE DATA]      [PRECIPITATION DATA]       SYMBOLS USED IN COLUMN 16

AVERAGE MONTHLY: 34.2   TOTAL FOR MONTH:   1.00    1 = FOG OR MIST
DPTR FM NORMAL:     M   DPTR FM NORMAL:       M    2 = FOG REDUCING VISIBILITY
HIGHEST:    79 ON 16    GRTST 24HR  0.76 ON 25-25      TO 1/4 MILE OR LESS
LOWEST:     -6 ON  5                               3 = THUNDER
                        SNOW, ICE PELLETS, HAIL    4 = ICE PELLETS
                        TOTAL MONTH:   0.0 INCH    5 = HAIL
                        GRTST 24HR     0.0         6 = FREEZING RAIN OR DRIZZLE
                        GRTST DEPTH:  13 ON 23     7 = DUSTSTORM OR SANDSTORM:
                                                       VSBY 1/2 MILE OR LESS
                                                   8 = SMOKE OR HAZE
[NO. OF DAYS WITH]      [WEATHER - DAYS WITH]      9 = BLOWING SNOW
                                                   X = TORNADO
MAX 32 OR BELOW:   5    0.01 INCH OR MORE:   3
MAX 90 OR ABOVE:   0    0.10 INCH OR MORE:   2
MIN 32 OR BELOW:  19    0.50 INCH OR MORE:   1
MIN  0 OR BELOW:   2    1.00 INCH OR MORE:   0

[HDD (BASE 65) ]
TOTAL THIS MO.   766    CLEAR  (SCALE 0-3)  15
DPTR FM NORMAL     M    PTCLDY (SCALE 4-7)   6
TOTAL FM JUL 1  6415    CLOUDY (SCALE 8-10)  4
DPTR FM NORMAL     M

[CDD (BASE 65) ]
TOTAL THIS MO.     0
DPTR FM NORMAL     M    [PRESSURE DATA]
TOTAL FM JAN 1     0    HIGHEST SLP M ON M
DPTR FM NORMAL     M    LOWEST  SLP M ON M

[REMARKS]
