000
CXUS53 KLMK 260710
CF6SDF
PRELIMINARY LOCAL CLIMATOLOGICAL DATA (WS FORM: F-6)
STATION: LOUISVILLE KY
MONTH: APRIL
YEAR: 2024
LATITUDE: 38 10 N
LONGITUDE: 85 44 W
TEMPERATURE IN F: :PCPN: SNOW: WIND :SUNSHINE: SKY :PK WND
================================================================================
1 2 3 4 5 6A 6B 7 8 9 10 11 12 13 14 15 16 17 18
12Z AVG MX 2MIN
DY MAX MIN AVG DEP HDD CDD WTR SNW DPTH SPD SPD DIR MIN PSBL S-S WX SPD DR
================================================================================
1 81 69 75 21 0 10 T 0.0 0 11.8 20 190 M M 9 25 210
2 79 50 65 11 0 0 0.84 0.0 0 14.7 31 330 M M 9 123 44 180
3 55 39 47 -8 18 0 0.06 0.0 0 16.3 31 250 M M 9 3 42 220
4 48 38 43 -12 22 0 0.03 0.0 0 14.1 23 270 M M 9 32 290
5 52 37 45 -10 20 0 0.00 0.0 0 9.0 17 300 M M 9 24 310
6 60 37 49 -7 16 0 0.00 0.0 0 4.0 10 100 M M 1 13 100
7 71 42 57 1 8 0 0.01 0.0 0 10.4 21 130 M M 4 27 150
8 77 56 67 11 0 2 0.01 0.0 0 8.5 18 180 M M 7 24 240
9 69 60 65 8 0 0 0.24 0.0 0 9.1 17 210 M M 10 1 24 210
10 67 58 63 6 2 0 0.46 0.0 0 5.5 17 170 M M 10 1 23 180
11 66 53 60 2 5 0 1.15 0.0 0 10.7 23 290 M M 10 1 32 290
12 64 48 56 -2 9 0 0.06 0.0 0 17.0 30 290 M M 8 3 40 260
13 73 47 60 2 5 0 0.00 0.0 0 8.4 20 280 M M 0 25 250
14 85 57 71 12 0 6 0.00 0.0 0 10.9 23 220 M M 1 32 250
15 88 65 77 18 0 12 0.13 0.0 0 7.0 17 50 M M 4 3 22 280
16 86 67 77 18 0 12 T 0.0 0 11.8 23 170 M M 9 138 32 170
17 85 65 75 15 0 10 0.37 0.0 0 15.6 33 250 M M 6 44 260
18 84 59 72 12 0 7 0.09 0.0 0 7.2 43 260 M M 5 3 62 250
19 67 55 61 1 4 0 0.50 0.0 0 8.2 20 330 M M 9 13 27 320
20 62 46 54 -7 11 0 0.00 0.0 0 10.0 18 290 M M 5 28 290
21 59 42 51 -10 14 0 0.00 0.0 0 9.2 17 330 M M 5 25 330
22 66 39 53 -8 12 0 0.00 0.0 0 4.0 15 200 M M 3 20 240
23 74 48 61 -1 4 0 0.15 0.0 0 12.2 26 220 M M 9 1 36 210
24 70 50 60 -2 5 0 0.03 0.0 0 8.7 16 360 M M 4 20 10
25 66 41 54 -8 11 0 0.00 0.0 0 6.6 15 80 M M 4 19 80
================================================================================
SM 1754 1268 166 59 4.13 0.0 250.9 M 159
================================================================================
AV 70.2 50.7 10.0 FASTST M M 6 MAX(MPH)
MISC ----> 43 260 62 250
================================================================================
NOTES:
# LAST OF SEVERAL OCCURRENCES
COLUMN 17 PEAK WIND IN M.P.H.
PRELIMINARY LOCAL CLIMATOLOGICAL DATA (WS FORM: F-6) , PAGE 2
STATION: LOUISVILLE KY
MONTH: APRIL
YEAR: 2024
LATITUDE: 38 10 N
LONGITUDE: 85 44 W
[TEMPERATURE DATA] [PRECIPITATION DATA] SYMBOLS USED IN COLUMN 16
AVERAGE MONTHLY: 60.4 TOTAL FOR MONTH: 4.13 1 = FOG OR MIST
DPTR FM NORMAL: 2.2 DPTR FM NORMAL: 0.22 2 = FOG REDUCING VISIBILITY
HIGHEST: 88 ON 15 GRTST 24HR 1.23 ON 10-11 TO 1/4 MILE OR LESS
LOWEST: 37 ON 6, 5 3 = THUNDER
SNOW, ICE PELLETS, HAIL 4 = ICE PELLETS
TOTAL MONTH: 0.0 INCH 5 = HAIL
GRTST 24HR 0.0 6 = FREEZING RAIN OR DRIZZLE
GRTST DEPTH: 0 7 = DUSTSTORM OR SANDSTORM:
VSBY 1/2 MILE OR LESS
8 = SMOKE OR HAZE
[NO. OF DAYS WITH] [WEATHER - DAYS WITH] 9 = BLOWING SNOW
X = TORNADO
MAX 32 OR BELOW: 0 0.01 INCH OR MORE: 15
MAX 90 OR ABOVE: 0 0.10 INCH OR MORE: 8
MIN 32 OR BELOW: 0 0.50 INCH OR MORE: 3
MIN 0 OR BELOW: 0 1.00 INCH OR MORE: 1
[HDD (BASE 65) ]
TOTAL THIS MO. 166 CLEAR (SCALE 0-3) 4
DPTR FM NORMAL -36 PTCLDY (SCALE 4-7) 10
TOTAL FM JUL 1 3172 CLOUDY (SCALE 8-10) 11
DPTR FM NORMAL -682
[CDD (BASE 65) ]
TOTAL THIS MO. 59
DPTR FM NORMAL 24 [PRESSURE DATA]
TOTAL FM JAN 1 72 HIGHEST SLP M ON M
DPTR FM NORMAL 28 LOWEST SLP 29.29 ON 2
[REMARKS]