000
CXUS53 KJKL 041452
CLMJKL
CLIMATE REPORT
NATIONAL WEATHER SERVICE JACKSON KY
1052 AM EDT THU APR 04 2024
...................................
...THE JACKSON KY CLIMATE SUMMARY FOR THE MONTH OF MARCH 2024...
CLIMATE NORMAL PERIOD 1991 TO 2020
CLIMATE RECORD PERIOD 1981 TO 2024
WEATHER OBSERVED NORMAL DEPART LAST YEAR`S
VALUE DATE(S) VALUE FROM VALUE DATE(S)
NORMAL
................................................................
TEMPERATURE (F)
RECORD
HIGH 87 03/28/1989
LOW 7 03/09/1996
HIGHEST 79 03/14 79 0 81 03/23
LOWEST 28 03/24 18 10 20 03/19
03/20
AVG. MAXIMUM 62.8 58.0 4.8 58.9
AVG. MINIMUM 42.2 37.6 4.6 37.9
MEAN 52.5 47.8 4.7 48.4
DAYS MAX >= 90 0 0.0 0.0 0
DAYS MAX <= 32 0 0.8 -0.8 0
DAYS MIN <= 32 7 11.4 -4.4 9
DAYS MIN <= 0 0 0.0 0.0 0
PRECIPITATION (INCHES)
RECORD
MAXIMUM 11.78 1994
MINIMUM 1.47 2003
TOTALS 2.91 4.71 -1.80 4.09
DAILY AVG. 0.09 0.15 -0.06 0.13
DAYS >= .01 12 14.4 -2.4 13
DAYS >= .10 6 8.8 -2.8 9
DAYS >= .50 1 3.3 -2.3 2
DAYS >= 1.00 0 1.2 -1.2 1
GREATEST
24 HR. TOTAL 0.94 03/09 TO 03/09 1.37
SNOWFALL (INCHES)
RECORDS
TOTAL 21.9 1993
TOTALS T 4.0 -4.0 0.3
SINCE 7/1 15.4 23.0 -7.6 3.4
SNOWDEPTH AVG. 0 T
DAYS >= 1.0 0 1.1 -1.1 0
GREATEST
SNOW DEPTH 0 T
24 HR TOTAL T 03/18 TO 03/18 0.2
DEGREE DAYS
HEATING TOTAL 389 541 -152 509
SINCE 7/1 3102 3725 -623 3145
COOLING TOTAL 8 8 0 3
SINCE 1/1 8 9 -1 6
................................................................
WIND (MPH)
AVERAGE WIND SPEED 4.9
HIGHEST WIND SPEED/DIRECTION 22/310 DATE 03/10
22/320 03/15
22/280 03/29
HIGHEST GUST SPEED/DIRECTION 45/300 DATE 03/15
SKY COVER
POSSIBLE SUNSHINE (PERCENT) MM
AVERAGE SKY COVER 0.39
NUMBER OF DAYS FAIR 16
NUMBER OF DAYS PC 10
NUMBER OF DAYS CLOUDY 5
AVERAGE RH (PERCENT) 57
WEATHER CONDITIONS. NUMBER OF DAYS WITH
THUNDERSTORM 2 MIXED PRECIP 0
HEAVY RAIN 3 RAIN 5
LIGHT RAIN 12 FREEZING RAIN 0
LT FREEZING RAIN 0 HAIL 0
HEAVY SNOW 0 SNOW 0
LIGHT SNOW 1 SLEET 0
FOG 13 FOG W/VIS <= 1/4 MILE 7
HAZE 1
- INDICATES NEGATIVE NUMBERS.
R INDICATES RECORD WAS SET OR TIED.
MM INDICATES DATA IS MISSING.
T INDICATES TRACE AMOUNT.
$$
CARICO