000
CXUS53 KGRB 020334
CLMAUW
CLIMATE REPORT
NATIONAL WEATHER SERVICE GREEN BAY
1034 PM CDT MON MAY 01 2023
...................................
...THE WAUSAU WI CLIMATE SUMMARY FOR THE MONTH OF APRIL 2023...
CLIMATE NORMAL PERIOD: 1991 TO 2020
CLIMATE RECORD PERIOD: 1896 TO 2023
WEATHER OBSERVED NORMAL DEPART LAST YEAR`S
VALUE DATE(S) VALUE FROM VALUE DATE(S)
NORMAL
................................................................
TEMPERATURE (F)
RECORD
HIGH 91 04/29/1952
04/28/1952
LOW 3 04/01/1924
HIGHEST 86 04/12 76 10 74 04/23
LOWEST 20 04/07 17 3 22 04/17
AVG. MAXIMUM 54.3 53.7 0.6 49.2
AVG. MINIMUM 34.5 32.4 2.1 32.4
MEAN 44.4 43.1 1.3 40.8
DAYS MAX >= 90 0 0.0 0.0 0
DAYS MAX <= 32 1 1.0 0.0 0
DAYS MIN <= 32 15 14.8 0.2 17
DAYS MIN <= 0 0 0.0 0.0 0
PRECIPITATION (INCHES)
RECORD
MAXIMUM 6.06 1954
MINIMUM 0.34 1946
TOTALS 4.38 3.12 1.26 3.85
DAYS >= .01 15 12.0 3.0 18
DAYS >= .10 11 7.2 3.8 10
DAYS >= .50 3 2.0 1.0
DAYS >= 1.00 0 0.5 -0.5 0
GREATEST
STORM TOTAL 0.93
(MM/DD(HH))
SNOWFALL (INCHES)
RECORDS
TOTAL 34.5 2018
24 HR TOTAL 11.6 04/11/2019 TO 04/11/2019
TOTALS 11.0 6.5 4.5 4.8
SINCE 7/1 90.8 64.1 26.7 65.7
DAYS >= TRACE 11 3.6 7.4
DAYS >= 1.0 5 1.9 3.1 1
GREATEST
SNOW DEPTH 5 04/17 T 04/08
04/09
04/14
24 HR TOTAL MM
DEGREE DAYS
HEATING TOTAL 624 660 -36 719
SINCE 7/1 7108 7791 -683 7341
COOLING TOTAL 13 1 12 0
SINCE 1/1 13 1 12 0
................................................................
WIND (MPH)
AVERAGE WIND SPEED 9.5
HIGHEST WIND SPEED/DIRECTION 32/070 DATE 04/19
HIGHEST GUST SPEED/DIRECTION 45/240 DATE 04/05
45/260 04/06
45/070 04/19
SKY COVER
POSSIBLE SUNSHINE (PERCENT) MM
AVERAGE SKY COVER 0.49
NUMBER OF DAYS FAIR 13
NUMBER OF DAYS PC 6
NUMBER OF DAYS CLOUDY 11
AVERAGE RH (PERCENT) 62
WEATHER CONDITIONS. NUMBER OF DAYS WITH
THUNDERSTORM 3 MIXED PRECIP 0
HEAVY RAIN 4 RAIN 3
LIGHT RAIN 13 FREEZING RAIN 1
LT FREEZING RAIN 1 HAIL 0
HEAVY SNOW 1 SNOW 3
LIGHT SNOW 11 SLEET 0
FOG 14 FOG W/VIS <= 1/4 MILE 3
HAZE 10
- INDICATES NEGATIVE NUMBERS.
R INDICATES RECORD WAS SET OR TIED.
MM INDICATES DATA IS MISSING.
T INDICATES TRACE AMOUNT.
$$