000
CXUS53 KGRR 011017
CF6AZO
PRELIMINARY LOCAL CLIMATOLOGICAL DATA (WS FORM: F-6)
STATION: KALAMAZOO
MONTH: OCTOBER
YEAR: 2020
LATITUDE: 42 13 N
LONGITUDE: 85 33 W
TEMPERATURE IN F: :PCPN: SNOW: WIND :SUNSHINE: SKY :PK WND
================================================================================
1 2 3 4 5 6A 6B 7 8 9 10 11 12 13 14 15 16 17 18
12Z AVG MX 2MIN
DY MAX MIN AVG DEP HDD CDD WTR SNW DPTH SPD SPD DIR MIN PSBL S-S WX SPD DR
================================================================================
1 56 42 49 -7 16 0 0.09 M M 7.1 16 320 M M 5 24 310
2 52 37 45 -11 20 0 T M M 3.7 15 250 M M 7 20 270
3 56 35 46 -9 19 0 0.02 M M 2.3 10 170 M M 8 18 14 190
4 58 40 49 -6 16 0 0.06 M M 6.8 18 300 M M 7 1 25 280
5 60 34 47 -7 18 0 0.00 M M 7.1 17 190 M M 3 12 24 180
6 70 46 58 4 7 0 0.00 M M 9.4 16 220 M M 0 22 230
7 71 43 57 3 8 0 0.00 M M 10.6 28 320 M M 1 38 340
8 70 40 55 2 10 0 0.00 M M 5.6 18 320 M M 0 1 25 280
9 82 38 60 7 5 0 0.00 M M 8.1 23 200 M M 0 32 200
10 74 54 64 11 1 0 0.00 M M 9.1 17 220 M M 3 26 220
11 73 52 63 11 2 0 0.00 M M 5.6 10 90 M M 5 18 80
12 71 45 58 6 7 0 0.40 M M 9.0 30 290 M M 6 138 43 280
13 67 43 55 3 10 0 0.00 M M 7.3 21 200 M M 1 28 200
14 69 39 54 3 11 0 T M M 7.2 22 210 M M 2 1 29 170
15 62 34 48 -3 17 0 0.01 M M 9.3 24 290 M M 8 35 280
16 55 29 42 -9 23 0 0.01 M M 7.8 24 260 M M 3 1 36 240
17 57 31 44 -6 21 0 T M M 9.2 23 170 M M 6 1 40 160
18 56 40 48 -2 17 0 0.15 M M 9.1 18 180 M M 10 1 27 180
19 50 40 45 -5 20 0 0.09 M M 2.4 12 350 M M 7 15 20
20 54 37 46 -4 19 0 0.23 M M 6.2 17 140 M M 5 13 30 110
21 55 43 49 0 16 0 0.03 M M 7.8 20 270 M M 6 13 30 260
22 69 47 58 9 7 0 0.94 M M 6.2 14 180 M M 6 138 20 180
23 71 39 55 6 10 0 0.30 M M 12.7 30 280 M M 6 138 44 260
24 50 31 41 -7 24 0 0.00 M M 5.0 14 330 M M 3 19 320
25 47 33 40 -8 25 0 0.00 M M 3.6 9 60 M M 7 15 90
26 46 39 43 -5 22 0 T M M 7.6 15 350 M M 10 18 350
27 40 38 39 -9 26 0 0.06 M M 3.4 9 210 M M 10 1 12 210
28 51 34 43 -4 22 0 0.00 M M 6.9 16 240 M M 2 1 21 250
29 49 38 44 -3 21 0 T M M 6.8 17 20 M M 5 1 27 10
30 40 36 38 -9 27 0 T M M 5.9 15 350 M M 10 17 10
31 54 26 40 -6 25 0 0.00 M M 10.1 23 200 M M 1 34 200
================================================================================
SM 1835 1203 492 0 2.39 M 218.9 M 153
================================================================================
AV 59.2 38.8 7.1 FASTST M M 5 MAX(MPH)
MISC ----> # 30 290 # 44 260
================================================================================
NOTES:
# LAST OF SEVERAL OCCURRENCES
COLUMN 17 PEAK WIND IN M.P.H.
PRELIMINARY LOCAL CLIMATOLOGICAL DATA (WS FORM: F-6) , PAGE 2
STATION: KALAMAZOO
MONTH: OCTOBER
YEAR: 2020
LATITUDE: 42 13 N
LONGITUDE: 85 33 W
[TEMPERATURE DATA] [PRECIPITATION DATA] SYMBOLS USED IN COLUMN 16
AVERAGE MONTHLY: 49.0 TOTAL FOR MONTH: 2.39 1 = FOG OR MIST
DPTR FM NORMAL: -2.0 DPTR FM NORMAL: -0.94 2 = FOG REDUCING VISIBILITY
HIGHEST: 82 ON 9 GRTST 24HR 0.94 ON 22-22 TO 1/4 MILE OR LESS
LOWEST: 26 ON 31 3 = THUNDER
SNOW, ICE PELLETS, HAIL 4 = ICE PELLETS
TOTAL MONTH: M 5 = HAIL
GRTST 24HR M ON M 6 = FREEZING RAIN OR DRIZZLE
GRTST DEPTH: M ON M 7 = DUSTSTORM OR SANDSTORM:
VSBY 1/2 MILE OR LESS
8 = SMOKE OR HAZE
[NO. OF DAYS WITH] [WEATHER - DAYS WITH] 9 = BLOWING SNOW
X = TORNADO
MAX 32 OR BELOW: 0 0.01 INCH OR MORE: 13
MAX 90 OR ABOVE: 0 0.10 INCH OR MORE: 5
MIN 32 OR BELOW: 4 0.50 INCH OR MORE: 1
MIN 0 OR BELOW: 0 1.00 INCH OR MORE: 0
[HDD (BASE 65) ]
TOTAL THIS MO. 492 CLEAR (SCALE 0-3) 11
DPTR FM NORMAL 49 PTCLDY (SCALE 4-7) 15
TOTAL FM JUL 1 599 CLOUDY (SCALE 8-10) 5
DPTR FM NORMAL 7
[CDD (BASE 65) ]
TOTAL THIS MO. 0
DPTR FM NORMAL -8 [PRESSURE DATA]
TOTAL FM JAN 1 921 HIGHEST SLP 30.40 ON 31
DPTR FM NORMAL 246 LOWEST SLP 29.55 ON 14
[REMARKS]
#FINAL-10-20#