000
CXAK56 PAFG 010947
CF6BTT
PRELIMINARY LOCAL CLIMATOLOGICAL DATA (WS FORM: F-6)
STATION: BETTLES AK
MONTH: APRIL
YEAR: 2022
LATITUDE: 66 55 N
LONGITUDE: 151 31 W
TEMPERATURE IN F: :PCPN: SNOW: WIND :SUNSHINE: SKY :PK WND
================================================================================
1 2 3 4 5 6A 6B 7 8 9 10 11 12 13 14 15 16 17 18
12Z AVG MX 2MIN
DY MAX MIN AVG DEP HDD CDD WTR SNW DPTH SPD SPD DIR MIN PSBL S-S WX SPD DR
================================================================================
1 21 2 12 0 53 0 0.00 M 33 9.8 20 50 M M 0 32 50
2 23 -9 7 -6 58 0 0.00 M 33 6.7 15 50 M M 0 23 40
3 20 -10 5 -9 60 0 0.00 M 33 6.2 12 50 M M 4 21 50
4 16 -15 1 -14 64 0 0.00 M 33 4.7 8 20 M M 2 M M
5 18 -19 0 -15 65 0 0.01 M 33 5.5 10 30 M M 4 1 M M
6 33 6 20 4 45 0 T M 33 4.2 8 30 M M 9 1 M M
7 40 3 22 5 43 0 0.00 M 33 3.7 9 60 M M 3 M M
8 15 -1 7 -11 58 0 T M 32 8.6 13 150 M M 7 1 21 150
9 16 -17 0 -19 65 0 0.00 M 32 4.0 8 150 M M 4 M M
10 24 1 13 -7 52 0 T M 32 3.2 7 120 M M 5 1 M M
11 39 2 21 0 44 0 0.00 M 32 4.0 9 30 M M 1 M M
12 41 14 28 6 37 0 0.00 0.0 32 7.0 10 20 M M 6 M M
13 44 26 35 12 30 0 0.00 M 32 4.5 9 360 M M 5 M M
14 39 14 27 3 38 0 0.00 M 32 4.2 10 130 M M 2 M M
15 28 17 23 -1 42 0 0.00 M 32 13.0 20 50 M M 1 31 40
16 32 6 19 -6 46 0 0.00 M 32 6.1 12 60 M M 1 25 70
17 37 1 19 -7 46 0 0.00 M 32 4.9 10 20 M M 0 M M
18 42 4 23 -4 42 0 0.00 M 31 6.1 12 50 M M 0 18 50
19 46 14 30 2 35 0 0.00 M 31 5.1 13 30 M M 0 17 40
20 45 13 29 0 36 0 0.00 M 31 3.2 7 350 M M 0 M M
21 45 20 33 3 32 0 0.00 M 30 5.7 9 30 M M 0 M M
22 46 24 35 5 30 0 0.00 M 30 8.0 14 30 M M 3 21 50
23 49 26 38 7 27 0 0.00 M 30 6.9 12 30 M M 4 M M
24 53 29 41 9 24 0 0.00 M 29 4.3 8 20 M M 3 M M
25 54 29 42 9 23 0 0.00 M 28 5.1 9 360 M M 2 M M
26 51 28 40 7 25 0 0.00 M 26 4.1 8 360 M M 2 M M
27 50 32 41 7 24 0 0.00 M 25 7.2 12 40 M M 5 20 40
28 46 24 35 0 30 0 0.00 M 21 2.3 6 99 M M 4 M M
29 52 26 39 3 26 0 0.00 M 18 1.7 6 110 M M 3 M M
30 55 33 44 8 21 0 0.00 M M 8.4 14 40 M M 3 21 40
================================================================================
SM 1120 323 1221 0 0.01 0.0 168.4 M 83
================================================================================
AV 37.3 10.8 5.6 FASTST M M 3 MAX(MPH)
MISC ----> 20 50 32 50
================================================================================
NOTES:
# LAST OF SEVERAL OCCURRENCES
COLUMN 17 PEAK WIND IN M.P.H.
PRELIMINARY LOCAL CLIMATOLOGICAL DATA (WS FORM: F-6) , PAGE 2
STATION: BETTLES AK
MONTH: APRIL
YEAR: 2022
LATITUDE: 66 55 N
LONGITUDE: 151 31 W
[TEMPERATURE DATA] [PRECIPITATION DATA] SYMBOLS USED IN COLUMN 16
AVERAGE MONTHLY: 24.1 TOTAL FOR MONTH: 0.01 1 = FOG OR MIST
DPTR FM NORMAL: -0.6 DPTR FM NORMAL: -0.59 2 = FOG REDUCING VISIBILITY
HIGHEST: 55 ON 30 GRTST 24HR 0.01 ON 5- 5 TO 1/4 MILE OR LESS
LOWEST: -19 ON 5 3 = THUNDER
SNOW, ICE PELLETS, HAIL 4 = ICE PELLETS
TOTAL MONTH: 0.0 INCH 5 = HAIL
GRTST 24HR 0.0 6 = FREEZING RAIN OR DRIZZLE
GRTST DEPTH: 33 ON 7, 6 7 = DUSTSTORM OR SANDSTORM:
VSBY 1/2 MILE OR LESS
8 = SMOKE OR HAZE
[NO. OF DAYS WITH] [WEATHER - DAYS WITH] 9 = BLOWING SNOW
X = TORNADO
MAX 32 OR BELOW: 10 0.01 INCH OR MORE: 1
MAX 90 OR ABOVE: 0 0.10 INCH OR MORE: 0
MIN 32 OR BELOW: 29 0.50 INCH OR MORE: 0
MIN 0 OR BELOW: 6 1.00 INCH OR MORE: 0
[HDD (BASE 65) ]
TOTAL THIS MO. 1221 CLEAR (SCALE 0-3) 17
DPTR FM NORMAL 7 PTCLDY (SCALE 4-7) 12
TOTAL FM JUL 1 14168 CLOUDY (SCALE 8-10) 1
DPTR FM NORMAL 20
[CDD (BASE 65) ]
TOTAL THIS MO. 0
DPTR FM NORMAL 0 [PRESSURE DATA]
TOTAL FM JAN 1 0 HIGHEST SLP M ON M
DPTR FM NORMAL 0 LOWEST SLP 29.52 ON 2
[REMARKS]
#FINAL-04-22#