000
CXUS56 KLOX 011655
CF6BUR
PRELIMINARY LOCAL CLIMATOLOGICAL DATA (WS FORM: F-6)
STATION: BOB HOPE AIRPORT (BURBANK) CA
MONTH: APRIL
YEAR: 2020
LATITUDE: 34 12 N
LONGITUDE: 118 22 W
TEMPERATURE IN F: :PCPN: SNOW: WIND :SUNSHINE: SKY :PK WND
================================================================================
1 2 3 4 5 6A 6B 7 8 9 10 11 12 13 14 15 16 17 18
12Z AVG MX 2MIN
DY MAX MIN AVG DEP HDD CDD WTR SNW DPTH SPD SPD DIR MIN PSBL S-S WX SPD DR
================================================================================
1 72 56 64 4 1 0 0.00 0.0 0 6.3 14 190 M M 0 18 130
2 68 55 62 2 3 0 0.00 0.0 0 5.4 15 170 M M 4 19 160
3 68 49 59 -1 6 0 0.00 0.0 0 5.5 14 160 M M 0 18 170
4 67 52 60 0 5 0 T 0.0 0 6.9 14 200 M M 8 18 230
5 60 52 56 -4 9 0 0.18 0.0 0 9.9 16 130 M M 10 1 23 170
6 58 50 54 -6 11 0 0.99 0.0 0 8.5 21 150 M M 9 18 27 140
7 62 47 55 -5 10 0 0.56 M 0 4.2 16 270 M M 8 1 21 130
8 57 48 53 -7 12 0 0.10 M 0 5.4 17 130 M M 7 18 20 130
9 52 48 50 -10 15 0 1.06 M 0 6.1 13 130 M M 9 1 18 110
10 60 47 54 -7 11 0 0.26 M 0 2.4 14 140 M M 8 18 140
11 69 47 58 -3 7 0 0.00 0.0 0 6.2 14 190 M M 1 19 180
12 59 54 57 -4 8 0 0.04 0.0 0 5.7 10 160 M M 10 18 15 100
13 64 51 58 -3 7 0 0.02 0.0 0 3.8 13 210 M M 8 1 16 200
14 80 46 63 2 2 0 0.00 0.0 0 3.9 14 330 M M 0 18 190
15 81 52 67 6 0 2 0.00 0.0 0 4.7 14 180 M M 0 20 160
16 74 52 63 1 2 0 0.00 0.0 0 6.5 15 180 M M 0 21 160
17 65 54 60 -2 5 0 0.00 0.0 0 7.0 16 140 M M 6 20 150
18 63 55 59 -3 6 0 T 0.0 0 3.5 10 200 M M 9 13 170
19 67 52 60 -2 5 0 0.00 0.0 0 5.3 13 200 M M 8 17 180
20 67 53 60 -2 5 0 0.00 0.0 0 4.2 13 220 M M 7 20 200
21 76 53 65 3 0 0 0.00 0.0 0 6.7 15 180 M M 2 22 330
22 92 53 73 11 0 8 0.00 0.0 0 7.5 23 350 M M 0 30 330
23 94 67 81 18 0 16 0.00 0.0 0 9.0 22 340 M M 0 29 360
24 99 64 82 19 0 17 0.00 0.0 0 5.0 16 320 M M 0 21 330
25 93 65 79 16 0 14 0.00 0.0 0 5.4 14 350 M M 0 16 360
26 87 63 75 12 0 10 0.00 0.0 0 5.5 13 160 M M 0 M M
27 82 62 72 9 0 7 0.00 0.0 0 6.0 15 200 M M 0 M M
28 86 62 74 10 0 9 0.00 0.0 0 5.1 14 100 M M 0 20 100
29 81 59 70 6 0 5 0.00 0.0 0 6.4 14 170 M M 1 18 20 110
30 81 60 71 7 0 6 0.00 0.0 0 8.0 16 100 M M 1 18 19 110
================================================================================
SM 2184 1628 130 94 3.21 0.0 176.0 M 116
================================================================================
AV 72.8 54.3 5.9 FASTST M M 4 MAX(MPH)
MISC ----> # 23 350 # 30 330
================================================================================
NOTES:
# LAST OF SEVERAL OCCURRENCES
COLUMN 17 PEAK WIND IN M.P.H.
PRELIMINARY LOCAL CLIMATOLOGICAL DATA (WS FORM: F-6) , PAGE 2
STATION: BOB HOPE AIRPORT (BURBANK) CA
MONTH: APRIL
YEAR: 2020
LATITUDE: 34 12 N
LONGITUDE: 118 22 W
[TEMPERATURE DATA] [PRECIPITATION DATA] SYMBOLS USED IN COLUMN 16
AVERAGE MONTHLY: 63.5 TOTAL FOR MONTH: 3.21 1 = FOG OR MIST
DPTR FM NORMAL: 2.0 DPTR FM NORMAL: 2.10 2 = FOG REDUCING VISIBILITY
HIGHEST: 99 ON 24 GRTST 24HR 1.06 ON 9- 9 TO 1/4 MILE OR LESS
LOWEST: 46 ON 14 3 = THUNDER
SNOW, ICE PELLETS, HAIL 4 = ICE PELLETS
TOTAL MONTH: 0.0 INCH 5 = HAIL
GRTST 24HR 0.0 6 = FREEZING RAIN OR DRIZZLE
GRTST DEPTH: 0 7 = DUSTSTORM OR SANDSTORM:
VSBY 1/2 MILE OR LESS
8 = SMOKE OR HAZE
[NO. OF DAYS WITH] [WEATHER - DAYS WITH] 9 = BLOWING SNOW
X = TORNADO
MAX 32 OR BELOW: 0 0.01 INCH OR MORE: 8
MAX 90 OR ABOVE: 4 0.10 INCH OR MORE: 6
MIN 32 OR BELOW: 0 0.50 INCH OR MORE: 3
MIN 0 OR BELOW: 0 1.00 INCH OR MORE: 1
[HDD (BASE 65) ]
TOTAL THIS MO. 130 CLEAR (SCALE 0-3) 16
DPTR FM NORMAL -8 PTCLDY (SCALE 4-7) 9
TOTAL FM JUL 1 1303 CLOUDY (SCALE 8-10) 5
DPTR FM NORMAL -194
[CDD (BASE 65) ]
TOTAL THIS MO. 94
DPTR FM NORMAL 59 [PRESSURE DATA]
TOTAL FM JAN 1 107 HIGHEST SLP 30.13 ON 14
DPTR FM NORMAL 56 LOWEST SLP 29.77 ON 6
[REMARKS]
#FINAL-04-20#