000
CXUS55 KRIW 011010
CF6COD
PRELIMINARY LOCAL CLIMATOLOGICAL DATA (WS FORM: F-6)
STATION: CODY WY
MONTH: SEPTEMBER
YEAR: 2021
LATITUDE: 44 31 N
LONGITUDE: 109 1 W
TEMPERATURE IN F: :PCPN: SNOW: WIND :SUNSHINE: SKY :PK WND
================================================================================
1 2 3 4 5 6A 6B 7 8 9 10 11 12 13 14 15 16 17 18
12Z AVG MX 2MIN
DY MAX MIN AVG DEP HDD CDD WTR SNW DPTH SPD SPD DIR MIN PSBL S-S WX SPD DR
================================================================================
1 69 52 61 -3 4 0 0.00 M M 6.2 16 50 M M 0 8 M M
2 65 44 55 -9 10 0 0.00 M M 7.0 15 20 M M 0 M M
3 65 45 55 -9 10 0 0.00 M M 6.6 16 20 M M 0 8 22 20
4 78 42 60 -3 5 0 0.00 M M 4.7 12 180 M M 0 M M
5 88 49 69 6 0 4 0.00 M M 5.3 13 210 M M 0 8 16 270
6 89 58 74 11 0 9 0.00 M M 9.2 16 260 M M 0 25 260
7 81 49 65 3 0 0 0.00 M M 3.9 10 20 M M 0 M M
8 84 48 66 4 0 1 0.00 M M 4.8 12 80 M M 0 M M
9 94 59 77 15 0 12 0.00 M M 7.3 15 280 M M 0 8 24 280
10 90 58 74 13 0 9 T M M 6.2 20 240 M M 1 39 230
11 79 61 70 9 0 5 T M M 9.9 16 240 M M 2 39 240
12 81 46 64 4 1 0 0.00 M M 6.6 12 150 M M 1 8 17 150
13 72 49 61 1 4 0 0.00 M M 7.2 14 10 M M 0 16 10
14 72 45 59 -1 6 0 0.00 M M 5.1 13 20 M M 1 22 200
15 82 59 71 12 0 6 0.00 M M 8.6 18 200 M M 0 28 250
16 64 43 54 -5 11 0 0.00 M M 11.7 27 10 M M 2 36 30
17 79 38 59 1 6 0 0.00 M M 8.3 18 150 M M 0 24 150
18 83 52 68 10 0 3 0.00 M M 10.7 24 260 M M 1 8 46 260
19 64 43 54 -4 11 0 T M M 8.7 17 270 M M 5 30 340
20 59 37 48 -9 17 0 T M M 5.6 14 260 M M 7 24 290
21 67 35 51 -6 14 0 0.00 M M 9.3 16 250 M M 0 30 260
22 80 43 62 6 3 0 0.00 M M 7.7 20 190 M M 0 20 250
23 72 48 60 4 5 0 0.00 M M 5.9 15 10 M M 0 M M
24 71 44 58 2 7 0 0.00 M M 3.4 13 170 M M 0 8 M M
25 83 45 64 9 1 0 0.00 M M 8.4 16 270 M M 0 27 270
26 83 60 72 17 0 7 0.00 M M 10.5 17 230 M M 0 30 270
27 85 60 73 19 0 8 0.00 M M 10.2 15 150 M M 0 8 20 230
28 79 46 63 9 2 0 0.00 M M 10.0 18 270 M M 1 31 260
29 54 38 46 -8 19 0 0.00 M M 5.8 15 10 M M 2 M M
30 64 33 49 -4 16 0 0.00 M M 4.5 9 140 M M 0 16 100
================================================================================
SM 2276 1429 152 64 T M 219.3 M 23
================================================================================
AV 75.9 47.6 7.3 FASTST M M 1 MAX(MPH)
MISC ----> 27 10 46 260
================================================================================
NOTES:
# LAST OF SEVERAL OCCURRENCES
COLUMN 17 PEAK WIND IN M.P.H.
PRELIMINARY LOCAL CLIMATOLOGICAL DATA (WS FORM: F-6) , PAGE 2
STATION: CODY WY
MONTH: SEPTEMBER
YEAR: 2021
LATITUDE: 44 31 N
LONGITUDE: 109 1 W
[TEMPERATURE DATA] [PRECIPITATION DATA] SYMBOLS USED IN COLUMN 16
AVERAGE MONTHLY: 61.8 TOTAL FOR MONTH: T 1 = FOG OR MIST
DPTR FM NORMAL: 2.8 DPTR FM NORMAL: M 2 = FOG REDUCING VISIBILITY
HIGHEST: 94 ON 9 GRTST 24HR T ON 10-10 TO 1/4 MILE OR LESS
LOWEST: 33 ON 30 3 = THUNDER
SNOW, ICE PELLETS, HAIL 4 = ICE PELLETS
TOTAL MONTH: M 5 = HAIL
GRTST 24HR M ON M 6 = FREEZING RAIN OR DRIZZLE
GRTST DEPTH: M ON M 7 = DUSTSTORM OR SANDSTORM:
VSBY 1/2 MILE OR LESS
8 = SMOKE OR HAZE
[NO. OF DAYS WITH] [WEATHER - DAYS WITH] 9 = BLOWING SNOW
X = TORNADO
MAX 32 OR BELOW: 0 0.01 INCH OR MORE: 0
MAX 90 OR ABOVE: 2 0.10 INCH OR MORE: 0
MIN 32 OR BELOW: 0 0.50 INCH OR MORE: 0
MIN 0 OR BELOW: 0 1.00 INCH OR MORE: 0
[HDD (BASE 65) ]
TOTAL THIS MO. 152 CLEAR (SCALE 0-3) 28
DPTR FM NORMAL -31 PTCLDY (SCALE 4-7) 2
TOTAL FM JUL 1 219 CLOUDY (SCALE 8-10) 0
DPTR FM NORMAL 219
[CDD (BASE 65) ]
TOTAL THIS MO. 64
DPTR FM NORMAL 64 [PRESSURE DATA]
TOTAL FM JAN 1 631 HIGHEST SLP M ON M
DPTR FM NORMAL 631 LOWEST SLP M ON M
[REMARKS]
#FINAL-09-21#