000
CXUS51 KGYX 020435
CF6CON
PRELIMINARY LOCAL CLIMATOLOGICAL DATA (WS FORM: F-6)
STATION: CONCORD NH
MONTH: OCTOBER
YEAR: 2022
LATITUDE: 43 12 N
LONGITUDE: 71 30 W
TEMPERATURE IN F: :PCPN: SNOW: WIND :SUNSHINE: SKY :PK WND
================================================================================
1 2 3 4 5 6A 6B 7 8 9 10 11 12 13 14 15 16 17 18
12Z AVG MX 2MIN
DY MAX MIN AVG DEP HDD CDD WTR SNW DPTH SPD SPD DIR MIN PSBL S-S WX SPD DR
================================================================================
1 61 40 51 -4 14 0 0.00 0.0 0 4.6 14 30 M M 6 12 14 30
2 58 34 46 -9 19 0 0.00 0.0 0 8.1 20 50 M M 3 1 31 20
3 58 30 44 -10 21 0 0.00 0.0 0 8.7 15 30 M M 0 26 30
4 63 37 50 -4 15 0 0.08 0.0 0 7.4 14 20 M M 3 1 27 90
5 62 50 56 3 9 0 0.01 0.0 0 6.4 15 20 M M 10 21 20
6 75 49 62 9 3 0 0.00 0.0 0 4.1 14 20 M M 4 12 19 20
7 78 46 62 9 3 0 0.00 0.0 0 8.7 16 250 M M 3 23 240
8 59 32 46 -6 19 0 0.00 0.0 0 10.9 22 10 M M 1 30 330
9 64 28 46 -6 19 0 0.00 0.0 0 6.9 16 360 M M 4 23 250
10 55 35 45 -6 20 0 0.10 0.0 0 5.6 14 30 M M 8 12 15 20
11 64 36 50 -1 15 0 0.00 0.0 0 5.3 13 30 M M 5 12 14 20
12 75 33 54 3 11 0 0.00 0.0 0 9.4 15 210 M M 1 1 23 240
13 63 47 55 5 10 0 0.60 0.0 0 9.8 20 120 M M 8 1 31 110
14 64 44 54 4 11 0 0.94 0.0 0 7.4 18 310 M M 8 12 29 120
15 70 39 55 5 10 0 0.00 0.0 0 6.4 13 30 M M 2 12 17 270
16 67 37 52 3 13 0 0.00 0.0 0 M M M M M 3 12 M M
17 53 36 45 -4 20 0 0.09 0.0 0 6.0 14 30 M M 7 1 20 20
18 64 35 50 2 15 0 0.18 0.0 0 8.1 16 220 M M 7 1 23 210
19 57 29 43 -5 22 0 0.00 0.0 0 7.6 16 230 M M 2 12 23 250
20 57 28 43 -5 22 0 0.00 0.0 0 8.9 20 250 M M 0 26 240
21 62 27 45 -3 20 0 0.00 0.0 0 5.1 13 20 M M 1 17 220
22 70 28 49 2 16 0 0.00 0.0 0 7.1 13 30 M M 0 17 170
23 59 34 47 0 18 0 T 0.0 0 4.0 13 20 M M 2 1 14 20
24 58 51 55 9 10 0 0.24 0.0 0 5.0 15 20 M M 10 1 19 10
25 65 56 61 15 4 0 0.31 0.0 0 4.6 13 100 M M 10 12 27 350
26 64 61 63 17 2 0 0.19 0.0 0 5.5 13 100 M M 10 12 16 30
27 64 39 52 7 13 0 0.00 0.0 0 11.5 25 340 M M 2 12 34 360
28 56 29 43 -2 22 0 0.00 0.0 0 6.2 15 360 M M 0 19 20
29 61 26 44 -1 21 0 0.00 0.0 0 5.4 13 120 M M 3 12 15 100
30 69 26 48 4 17 0 0.00 0.0 0 4.7 12 100 M M 0 15 30
31 68 28 48 4 17 0 T 0.0 0 7.1 13 230 M M 2 19 240
================================================================================
SM 1963 1150 451 0 2.74 0.0 206.5 M 125
================================================================================
AV 63.3 37.1 6.9 FASTST M M 4 MAX(MPH)
MISC ----> 25 340 34 360
================================================================================
NOTES:
# LAST OF SEVERAL OCCURRENCES
COLUMN 17 PEAK WIND IN M.P.H.
PRELIMINARY LOCAL CLIMATOLOGICAL DATA (WS FORM: F-6) , PAGE 2
STATION: CONCORD NH
MONTH: OCTOBER
YEAR: 2022
LATITUDE: 43 12 N
LONGITUDE: 71 30 W
[TEMPERATURE DATA] [PRECIPITATION DATA] SYMBOLS USED IN COLUMN 16
AVERAGE MONTHLY: 50.2 TOTAL FOR MONTH: 2.74 1 = FOG OR MIST
DPTR FM NORMAL: 0.9 DPTR FM NORMAL: -1.69 2 = FOG REDUCING VISIBILITY
HIGHEST: 78 ON 7 GRTST 24HR 1.52 ON 13-14 TO 1/4 MILE OR LESS
LOWEST: 26 ON 30,29 3 = THUNDER
SNOW, ICE PELLETS, HAIL 4 = ICE PELLETS
TOTAL MONTH: 0.0 INCH 5 = HAIL
GRTST 24HR 0.0 6 = FREEZING RAIN OR DRIZZLE
GRTST DEPTH: 0 7 = DUSTSTORM OR SANDSTORM:
VSBY 1/2 MILE OR LESS
8 = SMOKE OR HAZE
[NO. OF DAYS WITH] [WEATHER - DAYS WITH] 9 = BLOWING SNOW
X = TORNADO
MAX 32 OR BELOW: 0 0.01 INCH OR MORE: 10
MAX 90 OR ABOVE: 0 0.10 INCH OR MORE: 7
MIN 32 OR BELOW: 11 0.50 INCH OR MORE: 2
MIN 0 OR BELOW: 0 1.00 INCH OR MORE: 0
[HDD (BASE 65) ]
TOTAL THIS MO. 451 CLEAR (SCALE 0-3) 17
DPTR FM NORMAL -37 PTCLDY (SCALE 4-7) 10
TOTAL FM JUL 1 606 CLOUDY (SCALE 8-10) 4
DPTR FM NORMAL -73
[CDD (BASE 65) ]
TOTAL THIS MO. 0
DPTR FM NORMAL -3 [PRESSURE DATA]
TOTAL FM JAN 1 646 HIGHEST SLP 30.60 ON 28
DPTR FM NORMAL 118 LOWEST SLP 29.54 ON 18
[REMARKS]
#FINAL-10-22#