000
CXUS52 KTAE 010900
CF6CTY
PRELIMINARY LOCAL CLIMATOLOGICAL DATA (WS FORM: F-6)
STATION: CROSS CITY
MONTH: DECEMBER
YEAR: 2020
LATITUDE: 29 37 N
LONGITUDE: 83 6 W
TEMPERATURE IN F: :PCPN: SNOW: WIND :SUNSHINE: SKY :PK WND
================================================================================
1 2 3 4 5 6A 6B 7 8 9 10 11 12 13 14 15 16 17 18
12Z AVG MX 2MIN
DY MAX MIN AVG DEP HDD CDD WTR SNW DPTH SPD SPD DIR MIN PSBL S-S WX SPD DR
================================================================================
1 53 28 41 -17 24 0 0.00 0.0 0 6.2 12 360 M M 0 20 320
2 56 24 40 -18 25 0 0.00 0.0 0 3.2 13 40 M M 0 18 40
3 71 28 50 -8 15 0 0.00 0.0 M 3.5 8 40 M M 0 M M
4 74 58 66 8 0 1 0.75 0.0 M 5.4 13 190 M M 8 1 28 230
5 67 42 55 -2 10 0 0.00 0.0 M 5.6 10 20 M M 1 M M
6 62 42 52 -5 13 0 0.17 0.0 M 1.2 6 60 M M 5 1 M M
7 64 46 55 -2 10 0 0.03 0.0 M 6.9 20 270 M M 5 25 270
8 56 32 44 -12 21 0 0.00 0.0 M 6.0 M M M M 0 M M
9 64 29 47 -9 18 0 0.00 0.0 M 2.3 M M M M 0 1 M M
10 71 37 54 -2 11 0 0.00 0.0 M 2.4 14 280 M M 2 12 M M
11 72 37 55 -1 10 0 0.00 0.0 M 1.4 7 220 M M 1 12 M M
12 73 43 58 3 7 0 0.00 0.0 M 1.9 10 160 M M 6 M M
13 80 54 67 12 0 2 0.00 M M 1.6 9 200 M M 4 12 M M
14 76 53 65 10 0 0 0.01 M M 8.0 15 250 M M 4 23 190
15 71 44 58 4 7 0 0.00 M M 5.4 9 30 M M 4 M M
16 67 52 60 6 5 0 0.70 0.0 M 5.8 13 330 M M 9 13 16 240
17 57 38 48 -6 17 0 0.00 0.0 M 7.7 16 280 M M 7 21 280
18 58 27 43 -11 22 0 0.00 0.0 M 4.2 10 10 M M 1 1 M M
19 71 31 51 -3 14 0 0.00 0.0 M 3.7 8 60 M M 2 1 M M
20 73 46 60 6 5 0 0.05 0.0 0 6.0 17 210 M M 8 1 24 210
21 65 43 54 1 11 0 0.00 0.0 0 6.2 14 290 M M 5 1 21 300
22 70 37 54 1 11 0 0.00 0.0 M 1.9 8 40 M M 1 1 M M
23 75 33 54 1 11 0 0.00 0.0 M 2.3 9 120 M M 1 M M
24 75 41 58 5 7 0 0.49 0.0 M 10.4 29 190 M M 4 13 36 190
25 53 27 40 -13 25 0 0.00 0.0 M 8.6 16 270 M M 0 23 300
26 50 22 36 -17 29 0 0.00 0.0 M 1.7 9 330 M M 0 M M
27 67 22 45 -8 20 0 0.00 0.0 0 2.1 9 30 M M 0 M M
28 75 35 55 3 10 0 0.00 0.0 0 1.9 6 30 M M 0 163 0
29 73 38 56 4 9 0 0.00 0.0 M 3.1 8 90 M M 2 M M
30 79 45 62 10 3 0 0.00 0.0 M 4.2 8 70 M M 6 1 M M
31 81 57 69 17 0 4 0.01 0.0 M 5.5 16 170 M M 7 1 25 170
================================================================================
SM 2099 1191 370 7 2.21 0.0 136.3 M 93
================================================================================
AV 67.7 38.4 4.4 FASTST M M 3 MAX(MPH)
MISC ----> 29 190 163 0
================================================================================
NOTES:
# LAST OF SEVERAL OCCURRENCES
COLUMN 17 PEAK WIND IN M.P.H.
PRELIMINARY LOCAL CLIMATOLOGICAL DATA (WS FORM: F-6) , PAGE 2
STATION: CROSS CITY
MONTH: DECEMBER
YEAR: 2020
LATITUDE: 29 37 N
LONGITUDE: 83 6 W
[TEMPERATURE DATA] [PRECIPITATION DATA] SYMBOLS USED IN COLUMN 16
AVERAGE MONTHLY: 53.1 TOTAL FOR MONTH: 2.21 1 = FOG OR MIST
DPTR FM NORMAL: -1.6 DPTR FM NORMAL: -0.31 2 = FOG REDUCING VISIBILITY
HIGHEST: 81 ON 31 GRTST 24HR 0.75 ON 4- 4 TO 1/4 MILE OR LESS
LOWEST: 22 ON 27,26 3 = THUNDER
SNOW, ICE PELLETS, HAIL 4 = ICE PELLETS
TOTAL MONTH: 0.0 INCH 5 = HAIL
GRTST 24HR 0.0 6 = FREEZING RAIN OR DRIZZLE
GRTST DEPTH: 0 7 = DUSTSTORM OR SANDSTORM:
VSBY 1/2 MILE OR LESS
8 = SMOKE OR HAZE
[NO. OF DAYS WITH] [WEATHER - DAYS WITH] 9 = BLOWING SNOW
X = TORNADO
MAX 32 OR BELOW: 0 0.01 INCH OR MORE: 8
MAX 90 OR ABOVE: 0 0.10 INCH OR MORE: 4
MIN 32 OR BELOW: 10 0.50 INCH OR MORE: 2
MIN 0 OR BELOW: 0 1.00 INCH OR MORE: 0
[HDD (BASE 65) ]
TOTAL THIS MO. 370 CLEAR (SCALE 0-3) 17
DPTR FM NORMAL 33 PTCLDY (SCALE 4-7) 13
TOTAL FM JUL 1 430 CLOUDY (SCALE 8-10) 1
DPTR FM NORMAL -76
[CDD (BASE 65) ]
TOTAL THIS MO. 7
DPTR FM NORMAL -11 [PRESSURE DATA]
TOTAL FM JAN 1 3116 HIGHEST SLP M ON M
DPTR FM NORMAL 496 LOWEST SLP M ON M
[REMARKS]
#FINAL-12-20#