000
CXUS52 KTAE 010900
CF6CTY
PRELIMINARY LOCAL CLIMATOLOGICAL DATA (WS FORM: F-6)
STATION: CROSS CITY
MONTH: NOVEMBER
YEAR: 2023
LATITUDE: 29 37 N
LONGITUDE: 83 6 W
TEMPERATURE IN F: :PCPN: SNOW: WIND :SUNSHINE: SKY :PK WND
================================================================================
1 2 3 4 5 6A 6B 7 8 9 10 11 12 13 14 15 16 17 18
12Z AVG MX 2MIN
DY MAX MIN AVG DEP HDD CDD WTR SNW DPTH SPD SPD DIR MIN PSBL S-S WX SPD DR
================================================================================
1 66 46 56 -10 9 0 0.00 0.0 0 10.7 16 30 M M 3 22 360
2 73 41 57 -8 8 0 0.00 M M 10.4 14 30 M M 1 22 50
3 77 54 66 1 0 1 0.00 0.0 M 8.6 14 30 M M 6 20 60
4 79 50 65 0 0 0 0.00 0.0 M 6.3 16 20 M M 5 22 50
5 79 43 61 -3 4 0 0.00 0.0 M 3.7 12 340 M M 0 18 360
6 81 43 62 -2 3 0 0.00 0.0 M 1.6 8 40 M M 0 M M
7 82 46 64 0 1 0 0.00 0.0 0 2.6 12 250 M M 0 M M
8 82 43 63 0 2 0 0.00 0.0 0 2.3 9 210 M M 3 12 M M
9 84 50 67 4 0 2 0.00 0.0 0 1.9 7 230 M M 2 M M
10 86 57 72 9 0 7 0.00 M M 3.3 12 300 M M 3 M M
11 88 59 74 11 0 9 0.00 0.0 M 3.6 10 20 M M 7 1 M M
12 70 59 65 3 0 0 0.00 0.0 0 8.9 12 20 M M 10 1 M M
13 70 57 64 2 1 0 0.00 0.0 0 9.7 14 30 M M 9 21 30
14 70 59 65 3 0 0 0.34 0.0 0 8.6 13 40 M M 7 1 22 40
15 70 61 66 4 0 1 0.34 0.0 0 7.2 10 60 M M 10 1 17 70
16 70 66 68 6 0 3 0.29 0.0 0 8.7 14 30 M M 10 1 21 30
17 73 64 69 8 0 4 0.01 0.0 0 8.1 13 30 M M 10 1 18 20
18 81 63 72 11 0 7 0.00 0.0 0 5.3 9 350 M M 6 1 M M
19 79 54 67 6 0 2 0.00 0.0 0 2.7 10 260 M M 1 M M
20 82 50 66 5 0 1 0.00 0.0 0 2.4 10 210 M M 4 M M
21 81 61 71 11 0 6 0.00 0.0 0 6.6 13 180 M M 3 21 180
22 73 52 63 3 2 0 0.06 0.0 0 7.1 13 290 M M 6 20 280
23 59 43 51 -9 14 0 0.00 0.0 0 3.1 8 20 M M 0 M M
24 63 50 57 -3 8 0 0.12 0.0 0 2.5 6 350 M M 5 1 M M
25 72 45 59 -1 6 0 0.00 0.0 0 3.2 8 50 M M 6 M M
26 61 57 59 -1 6 0 0.93 0.0 M 6.1 13 310 M M 9 1 18 310
27 66 48 57 -2 8 0 0.01 M M 7.0 10 330 M M 3 1 16 320
28 59 34 47 -12 18 0 0.00 0.0 M 5.5 15 10 M M 0 16 350
29 59 28 44 -15 21 0 0.00 0.0 M 3.3 9 360 M M 0 M M
30 72 28 50 -9 15 0 0.00 0.0 M 3.2 8 70 M M 0 M M
================================================================================
SM 2207 1511 126 43 2.10 0.0 164.1 M 129
================================================================================
AV 73.6 50.4 5.5 FASTST M M 4 MAX(MPH)
MISC ----> # 16 30 # 22 360
================================================================================
NOTES:
# LAST OF SEVERAL OCCURRENCES
COLUMN 17 PEAK WIND IN M.P.H.
PRELIMINARY LOCAL CLIMATOLOGICAL DATA (WS FORM: F-6) , PAGE 2
STATION: CROSS CITY
MONTH: NOVEMBER
YEAR: 2023
LATITUDE: 29 37 N
LONGITUDE: 83 6 W
[TEMPERATURE DATA] [PRECIPITATION DATA] SYMBOLS USED IN COLUMN 16
AVERAGE MONTHLY: 62.0 TOTAL FOR MONTH: 2.10 1 = FOG OR MIST
DPTR FM NORMAL: 0.2 DPTR FM NORMAL: 0.00 2 = FOG REDUCING VISIBILITY
HIGHEST: 88 ON 11 GRTST 24HR 0.93 ON 26-26 TO 1/4 MILE OR LESS
LOWEST: 28 ON 30,29 3 = THUNDER
SNOW, ICE PELLETS, HAIL 4 = ICE PELLETS
TOTAL MONTH: 0.0 INCH 5 = HAIL
GRTST 24HR 0.0 6 = FREEZING RAIN OR DRIZZLE
GRTST DEPTH: 0 7 = DUSTSTORM OR SANDSTORM:
VSBY 1/2 MILE OR LESS
8 = SMOKE OR HAZE
[NO. OF DAYS WITH] [WEATHER - DAYS WITH] 9 = BLOWING SNOW
X = TORNADO
MAX 32 OR BELOW: 0 0.01 INCH OR MORE: 8
MAX 90 OR ABOVE: 0 0.10 INCH OR MORE: 5
MIN 32 OR BELOW: 2 0.50 INCH OR MORE: 1
MIN 0 OR BELOW: 0 1.00 INCH OR MORE: 0
[HDD (BASE 65) ]
TOTAL THIS MO. 126 CLEAR (SCALE 0-3) 13
DPTR FM NORMAL -25 PTCLDY (SCALE 4-7) 11
TOTAL FM JUL 1 149 CLOUDY (SCALE 8-10) 6
DPTR FM NORMAL -34
[CDD (BASE 65) ]
TOTAL THIS MO. 43
DPTR FM NORMAL -12 [PRESSURE DATA]
TOTAL FM JAN 1 2917 HIGHEST SLP M ON M
DPTR FM NORMAL 248 LOWEST SLP M ON M
[REMARKS]
#FINAL-11-23#