766
CXUS54 KEWX 011010
CF6ECU
PRELIMINARY LOCAL CLIMATOLOGICAL DATA (WS FORM: F-6)
STATION: Edwards County Airport
MONTH: SEPTEMBER
YEAR: 2020
LATITUDE: 29 57 N
LONGITUDE: 100 10 W
TEMPERATURE IN F: :PCPN: SNOW: WIND :SUNSHINE: SKY :PK WND
================================================================================
1 2 3 4 5 6A 6B 7 8 9 10 11 12 13 14 15 16 17 18
12Z AVG MX 2MIN
DY MAX MIN AVG DEP HDD CDD WTR SNW DPTH SPD SPD DIR MIN PSBL S-S WX SPD DR
================================================================================
1 91 77 84 M 0 19 0.00 M M 11.7 17 150 M M 5 18 27 150
2 88 75 82 M 0 17 0.00 M M 10.2 16 180 M M 4 24 160
3 93 68 81 M 0 16 0.11 M M 7.7 15 240 M M 6 18 120
4 82 66 74 M 0 9 0.14 M M 5.8 9 100 M M 5 1 16 130
5 82 68 75 M 0 10 0.47 M M 6.0 10 190 M M 7 16 110
6 88 66 77 M 0 12 0.00 M M 4.8 13 160 M M 5 M M
7 86 64 75 M 0 10 0.00 M M 10.3 17 180 M M 1 24 180
8 86 72 79 M 0 14 0.14 M M 16.4 21 150 M M 9 31 150
9 75 52 64 M 1 0 1.90 M M 14.7 22 150 M M 10 13 30 150
10 57 50 54 M 11 0 0.91 M M 10.5 15 20 M M 10 1 23 10
11 75 54 65 M 0 0 0.01 M M 4.8 9 20 M M 10 1 13 10
12 86 66 76 M 0 11 0.00 M M 2.7 8 180 M M 2 13 210
13 73 70 72 M 0 7 0.51 M M 5.5 12 320 M M 8 1 M M
14 82 66 74 M 0 9 0.00 M M 6.7 9 40 M M 4 15 99
15 84 63 74 M 0 9 0.00 M M 5.5 8 360 M M 1 14 350
16 82 68 75 M 0 10 1.42 M M 4.4 9 300 M M 4 3 M M
17 82 66 74 M 0 9 0.00 M M 6.3 13 360 M M 2 22 30
18 82 64 73 M 0 8 0.00 M M 6.6 10 10 M M 3 20 350
19 79 61 70 M 0 5 0.00 M M 6.6 14 30 M M 5 20 30
20 81 55 68 M 0 3 0.00 M M 6.1 9 50 M M 5 14 60
21 77 61 69 M 0 4 0.03 M M 8.2 14 10 M M 9 1 20 10
22 77 66 72 M 0 7 0.00 M M 7.5 13 20 M M 8 17 10
23 79 63 71 M 0 6 0.00 M M 4.8 8 350 M M 5 15 99
24 82 59 71 M 0 6 0.00 M M 2.3 7 320 M M 2 12 M M
25 82 61 72 M 0 7 0.00 M M 7.0 12 170 M M 3 12 17 160
26 86 68 77 M 0 12 0.00 M M 12.1 17 160 M M 4 1 23 160
27 91 70 81 M 0 16 0.00 M M 10.9 17 160 M M 3 25 160
28 77 59 68 M 0 3 0.00 M M 14.2 23 20 M M 8 36 20
29 77 52 65 M 0 0 0.00 M M 4.1 8 360 M M 1 13 300
30 82 61 72 M 0 7 0.00 M M 5.5 9 160 M M 3 14 210
================================================================================
SM 2444 1911 12 246 5.64 M 229.9 M 152
================================================================================
AV 81.5 63.7 7.7 FASTST M M 5 MAX(MPH)
MISC ----> # 23 20 # 36 20
================================================================================
NOTES:
# LAST OF SEVERAL OCCURRENCES
COLUMN 17 PEAK WIND IN M.P.H.
PRELIMINARY LOCAL CLIMATOLOGICAL DATA (WS FORM: F-6) , PAGE 2
STATION: Edwards County Airport
MONTH: SEPTEMBER
YEAR: 2020
LATITUDE: 29 57 N
LONGITUDE: 100 10 W
[TEMPERATURE DATA] [PRECIPITATION DATA] SYMBOLS USED IN COLUMN 16
AVERAGE MONTHLY: 72.6 TOTAL FOR MONTH: 5.64 1 = FOG OR MIST
DPTR FM NORMAL: M DPTR FM NORMAL: M 2 = FOG REDUCING VISIBILITY
HIGHEST: 93 ON 3 GRTST 24HR 1.90 ON 9- 9 TO 1/4 MILE OR LESS
LOWEST: 50 ON 10 3 = THUNDER
SNOW, ICE PELLETS, HAIL 4 = ICE PELLETS
TOTAL MONTH: M 5 = HAIL
GRTST 24HR M ON M 6 = FREEZING RAIN OR DRIZZLE
GRTST DEPTH: M ON M 7 = DUSTSTORM OR SANDSTORM:
VSBY 1/2 MILE OR LESS
8 = SMOKE OR HAZE
[NO. OF DAYS WITH] [WEATHER - DAYS WITH] 9 = BLOWING SNOW
X = TORNADO
MAX 32 OR BELOW: 0 0.01 INCH OR MORE: 10
MAX 90 OR ABOVE: 3 0.10 INCH OR MORE: 8
MIN 32 OR BELOW: 0 0.50 INCH OR MORE: 4
MIN 0 OR BELOW: 0 1.00 INCH OR MORE: 2
[HDD (BASE 65) ]
TOTAL THIS MO. 12 CLEAR (SCALE 0-3) 10
DPTR FM NORMAL M PTCLDY (SCALE 4-7) 14
TOTAL FM JUL 1 12 CLOUDY (SCALE 8-10) 6
DPTR FM NORMAL M
[CDD (BASE 65) ]
TOTAL THIS MO. 246
DPTR FM NORMAL M [PRESSURE DATA]
TOTAL FM JAN 1 2330 HIGHEST SLP M ON M
DPTR FM NORMAL M LOWEST SLP M ON M
[REMARKS]
#FINAL-09-20#