000
CXUS54 KMAF 011952
CF6FST
PRELIMINARY LOCAL CLIMATOLOGICAL DATA (WS FORM: F-6)
STATION: FORT STOCKTON
MONTH: JULY
YEAR: 2022
LATITUDE: 30 55 N
LONGITUDE: 102 55 W
TEMPERATURE IN F: :PCPN: SNOW: WIND :SUNSHINE: SKY :PK WND
================================================================================
1 2 3 4 5 6A 6B 7 8 9 10 11 12 13 14 15 16 17 18
12Z AVG MX 2MIN
DY MAX MIN AVG DEP HDD CDD WTR SNW DPTH SPD SPD DIR MIN PSBL S-S WX SPD DR
================================================================================
1 98 75 87 5 0 22 0.00 0.0 0 10.2 20 160 M M 1 3 25 160
2 97 76 87 5 0 22 0.00 0.0 0 12.8 33 150 M M 1 38 40 150
3 94 72 83 1 0 18 0.00 0.0 0 13.7 23 140 M M 0 31 120
4 95 74 85 3 0 20 0.47 0.0 0 11.4 28 220 M M 1 38 34 220
5 97 73 85 3 0 20 0.05 0.0 0 10.2 26 170 M M 1 3 34 170
6 98 71 85 3 0 20 0.00 0.0 0 9.8 18 150 M M 0 27 140
7 102 75 89 7 0 24 0.00 0.0 0 8.5 17 150 M M 0 23 150
8 100 73 87 5 0 22 0.00 0.0 0 7.7 18 120 M M 0 24 110
9 98 78 88 6 0 23 0.01 0.0 0 9.6 29 110 M M 1 3 36 120
10 99 73 86 4 0 21 0.00 0.0 0 8.3 25 180 M M 0 29 180
11 103 75 89 7 0 24 0.00 0.0 0 6.9 15 90 M M 0 22 80
12 102 70 86 4 0 21 0.00 0.0 0 9.4 22 120 M M 1 27 120
13 98 73 86 4 0 21 T 0.0 0 9.0 24 210 M M 1 3 31 210
14 99 70 85 3 0 20 0.00 0.0 0 9.7 36 110 M M 0 8 48 110
15 96 72 84 2 0 19 0.00 0.0 0 11.3 21 90 M M 0 27 90
16 96 72 84 2 0 19 0.00 0.0 0 10.1 18 130 M M 0 23 130
17 99 73 86 3 0 21 0.00 0.0 0 10.4 18 120 M M 0 25 110
18 100 71 86 3 0 21 0.00 0.0 0 9.7 20 110 M M 0 30 120
19 104 74 89 6 0 24 0.00 0.0 0 11.8 18 110 M M 0 27 120
20 104 76 90 7 0 25 0.00 0.0 0 11.4 21 130 M M 0 26 140
21 100 79 90 7 0 25 0.00 0.0 0 11.5 21 110 M M 0 25 90
22 99 78 89 6 0 24 0.00 0.0 0 12.3 23 110 M M 0 8 29 110
23 98 75 87 4 0 22 0.00 0.0 0 15.7 25 130 M M 0 32 140
24 97 78 88 5 0 23 T 0.0 0 13.8 23 130 M M 2 3 28 140
25 99 77 88 5 0 23 0.00 0.0 0 13.8 23 140 M M 1 31 140
26 101 76 89 6 0 24 0.00 0.0 0 11.5 22 150 M M 1 3 31 140
27 99 77 88 5 0 23 0.00 0.0 0 11.6 22 130 M M 0 27 140
28 98 75 87 4 0 22 0.00 0.0 0 13.3 23 120 M M 0 30 130
29 97 76 87 4 0 22 0.00 0.0 0 13.7 23 120 M M 0 30 120
30 99 75 87 4 0 22 0.00 0.0 0 12.3 22 120 M M 0 28 120
31 100 76 88 5 0 23 0.00 0.0 0 12.4 21 140 M M 0 35 110
================================================================================
SM 3066 2308 0 680 0.53 0.0 343.8 M 11
================================================================================
AV 98.9 74.5 11.1 FASTST M M 0 MAX(MPH)
MISC ----> 36 110 48 110
================================================================================
NOTES:
# LAST OF SEVERAL OCCURRENCES
COLUMN 17 PEAK WIND IN M.P.H.
PRELIMINARY LOCAL CLIMATOLOGICAL DATA (WS FORM: F-6) , PAGE 2
STATION: FORT STOCKTON
MONTH: JULY
YEAR: 2022
LATITUDE: 30 55 N
LONGITUDE: 102 55 W
[TEMPERATURE DATA] [PRECIPITATION DATA] SYMBOLS USED IN COLUMN 16
AVERAGE MONTHLY: 86.7 TOTAL FOR MONTH: 0.53 1 = FOG OR MIST
DPTR FM NORMAL: 4.1 DPTR FM NORMAL: -1.16 2 = FOG REDUCING VISIBILITY
HIGHEST: 104 ON 20,19 GRTST 24HR 0.47 ON 4- 4 TO 1/4 MILE OR LESS
LOWEST: 70 ON 14,12 3 = THUNDER
SNOW, ICE PELLETS, HAIL 4 = ICE PELLETS
TOTAL MONTH: 0.0 INCH 5 = HAIL
GRTST 24HR 0.0 6 = FREEZING RAIN OR DRIZZLE
GRTST DEPTH: 0 7 = DUSTSTORM OR SANDSTORM:
VSBY 1/2 MILE OR LESS
8 = SMOKE OR HAZE
[NO. OF DAYS WITH] [WEATHER - DAYS WITH] 9 = BLOWING SNOW
X = TORNADO
MAX 32 OR BELOW: 0 0.01 INCH OR MORE: 3
MAX 90 OR ABOVE: 31 0.10 INCH OR MORE: 1
MIN 32 OR BELOW: 0 0.50 INCH OR MORE: 0
MIN 0 OR BELOW: 0 1.00 INCH OR MORE: 0
[HDD (BASE 65) ]
TOTAL THIS MO. 0 CLEAR (SCALE 0-3) 31
DPTR FM NORMAL 0 PTCLDY (SCALE 4-7) 0
TOTAL FM JUL 1 0 CLOUDY (SCALE 8-10) 0
DPTR FM NORMAL 0
[CDD (BASE 65) ]
TOTAL THIS MO. 680
DPTR FM NORMAL 134 [PRESSURE DATA]
TOTAL FM JAN 1 2056 HIGHEST SLP 30.03 ON 9
DPTR FM NORMAL 471 LOWEST SLP 29.71 ON 20
[REMARKS]
#FINAL-07-22#