000
CXUS55 KALY 010710
CF6GFL
PRELIMINARY LOCAL CLIMATOLOGICAL DATA (WS FORM: F-6)
STATION: GLENS FALLS NY
MONTH: SEPTEMBER
YEAR: 2020
LATITUDE: 43 20 N
LONGITUDE: 73 37 W
TEMPERATURE IN F: :PCPN: SNOW: WIND :SUNSHINE: SKY :PK WND
================================================================================
1 2 3 4 5 6A 6B 7 8 9 10 11 12 13 14 15 16 17 18
12Z AVG MX 2MIN
DY MAX MIN AVG DEP HDD CDD WTR SNW DPTH SPD SPD DIR MIN PSBL S-S WX SPD DR
================================================================================
1 72 50 61 -3 4 0 0.00 M M 3.0 15 210 M M 9 1 18 200
2 72 62 67 3 0 2 0.23 M M 5.0 13 360 M M 10 17 200
3 74 54 64 1 1 0 0.00 M M 2.0 10 300 M M 2 1 12 290
4 76 49 63 0 2 0 0.00 M M 6.1 16 300 M M 2 1 22 300
5 74 41 58 -5 7 0 T M M 4.0 14 240 M M 5 1 21 240
6 76 50 63 1 2 0 T M M 1.9 13 150 M M 2 1 14 150
7 79 49 64 2 1 0 0.00 M M 8.1 26 180 M M 3 1 36 200
8 82 55 69 7 0 4 0.00 M M 3.7 10 160 M M 1 1 14 160
9 82 53 68 7 0 3 0.00 M M 3.7 10 200 M M 0 1 14 210
10 77 54 66 5 0 1 0.01 M M 5.7 15 40 M M 6 1 19 60
11 63 41 52 -8 13 0 0.00 M M 10.4 18 60 M M 5 1 22 70
12 69 36 53 -7 12 0 0.00 M M 2.7 13 210 M M 0 1 17 180
13 74 46 60 0 5 0 0.01 M M 7.6 21 190 M M 5 1 28 200
14 69 40 55 -4 10 0 0.00 M M 7.5 20 320 M M 2 1 27 330
15 60 32 46 -13 19 0 0.00 M M 2.0 8 160 M M 0 1 12 190
16 70 36 53 -5 12 0 0.00 M M 7.4 18 190 M M 0 1 24 210
17 60 46 53 -5 12 0 0.03 M M 4.4 12 220 M M 7 1 15 220
18 62 36 49 -9 16 0 0.00 M M 8.5 22 40 M M 3 28 40
19 59 28 44 -13 21 0 0.00 M M 3.1 13 120 M M 1 16 100
20 61 29 45 -12 20 0 0.00 M M 2.4 15 80 M M 1 18 90
21 63 27 45 -11 20 0 0.00 M M 0.8 7 80 M M 0 1 10 70
22 67 27 47 -9 18 0 0.00 M M 2.8 14 30 M M 0 1 16 30
23 77 35 56 0 9 0 0.00 M M 3.2 16 320 M M 2 21 330
24 74 41 58 3 7 0 0.00 M M 3.4 14 200 M M 1 12 19 190
25 78 45 62 7 3 0 0.00 M M 2.3 13 180 M M 1 12 19 200
26 78 46 62 8 3 0 0.00 M M 5.8 16 210 M M 6 128 22 190
27 77 67 72 18 0 7 T M M 8.1 20 190 M M 9 24 190
28 77 62 70 17 0 5 0.21 M M 5.5 18 190 M M 7 12 25 160
29 75 58 67 14 0 2 0.95 M M 7.8 23 190 M M 10 1 29 200
30 66 45 56 4 9 0 1.36 M M 7.2 18 220 M M 7 1 26 210
================================================================================
SM 2143 1340 226 24 2.80 M 146.1 M 107
================================================================================
AV 71.4 44.7 4.9 FASTST M M 4 MAX(MPH)
MISC ----> 26 180 36 200
================================================================================
NOTES:
# LAST OF SEVERAL OCCURRENCES
COLUMN 17 PEAK WIND IN M.P.H.
PRELIMINARY LOCAL CLIMATOLOGICAL DATA (WS FORM: F-6) , PAGE 2
STATION: GLENS FALLS NY
MONTH: SEPTEMBER
YEAR: 2020
LATITUDE: 43 20 N
LONGITUDE: 73 37 W
[TEMPERATURE DATA] [PRECIPITATION DATA] SYMBOLS USED IN COLUMN 16
AVERAGE MONTHLY: 58.1 TOTAL FOR MONTH: 2.80 1 = FOG OR MIST
DPTR FM NORMAL: -0.4 DPTR FM NORMAL: -0.58 2 = FOG REDUCING VISIBILITY
HIGHEST: 82 ON 9, 8 GRTST 24HR 2.31 ON 29-30 TO 1/4 MILE OR LESS
LOWEST: 27 ON 22,21 3 = THUNDER
SNOW, ICE PELLETS, HAIL 4 = ICE PELLETS
TOTAL MONTH: M 5 = HAIL
GRTST 24HR M ON M 6 = FREEZING RAIN OR DRIZZLE
GRTST DEPTH: M ON M 7 = DUSTSTORM OR SANDSTORM:
VSBY 1/2 MILE OR LESS
8 = SMOKE OR HAZE
[NO. OF DAYS WITH] [WEATHER - DAYS WITH] 9 = BLOWING SNOW
X = TORNADO
MAX 32 OR BELOW: 0 0.01 INCH OR MORE: 7
MAX 90 OR ABOVE: 0 0.10 INCH OR MORE: 4
MIN 32 OR BELOW: 5 0.50 INCH OR MORE: 2
MIN 0 OR BELOW: 0 1.00 INCH OR MORE: 1
[HDD (BASE 65) ]
TOTAL THIS MO. 226 CLEAR (SCALE 0-3) 18
DPTR FM NORMAL 7 PTCLDY (SCALE 4-7) 8
TOTAL FM JUL 1 260 CLOUDY (SCALE 8-10) 4
DPTR FM NORMAL -26
[CDD (BASE 65) ]
TOTAL THIS MO. 24
DPTR FM NORMAL 0 [PRESSURE DATA]
TOTAL FM JAN 1 567 HIGHEST SLP M ON M
DPTR FM NORMAL 216 LOWEST SLP 29.43 ON 30
[REMARKS]
#FINAL-09-20#