000
CXUS55 KBOU 011000
CF6GXY
PRELIMINARY LOCAL CLIMATOLOGICAL DATA (WS FORM: F-6)
STATION: GREELEY CO
MONTH: FEBRUARY
YEAR: 2021
LATITUDE: 40 25 N
LONGITUDE: 104 38 W
TEMPERATURE IN F: :PCPN: SNOW: WIND :SUNSHINE: SKY :PK WND
================================================================================
1 2 3 4 5 6A 6B 7 8 9 10 11 12 13 14 15 16 17 18
12Z AVG MX 2MIN
DY MAX MIN AVG DEP HDD CDD WTR SNW DPTH SPD SPD DIR MIN PSBL S-S WX SPD DR
================================================================================
1 51 13 32 M 33 0 0.00 M M 3.1 7 320 M M 0 M M
2 64 17 41 M 24 0 0.00 M M 3.7 8 310 M M 0 M M
3 60 21 41 M 24 0 0.00 M M 13.2 31 320 M M 2 43 320
4 43 15 29 M 36 0 0.00 M M 13.1 30 290 M M 1 37 290
5 41 21 31 M 34 0 0.00 M M 5.2 14 120 M M 7 M M
6 32 20 26 M 39 0 0.00 M M 9.7 16 130 M M 5 M M
7 55 8 32 M 33 0 T M M 10.6 32 300 M M 5 47 300
8 24 9 17 M 48 0 T M M 6.5 13 120 M M 5 16 100
9 28 7 18 M 47 0 T M M 5.7 12 120 M M 5 1 M M
10 23 10 17 M 48 0 T M M 9.0 16 40 M M 10 1 M M
11 17 2 10 M 55 0 T M M 8.5 16 40 M M 10 1 M M
12 16 -3 7 M 58 0 T M M 10.1 15 50 M M 10 8 20 50
13 5 -4 1 M 64 0 T M M 9.0 18 20 M M 10 1 M M
14 6 -21 -7 M 72 0 0.02 M M 6.9 10 100 M M 6 8 M M
15 12 -15 -1 M 66 0 T M M 2.0 6 110 M M 4 M M
16 29 -4 13 M 52 0 T M M 2.9 12 40 M M 5 1 M M
17 35 18 27 M 38 0 0.01 M M 4.2 13 50 M M 10 1 M M
18 34 3 19 M 46 0 T M M 2.9 7 70 M M 7 M M
19 42 0 21 M 44 0 0.00 M M 7.4 23 310 M M 2 8 31 310
20 47 10 29 M 36 0 T M M 6.1 17 360 M M 3 20 20
21 46 23 35 M 30 0 0.00 M M 10.5 22 340 M M 1 32 360
22 62 19 41 M 24 0 0.00 M M 7.6 25 300 M M 0 31 300
23 61 21 41 M 24 0 0.00 M M 14.3 35 310 M M 0 45 310
24 44 16 30 M 35 0 T M M 9.3 23 10 M M 5 29 10
25 37 18 28 M 37 0 T M M 3.5 9 210 M M 6 1 M M
26 48 15 32 M 33 0 0.00 M M 8.4 20 340 M M 1 23 270
27 44 22 33 M 32 0 T M M 11.8 28 290 M M 4 37 290
28 42 15 29 M 36 0 0.00 M M 8.5 23 330 M M 0 M M
================================================================================
SM 1048 276 1148 0 0.03 M 213.6 M 124
================================================================================
AV 37.4 9.9 7.6 FASTST M M 4 MAX(MPH)
MISC ----> 35 310 47 300
================================================================================
NOTES:
# LAST OF SEVERAL OCCURRENCES
COLUMN 17 PEAK WIND IN M.P.H.
PRELIMINARY LOCAL CLIMATOLOGICAL DATA (WS FORM: F-6) , PAGE 2
STATION: GREELEY CO
MONTH: FEBRUARY
YEAR: 2021
LATITUDE: 40 25 N
LONGITUDE: 104 38 W
[TEMPERATURE DATA] [PRECIPITATION DATA] SYMBOLS USED IN COLUMN 16
AVERAGE MONTHLY: 23.6 TOTAL FOR MONTH: 0.03 1 = FOG OR MIST
DPTR FM NORMAL: 0.0 DPTR FM NORMAL: 0.03 2 = FOG REDUCING VISIBILITY
HIGHEST: 64 ON 2 GRTST 24HR 0.02 ON 13-14 TO 1/4 MILE OR LESS
LOWEST: -21 ON 14 3 = THUNDER
SNOW, ICE PELLETS, HAIL 4 = ICE PELLETS
TOTAL MONTH: M 5 = HAIL
GRTST 24HR M ON M 6 = FREEZING RAIN OR DRIZZLE
GRTST DEPTH: M ON M 7 = DUSTSTORM OR SANDSTORM:
VSBY 1/2 MILE OR LESS
8 = SMOKE OR HAZE
[NO. OF DAYS WITH] [WEATHER - DAYS WITH] 9 = BLOWING SNOW
X = TORNADO
MAX 32 OR BELOW: 10 0.01 INCH OR MORE: 2
MAX 90 OR ABOVE: 0 0.10 INCH OR MORE: 0
MIN 32 OR BELOW: 28 0.50 INCH OR MORE: 0
MIN 0 OR BELOW: 6 1.00 INCH OR MORE: 0
[HDD (BASE 65) ]
TOTAL THIS MO. 1148 CLEAR (SCALE 0-3) 11
DPTR FM NORMAL M PTCLDY (SCALE 4-7) 12
TOTAL FM JUL 1 4876 CLOUDY (SCALE 8-10) 5
DPTR FM NORMAL M
[CDD (BASE 65) ]
TOTAL THIS MO. 0
DPTR FM NORMAL M [PRESSURE DATA]
TOTAL FM JAN 1 0 HIGHEST SLP 30.60 ON 14
DPTR FM NORMAL M LOWEST SLP 29.59 ON 7
[REMARKS]
#FINAL-02-21#