000
CXUS51 KPBZ 010730
CF6HLG
PRELIMINARY LOCAL CLIMATOLOGICAL DATA (WS FORM: F-6)
STATION: WHEELING WV
MONTH: SEPTEMBER
YEAR: 2020
LATITUDE: 40 10 N
LONGITUDE: 80 39 W
TEMPERATURE IN F: :PCPN: SNOW: WIND :SUNSHINE: SKY :PK WND
================================================================================
1 2 3 4 5 6A 6B 7 8 9 10 11 12 13 14 15 16 17 18
12Z AVG MX 2MIN
DY MAX MIN AVG DEP HDD CDD WTR SNW DPTH SPD SPD DIR MIN PSBL S-S WX SPD DR
================================================================================
1 86 67 77 8 0 12 T M M 4.1 12 190 M M 7 16 200
2 80 71 76 7 0 11 0.90 M M 8.8 17 240 M M 7 1 25 240
3 77 66 72 4 0 7 0.32 M M 4.2 13 220 M M 6 1 19 230
4 78 56 67 -1 0 2 0.00 M M 7.5 16 290 M M 2 20 300
5 78 51 65 -3 0 0 0.00 M M 6.8 15 220 M M 0 12 20 230
6 78 59 69 1 0 4 0.00 M M 6.4 12 230 M M 2 18 230
7 83 64 74 7 0 9 0.18 M M 10.2 21 350 M M 2 1 26 350
8 85 62 74 7 0 9 0.00 M M 3.4 9 140 M M 0 1 17 140
9 86 62 74 7 0 9 0.00 M M 3.9 12 110 M M 0 1 13 100
10 86 63 75 9 0 10 0.00 M M 4.6 16 340 M M 2 19 340
11 76 61 69 3 0 4 0.00 M M 6.9 13 360 M M 7 16 10
12 83 59 71 5 0 6 0.00 M M 6.0 14 190 M M 6 17 180
13 76 67 72 7 0 7 0.13 M M 7.3 13 350 M M 7 1 17 220
14 71 52 62 -3 3 0 0.00 M M 8.0 17 330 M M 2 12 23 330
15 68 45 57 -8 8 0 0.00 M M 3.5 10 50 M M 0 11 80
16 76 47 62 -2 3 0 0.00 M M 5.0 12 210 M M 0 14 210
17 73 54 64 0 1 0 0.00 M M 4.6 13 360 M M 3 12 16 360
18 67 48 58 -6 7 0 0.00 M M 10.5 20 340 M M 6 24 340
19 64 40 52 -11 13 0 0.00 M M 8.1 16 50 M M 0 23 100
20 68 37 53 -10 12 0 0.00 M M 7.2 18 70 M M 0 23 60
21 67 42 55 -7 10 0 0.00 M M 6.6 15 140 M M 0 20 110
22 71 37 54 -8 11 0 0.00 M M 2.7 9 300 M M 1 12 14 270
23 78 49 64 2 1 0 0.00 M M 5.7 13 250 M M 0 19 210
24 76 57 67 6 0 2 0.00 M M 4.3 8 190 M M 0 M M
25 79 53 66 5 0 1 0.00 M M 4.8 13 140 M M 0 12 17 100
26 77 57 67 6 0 2 0.00 M M 5.4 12 220 M M 4 19 210
27 80 61 71 11 0 6 0.00 M M 8.2 17 210 M M 4 21 190
28 80 57 69 9 0 4 0.18 M M 10.2 21 300 M M 6 1 27 260
29 60 52 56 -3 9 0 0.17 M M 4.8 13 260 M M 9 1 16 270
30 63 49 56 -3 9 0 T M M 12.6 28 190 M M 8 37 200
================================================================================
SM 2270 1645 87 105 1.88 M 192.3 M 91
================================================================================
AV 75.7 54.8 6.4 FASTST M M 3 MAX(MPH)
MISC ----> 28 190 37 200
================================================================================
NOTES:
# LAST OF SEVERAL OCCURRENCES
COLUMN 17 PEAK WIND IN M.P.H.
PRELIMINARY LOCAL CLIMATOLOGICAL DATA (WS FORM: F-6) , PAGE 2
STATION: WHEELING WV
MONTH: SEPTEMBER
YEAR: 2020
LATITUDE: 40 10 N
LONGITUDE: 80 39 W
[TEMPERATURE DATA] [PRECIPITATION DATA] SYMBOLS USED IN COLUMN 16
AVERAGE MONTHLY: 65.3 TOTAL FOR MONTH: 1.88 1 = FOG OR MIST
DPTR FM NORMAL: 0.9 DPTR FM NORMAL: -0.32 2 = FOG REDUCING VISIBILITY
HIGHEST: 86 ON 10, 9 GRTST 24HR 0.90 ON 2- 2 TO 1/4 MILE OR LESS
LOWEST: 37 ON 22,20 3 = THUNDER
SNOW, ICE PELLETS, HAIL 4 = ICE PELLETS
TOTAL MONTH: M 5 = HAIL
GRTST 24HR M ON M 6 = FREEZING RAIN OR DRIZZLE
GRTST DEPTH: M ON M 7 = DUSTSTORM OR SANDSTORM:
VSBY 1/2 MILE OR LESS
8 = SMOKE OR HAZE
[NO. OF DAYS WITH] [WEATHER - DAYS WITH] 9 = BLOWING SNOW
X = TORNADO
MAX 32 OR BELOW: 0 0.01 INCH OR MORE: 6
MAX 90 OR ABOVE: 0 0.10 INCH OR MORE: 6
MIN 32 OR BELOW: 0 0.50 INCH OR MORE: 1
MIN 0 OR BELOW: 0 1.00 INCH OR MORE: 0
[HDD (BASE 65) ]
TOTAL THIS MO. 87 CLEAR (SCALE 0-3) 17
DPTR FM NORMAL -3 PTCLDY (SCALE 4-7) 12
TOTAL FM JUL 1 87 CLOUDY (SCALE 8-10) 1
DPTR FM NORMAL -15
[CDD (BASE 65) ]
TOTAL THIS MO. 105
DPTR FM NORMAL 35 [PRESSURE DATA]
TOTAL FM JAN 1 1020 HIGHEST SLP 30.55 ON 21
DPTR FM NORMAL 342 LOWEST SLP 29.69 ON 28
[REMARKS]
#FINAL-09-20#