000
CXUS53 KILX 011446
CLMILX
CLIMATE REPORT
NATIONAL WEATHER SERVICE LINCOLN IL
946 AM CDT MON MAY 01 2023
...................................
...THE LINCOLN IL CLIMATE SUMMARY FOR THE MONTH OF APRIL 2023...
CLIMATE NORMAL PERIOD 1991 TO 2020
CLIMATE RECORD PERIOD 1905 TO 2023
WEATHER OBSERVED NORMAL DEPART LAST YEAR`S
VALUE DATE(S) VALUE FROM VALUE
NORMAL
..............................................................
TEMPERATURE (F)
RECORD
HIGH 93 04/11/1930
LOW 04/02/2018
HIGHEST 84 04/04 MM MM 83
04/14
LOWEST 26 04/24 MM MM 29
AVG. MAXIMUM 67.6 64.4 3.2 60.4
AVG. MINIMUM 39.0 40.8 -1.8 39.2
MEAN 53.3 52.6 0.7 49.8
DAYS MAX >= 90 0 0.0 0.0 0
DAYS MAX <= 32 0 0.0 0.0 0
DAYS MIN <= 32 7 5.8 1.2 6
DAYS MIN <= 0 0 0.0 0.0 0
PRECIPITATION (INCHES)
RECORD
MAXIMUM 10.39 1957
MINIMUM 0.56 1971
TOTALS 1.57 4.24 -2.67 3.05
DAILY AVG. 0.05 0.14 -0.09 0.10
DAYS >= .01 8 11.8 -3.8 16
DAYS >= .10 4 7.3 -3.3 8
DAYS >= .50 1 2.6 -1.6 1
DAYS >= 1.00 0 0.8 -0.8 0
GREATEST
24 HR. TOTAL 0.58 04/05 TO 04/05 0.74
SNOWFALL (INCHES)
RECORDS
TOTAL 7.8 1920
TOTALS T 0.0 0.0 T
SINCE 7/1 7.6 19.3 -11.7 MM
DAYS >= 1.0 0 0.1 -0.1 0
GREATEST
SNOW DEPTH 0 0
24 HR TOTAL MM T
DEGREE DAYS
HEATING TOTAL 354 383 -29 458
SINCE 7/1 5039 5477 -438 MM
COOLING TOTAL 11 11 0 11
SINCE 1/1 11 13 -2 MM
..............................................................
WIND (MPH)
AVERAGE WIND SPEED MM
HIGHEST WIND SPEED/DIRECTION MM DATE MM
HIGHEST GUST SPEED/DIRECTION MM DATE MM
AVERAGE RH (PERCENT) MM
WEATHER CONDITIONS. NUMBER OF DAYS WITH
THUNDERSTORM 3 MIXED PRECIP 0
HEAVY RAIN 2 RAIN 4
LIGHT RAIN 11 FREEZING RAIN 0
LT FREEZING RAIN 0 HAIL 0
HEAVY SNOW 0 SNOW 0
LIGHT SNOW 1 SLEET 2
FOG 4 FOG W/VIS <= 1/4 MILE 0
HAZE 1
- INDICATES NEGATIVE NUMBERS.
R INDICATES RECORD WAS SET OR TIED.
MM INDICATES DATA IS MISSING.
T INDICATES TRACE AMOUNT.
$$