000
CXUS51 KCTP 010900
CF6JST
PRELIMINARY LOCAL CLIMATOLOGICAL DATA (WS FORM: F-6)
STATION: JOHNSTOWN
MONTH: FEBRUARY
YEAR: 2023
LATITUDE: 40 18 N
LONGITUDE: 78 50 W
TEMPERATURE IN F: :PCPN: SNOW: WIND :SUNSHINE: SKY :PK WND
================================================================================
1 2 3 4 5 6A 6B 7 8 9 10 11 12 13 14 15 16 17 18
12Z AVG MX 2MIN
DY MAX MIN AVG DEP HDD CDD WTR SNW DPTH SPD SPD DIR MIN PSBL S-S WX SPD DR
================================================================================
1 23 12 18 -8 47 0 T M M 9.0 15 300 M M 4 1 20 280
2 32 15 24 -2 41 0 0.00 M M 12.3 26 250 M M 0 37 270
3 27 4 16 -11 49 0 T M M 20.6 31 290 M M 9 18 41 320
4 37 2 20 -7 45 0 0.00 M M 10.0 20 300 M M 2 25 300
5 49 34 42 15 23 0 T M M 13.0 26 230 M M 3 36 210
6 42 26 34 7 31 0 T M M 9.1 18 310 M M 10 1 23 300
7 55 24 40 13 25 0 0.24 M M 9.2 22 240 M M 5 1 30 240
8 45 33 39 12 26 0 0.00 M M 7.0 25 290 M M 5 18 32 280
9 64 40 52 24 13 0 T M M 14.4 33 290 M M 7 43 280
10 54 32 43 15 22 0 T M M 17.3 33 270 M M 9 8 50 280
11 38 25 32 4 33 0 0.00 M M 8.5 25 310 M M 4 38 290
12 43 26 35 7 30 0 0.00 M M 3.7 9 40 M M 0 12 40
13 50 27 39 11 26 0 0.00 M M 13.5 29 270 M M 0 40 270
14 53 29 41 13 24 0 0.00 M M 8.0 16 300 M M 1 23 150
15 67 46 57 28 8 0 T M M 14.5 30 230 M M 3 39 230
16 58 50 54 25 11 0 0.32 M M 8.6 17 210 M M 6 1 24 210
17 57 18 38 9 27 0 0.29 M M 19.3 33 300 M M 9 1 41 310
18 37 16 27 -2 38 0 T M M 13.8 26 280 M M 4 38 270
19 56 30 43 13 22 0 0.00 M M 9.2 21 210 M M 2 29 190
20 50 37 44 14 21 0 0.40 M M 13.3 23 260 M M 7 1 32 250
21 47 32 40 10 25 0 0.05 M M 12.6 40 280 M M 6 1 55 280
22 46 29 38 8 27 0 0.41 M M 8.1 17 150 M M 6 16 27 140
23 66 46 56 26 9 0 0.08 M M 14.6 29 310 M M 7 1 40 250
24 51 19 35 4 30 0 0.00 M M 14.0 26 270 M M 6 39 280
25 41 18 30 -1 35 0 0.00 M M 6.3 16 170 M M 5 20 180
26 47 30 39 8 26 0 0.00 M M 15.0 29 280 M M 3 40 240
27 42 29 36 5 29 0 0.80 M M 11.9 23 150 M M 4 1 34 110
28 47 31 39 7 26 0 0.19 M M 12.7 29 280 M M 9 12 37 290
================================================================================
SM 1324 760 769 0 2.78 M 329.5 M 136
================================================================================
AV 47.3 27.1 11.8 FASTST M M 5 MAX(MPH)
MISC ----> 40 280 55 280
================================================================================
NOTES:
# LAST OF SEVERAL OCCURRENCES
COLUMN 17 PEAK WIND IN M.P.H.
PRELIMINARY LOCAL CLIMATOLOGICAL DATA (WS FORM: F-6) , PAGE 2
STATION: JOHNSTOWN
MONTH: FEBRUARY
YEAR: 2023
LATITUDE: 40 18 N
LONGITUDE: 78 50 W
[TEMPERATURE DATA] [PRECIPITATION DATA] SYMBOLS USED IN COLUMN 16
AVERAGE MONTHLY: 37.2 TOTAL FOR MONTH: 2.78 1 = FOG OR MIST
DPTR FM NORMAL: 8.5 DPTR FM NORMAL: 0.25 2 = FOG REDUCING VISIBILITY
HIGHEST: 67 ON 15 GRTST 24HR 0.99 ON 27-28 TO 1/4 MILE OR LESS
LOWEST: 2 ON 4 3 = THUNDER
SNOW, ICE PELLETS, HAIL 4 = ICE PELLETS
TOTAL MONTH: M 5 = HAIL
GRTST 24HR M ON M 6 = FREEZING RAIN OR DRIZZLE
GRTST DEPTH: M ON M 7 = DUSTSTORM OR SANDSTORM:
VSBY 1/2 MILE OR LESS
8 = SMOKE OR HAZE
[NO. OF DAYS WITH] [WEATHER - DAYS WITH] 9 = BLOWING SNOW
X = TORNADO
MAX 32 OR BELOW: 3 0.01 INCH OR MORE: 9
MAX 90 OR ABOVE: 0 0.10 INCH OR MORE: 7
MIN 32 OR BELOW: 21 0.50 INCH OR MORE: 1
MIN 0 OR BELOW: 0 1.00 INCH OR MORE: 0
[HDD (BASE 65) ]
TOTAL THIS MO. 769 CLEAR (SCALE 0-3) 8
DPTR FM NORMAL -246 PTCLDY (SCALE 4-7) 15
TOTAL FM JUL 1 4066 CLOUDY (SCALE 8-10) 5
DPTR FM NORMAL -566
[CDD (BASE 65) ]
TOTAL THIS MO. 0
DPTR FM NORMAL 0 [PRESSURE DATA]
TOTAL FM JAN 1 0 HIGHEST SLP 30.57 ON 4
DPTR FM NORMAL 0 LOWEST SLP 29.38 ON 27
[REMARKS]
#FINAL-02-23#