000
CXUS54 KFWD 070343
CF6MKN
PRELIMINARY LOCAL CLIMATOLOGICAL DATA (WS FORM: F-6)
STATION: COMANCHE
MONTH: NOVEMBER
YEAR: 2020
LATITUDE: 31 55 N
LONGITUDE: 98 36 W
TEMPERATURE IN F: :PCPN: SNOW: WIND :SUNSHINE: SKY :PK WND
================================================================================
1 2 3 4 5 6A 6B 7 8 9 10 11 12 13 14 15 16 17 18
12Z AVG MX 2MIN
DY MAX MIN AVG DEP HDD CDD WTR SNW DPTH SPD SPD DIR MIN PSBL S-S WX SPD DR
================================================================================
1 72 48 60 M 5 0 0.00 M M 6.7 14 40 M M 0 20 20
2 74 42 58 M 7 0 0.00 M M 2.6 8 210 M M 0 M M
3 79 46 63 M 2 0 0.00 M M 7.7 15 180 M M 0 23 200
4 78 46 62 M 3 0 0.00 M M 9.4 15 190 M M 0 23 200
5 79 54 67 M 0 2 0.00 M M 5.7 14 240 M M 1 22 220
6 79 50 65 M 0 0 0.00 M M 4.5 10 130 M M 2 12 M M
7 77 51 64 M 1 0 0.00 M M 6.8 15 150 M M 2 17 170
8 78 55 67 M 0 2 0.00 M M 10.7 17 170 M M 1 24 180
9 77 59 68 M 0 3 0.00 M M 11.5 16 170 M M 4 24 190
10 74 51 63 M 2 0 0.00 M M 5.6 13 350 M M 3 23 190
11 77 45 61 M 4 0 0.00 M M 4.9 8 150 M M 0 M M
12 82 50 66 M 0 1 0.00 M M 7.2 14 200 M M 2 24 190
13 73 49 61 M 4 0 0.00 M M 4.7 8 340 M M 3 M M
14 81 64 73 M 0 8 0.00 M M 12.4 23 200 M M 4 32 200
15 69 44 57 M 8 0 0.00 M M 6.9 17 340 M M 0 33 360
16 74 37 56 M 9 0 0.00 M M 4.7 9 160 M M 0 M M
17 73 40 57 M 8 0 0.00 M M 4.9 15 140 M M 0 17 140
18 76 43 60 M 5 0 0.00 M M 10.5 17 170 M M 0 23 170
19 78 51 65 M 0 0 0.00 M M 13.8 22 190 M M 2 28 210
20 79 57 68 M 0 3 0.00 M M 9.8 17 210 M M 2 22 210
21 78 56 67 M 0 2 0.00 M M 6.6 10 180 M M 3 17 170
22 62 47 55 M 10 0 0.00 M M 7.2 14 10 M M 9 17 10
23 67 42 55 M 10 0 0.00 M M 7.5 14 150 M M 6 1 22 160
24 82 56 69 M 0 4 0.03 M M 13.5 28 200 M M 7 1 33 200
25 66 42 54 M 11 0 0.00 M M 7.5 20 330 M M 0 8 27 330
26 79 40 60 M 5 0 0.00 M M 7.9 14 190 M M 0 20 210
27 64 47 56 M 9 0 0.17 M M 7.8 15 350 M M 5 20 10
28 51 43 47 M 18 0 0.18 M M 5.7 12 330 M M 10 18 18 320
29 51 41 46 M 19 0 0.00 M M 10.8 20 340 M M 8 27 340
30 51 29 40 M 25 0 0.00 M M 9.3 17 360 M M 0 28 360
================================================================================
SM 2180 1425 165 25 0.38 M 234.7 M 74
================================================================================
AV 72.7 47.5 7.8 FASTST M M 2 MAX(MPH)
MISC ----> 28 200 33 360
================================================================================
NOTES:
# LAST OF SEVERAL OCCURRENCES
COLUMN 17 PEAK WIND IN M.P.H.
PRELIMINARY LOCAL CLIMATOLOGICAL DATA (WS FORM: F-6) , PAGE 2
STATION: COMANCHE
MONTH: NOVEMBER
YEAR: 2020
LATITUDE: 31 55 N
LONGITUDE: 98 36 W
[TEMPERATURE DATA] [PRECIPITATION DATA] SYMBOLS USED IN COLUMN 16
AVERAGE MONTHLY: 60.1 TOTAL FOR MONTH: 0.38 1 = FOG OR MIST
DPTR FM NORMAL: 0.0 DPTR FM NORMAL: -1.55 2 = FOG REDUCING VISIBILITY
HIGHEST: 82 ON 24,12 GRTST 24HR 0.18 ON 28-28 TO 1/4 MILE OR LESS
LOWEST: 29 ON 30 3 = THUNDER
SNOW, ICE PELLETS, HAIL 4 = ICE PELLETS
TOTAL MONTH: M 5 = HAIL
GRTST 24HR M ON M 6 = FREEZING RAIN OR DRIZZLE
GRTST DEPTH: M ON M 7 = DUSTSTORM OR SANDSTORM:
VSBY 1/2 MILE OR LESS
8 = SMOKE OR HAZE
[NO. OF DAYS WITH] [WEATHER - DAYS WITH] 9 = BLOWING SNOW
X = TORNADO
MAX 32 OR BELOW: 0 0.01 INCH OR MORE: 3
MAX 90 OR ABOVE: 0 0.10 INCH OR MORE: 2
MIN 32 OR BELOW: 1 0.50 INCH OR MORE: 0
MIN 0 OR BELOW: 0 1.00 INCH OR MORE: 0
[HDD (BASE 65) ]
TOTAL THIS MO. 165 CLEAR (SCALE 0-3) 21
DPTR FM NORMAL M PTCLDY (SCALE 4-7) 6
TOTAL FM JUL 1 314 CLOUDY (SCALE 8-10) 3
DPTR FM NORMAL M
[CDD (BASE 65) ]
TOTAL THIS MO. 25
DPTR FM NORMAL M [PRESSURE DATA]
TOTAL FM JAN 1 2598 HIGHEST SLP M ON M
DPTR FM NORMAL M LOWEST SLP M ON M
[REMARKS]
#FINAL-11-20#