000
CXUS52 KMFL 011030
CF6OPF
PRELIMINARY LOCAL CLIMATOLOGICAL DATA (WS FORM: F-6)
STATION: OPA-LOCKA ARPT
MONTH: OCTOBER
YEAR: 2022
LATITUDE: 25 53 N
LONGITUDE: 80 17 W
TEMPERATURE IN F: :PCPN: SNOW: WIND :SUNSHINE: SKY :PK WND
================================================================================
1 2 3 4 5 6A 6B 7 8 9 10 11 12 13 14 15 16 17 18
12Z AVG MX 2MIN
DY MAX MIN AVG DEP HDD CDD WTR SNW DPTH SPD SPD DIR MIN PSBL S-S WX SPD DR
================================================================================
1 84 73 79 -3 0 14 T 0.0 0 6.2 13 70 M M 6 15 70
2 85 74 80 -2 0 15 0.01 0.0 0 6.1 15 360 M M 8 1 20 360
3 88 69 79 -3 0 14 0.00 0.0 0 7.1 13 10 M M 4 17 310
4 87 72 80 -2 0 15 0.00 0.0 0 7.2 15 70 M M 4 24 310
5 87 71 79 -3 0 14 0.02 0.0 0 6.3 16 40 M M 3 20 80
6 86 72 79 -3 0 14 0.00 0.0 0 8.1 18 80 M M 2 25 60
7 86 72 79 -2 0 14 0.00 0.0 0 7.0 16 80 M M 1 23 30
8 86 73 80 -1 0 15 0.35 0.0 0 9.6 20 100 M M 6 1 24 100
9 82 76 79 -2 0 14 1.66 0.0 0 4.7 17 60 M M 7 13 21 70
10 89 73 81 0 0 16 0.00 0.0 M 4.7 13 120 M M 1 1 16 100
11 89 76 83 2 0 18 T 0.0 M 7.3 14 90 M M 2 19 90
12 90 76 83 2 0 18 0.24 0.0 M 6.8 16 80 M M 2 18 23 150
13 88 75 82 2 0 17 0.67 M M 6.5 28 200 M M 4 138 36 200
14 87 74 81 1 0 16 0.29 M M 3.9 13 160 M M 2 13 15 140
15 87 75 81 1 0 16 T M M 7.7 20 50 M M 2 24 60
16 87 76 82 2 0 17 T M M 9.7 17 80 M M 2 22 80
17 88 75 82 2 0 17 T 0.0 0 7.3 16 180 M M 5 20 190
18 87 76 82 2 0 17 0.07 0.0 0 7.0 22 220 M M 2 3 28 210
19 78 61 70 -9 0 5 0.32 0.0 0 10.1 17 340 M M 6 1 22 320
20 82 63 73 -6 0 8 T 0.0 0 9.1 18 330 M M 7 25 330
21 82 67 75 -4 0 10 T 0.0 0 12.0 20 330 M M 7 25 360
22 84 66 75 -4 0 10 0.00 0.0 0 8.4 17 50 M M 1 24 50
23 85 67 76 -3 0 11 T 0.0 0 7.5 18 70 M M 3 23 80
24 84 70 77 -1 0 12 0.03 0.0 0 6.7 16 80 M M 2 22 90
25 86 67 77 -1 0 12 0.00 M M 5.8 14 50 M M 1 18 40
26 86 66 76 -2 0 11 0.00 0.0 0 3.0 12 340 M M 1 14 360
27 87 68 78 0 0 13 0.00 M M 3.9 15 80 M M 1 18 90
28 86 68 77 -1 0 12 0.00 M M 6.4 17 50 M M 1 22 80
29 87 71 79 2 0 14 0.06 M M 9.7 18 70 M M 2 23 70
30 87 71 79 2 0 14 0.03 M M 8.2 16 70 M M 2 19 80
31 88 73 81 4 0 16 0.04 M M 5.2 14 140 M M 2 1 17 130
================================================================================
SM 2665 2206 0 429 3.79 0.0 219.2 M 99
================================================================================
AV 86.0 71.2 7.1 FASTST M M 3 MAX(MPH)
MISC ----> 28 200 36 200
================================================================================
NOTES:
# LAST OF SEVERAL OCCURRENCES
COLUMN 17 PEAK WIND IN M.P.H.
PRELIMINARY LOCAL CLIMATOLOGICAL DATA (WS FORM: F-6) , PAGE 2
STATION: OPA-LOCKA ARPT
MONTH: OCTOBER
YEAR: 2022
LATITUDE: 25 53 N
LONGITUDE: 80 17 W
[TEMPERATURE DATA] [PRECIPITATION DATA] SYMBOLS USED IN COLUMN 16
AVERAGE MONTHLY: 78.6 TOTAL FOR MONTH: 3.79 1 = FOG OR MIST
DPTR FM NORMAL: -1.2 DPTR FM NORMAL: -3.99 2 = FOG REDUCING VISIBILITY
HIGHEST: 90 ON 12 GRTST 24HR 1.87 ON 8- 9 TO 1/4 MILE OR LESS
LOWEST: 61 ON 19 3 = THUNDER
SNOW, ICE PELLETS, HAIL 4 = ICE PELLETS
TOTAL MONTH: 0.0 INCH 5 = HAIL
GRTST 24HR 0.0 6 = FREEZING RAIN OR DRIZZLE
GRTST DEPTH: 0 7 = DUSTSTORM OR SANDSTORM:
VSBY 1/2 MILE OR LESS
8 = SMOKE OR HAZE
[NO. OF DAYS WITH] [WEATHER - DAYS WITH] 9 = BLOWING SNOW
X = TORNADO
MAX 32 OR BELOW: 0 0.01 INCH OR MORE: 13
MAX 90 OR ABOVE: 1 0.10 INCH OR MORE: 6
MIN 32 OR BELOW: 0 0.50 INCH OR MORE: 2
MIN 0 OR BELOW: 0 1.00 INCH OR MORE: 1
[HDD (BASE 65) ]
TOTAL THIS MO. 0 CLEAR (SCALE 0-3) 20
DPTR FM NORMAL 0 PTCLDY (SCALE 4-7) 10
TOTAL FM JUL 1 0 CLOUDY (SCALE 8-10) 1
DPTR FM NORMAL 0
[CDD (BASE 65) ]
TOTAL THIS MO. 429
DPTR FM NORMAL -28 [PRESSURE DATA]
TOTAL FM JAN 1 4398 HIGHEST SLP 30.13 ON 7
DPTR FM NORMAL 379 LOWEST SLP 29.79 ON 1
[REMARKS]
#FINAL-10-22#