561
CXUS54 KEWX 011011
CF6PEZ
PRELIMINARY LOCAL CLIMATOLOGICAL DATA (WS FORM: F-6)
STATION: PLEASANTON MUNICIPAL AIRPORT
MONTH: JULY
YEAR: 2020
LATITUDE: 28 57 N
LONGITUDE: 98 31 W
TEMPERATURE IN F: :PCPN: SNOW: WIND :SUNSHINE: SKY :PK WND
================================================================================
1 2 3 4 5 6A 6B 7 8 9 10 11 12 13 14 15 16 17 18
12Z AVG MX 2MIN
DY MAX MIN AVG DEP HDD CDD WTR SNW DPTH SPD SPD DIR MIN PSBL S-S WX SPD DR
================================================================================
1 97 80 89 M 0 24 0.00 M M 9.2 13 130 M M 5 21 160
2 98 78 88 M 0 23 0.00 M M 8.1 12 140 M M 1 1 20 150
3 98 75 87 M 0 22 0.00 M M 3.8 8 170 M M 2 M M
4 100 74 87 M 0 22 0.00 M M 3.6 8 130 M M 1 1 M M
5 102 73 88 M 0 23 0.00 M M 5.8 10 190 M M 1 1 21 150
6 100 78 89 M 0 24 0.00 M M 6.9 12 150 M M 2 20 130
7 99 79 89 M 0 24 0.00 M M 7.0 13 140 M M 2 21 130
8 100 80 90 M 0 25 0.00 M M 9.3 16 130 M M 3 22 130
9 100 78 89 M 0 24 0.00 M M 9.9 14 130 M M 4 22 140
10 103 80 92 M 0 27 0.00 M M 9.2 16 130 M M 2 22 130
11 104 76 90 M 0 25 0.00 M M 6.5 12 130 M M 2 16 180
12 104 75 90 M 0 25 0.00 M M 4.5 10 140 M M 2 16 140
13 107 75 91 M 0 26 0.00 M M 5.6 13 140 M M 0 17 140
14 106 74 90 M 0 25 0.00 M M 7.8 13 140 M M 1 1 24 130
15 103 77 90 M 0 25 0.00 M M 8.5 13 150 M M 2 23 160
16 102 76 89 M 0 24 0.00 M M 7.0 15 140 M M 1 21 140
17 103 75 89 M 0 24 0.00 M M 5.1 22 130 M M 1 29 130
18 96 73 85 M 0 20 0.00 M M 5.9 14 150 M M 1 28 150
19 100 71 86 M 0 21 0.00 M M 4.2 12 120 M M 1 20 120
20 101 74 88 M 0 23 0.00 M M 4.5 13 110 M M 1 20 110
21 100 76 88 M 0 23 0.00 M M 4.9 12 80 M M 1 M M
22 102 77 90 M 0 25 0.00 M M 5.7 16 120 M M 1 24 130
23 100 77 89 M 0 24 0.00 M M 4.7 14 110 M M 2 17 110
24 102 76 89 M 0 24 0.00 M M 7.5 16 70 M M 0 27 70
25 92 79 86 M 0 21 0.00 M M 13.4 27 80 M M 2 44 80
26 95 74 85 M 0 20 0.54 M M 9.0 15 90 M M 3 28 130
27 97 77 87 M 0 22 0.00 M M 5.8 17 110 M M 3 1 23 110
28 100 76 88 M 0 23 0.00 M M 2.7 14 130 M M 2 25 130
29 96 73 85 M 0 20 0.16 M M 4.7 14 180 M M 2 13 23 180
30 98 75 87 M 0 22 0.00 M M 6.8 14 160 M M 1 21 180
31 101 74 88 M 0 23 0.47 M M 4.9 18 290 M M 2 3 28 290
================================================================================
SM 3106 2355 0 723 1.17 M 202.5 M 54
================================================================================
AV100.2 76.0 6.5 FASTST M M 2 MAX(MPH)
MISC ----> # 27 80 # 44 80
================================================================================
NOTES:
# LAST OF SEVERAL OCCURRENCES
COLUMN 17 PEAK WIND IN M.P.H.
PRELIMINARY LOCAL CLIMATOLOGICAL DATA (WS FORM: F-6) , PAGE 2
STATION: PLEASANTON MUNICIPAL AIRPORT
MONTH: JULY
YEAR: 2020
LATITUDE: 28 57 N
LONGITUDE: 98 31 W
[TEMPERATURE DATA] [PRECIPITATION DATA] SYMBOLS USED IN COLUMN 16
AVERAGE MONTHLY: 88.1 TOTAL FOR MONTH: 1.17 1 = FOG OR MIST
DPTR FM NORMAL: M DPTR FM NORMAL: M 2 = FOG REDUCING VISIBILITY
HIGHEST: 107 ON 13 GRTST 24HR 0.54 ON 26-26 TO 1/4 MILE OR LESS
LOWEST: 71 ON 19 3 = THUNDER
SNOW, ICE PELLETS, HAIL 4 = ICE PELLETS
TOTAL MONTH: M 5 = HAIL
GRTST 24HR M ON M 6 = FREEZING RAIN OR DRIZZLE
GRTST DEPTH: M ON M 7 = DUSTSTORM OR SANDSTORM:
VSBY 1/2 MILE OR LESS
8 = SMOKE OR HAZE
[NO. OF DAYS WITH] [WEATHER - DAYS WITH] 9 = BLOWING SNOW
X = TORNADO
MAX 32 OR BELOW: 0 0.01 INCH OR MORE: 3
MAX 90 OR ABOVE: 31 0.10 INCH OR MORE: 3
MIN 32 OR BELOW: 0 0.50 INCH OR MORE: 1
MIN 0 OR BELOW: 0 1.00 INCH OR MORE: 0
[HDD (BASE 65) ]
TOTAL THIS MO. 0 CLEAR (SCALE 0-3) 28
DPTR FM NORMAL M PTCLDY (SCALE 4-7) 3
TOTAL FM JUL 1 0 CLOUDY (SCALE 8-10) 0
DPTR FM NORMAL M
[CDD (BASE 65) ]
TOTAL THIS MO. 723
DPTR FM NORMAL M [PRESSURE DATA]
TOTAL FM JAN 1 2137 HIGHEST SLP M ON M
DPTR FM NORMAL M LOWEST SLP M ON M
[REMARKS]
#FINAL-07-20#