000
CXUS56 KPDT 060348
CF6PSC
PRELIMINARY LOCAL CLIMATOLOGICAL DATA (WS FORM: F-6)
STATION: PASCO WA
MONTH: DECEMBER
YEAR: 2022
LATITUDE: 46 16 N
LONGITUDE: 119 7 W
TEMPERATURE IN F: :PCPN: SNOW: WIND :SUNSHINE: SKY :PK WND
================================================================================
1 2 3 4 5 6A 6B 7 8 9 10 11 12 13 14 15 16 17 18
12Z AVG MX 2MIN
DY MAX MIN AVG DEP HDD CDD WTR SNW DPTH SPD SPD DIR MIN PSBL S-S WX SPD DR
================================================================================
1 37 21 29 -7 36 0 T M M 4.4 12 310 M M 5 1 15 310
2 28 13 21 -15 44 0 0.00 M M 5.0 14 300 M M 1 18 290
3 34 13 24 -12 41 0 0.00 M M 5.0 15 350 M M 0 19 350
4 31 20 26 -10 39 0 M M M 6.8 20 360 M M 7 1 25 360
5 32 25 29 -7 36 0 M M M 2.1 10 220 M M 10 18 13 220
6 35 19 27 -8 38 0 0.00 M M 2.8 12 200 M M 8 12 14 200
7 31 25 28 -7 37 0 0.00 M M 1.7 9 300 M M 10 18 11 300
8 30 26 28 -7 37 0 M M M 3.2 10 300 M M 10 1 13 310
9 30 14 22 -13 43 0 M M M 5.0 10 280 M M 10 128 13 280
10 36 18 27 -8 38 0 M M M 4.7 10 310 M M 7 126 13 300
11 36 19 28 -6 37 0 0.09 M M 2.0 7 140 M M 9 12 8 350
12 33 16 25 -9 40 0 0.00 M M 2.3 7 350 M M 7 12 9 340
13 33 11 22 -12 43 0 0.00 M M 1.6 7 330 M M 7 1 8 330
14 35 17 26 -8 39 0 0.03 M M 3.2 9 320 M M 8 12 10 320
15 27 21 24 -10 41 0 T M M 5.2 12 360 M M 10 12 13 360
16 29 26 28 -6 37 0 0.00 M M 2.7 8 320 M M 10 18 10 290
17 30 24 27 -7 38 0 0.00 M M 5.0 13 320 M M 10 18 16 320
18 28 24 26 -8 39 0 0.00 M M 4.1 12 350 M M 10 1 14 340
19 26 14 20 -14 45 0 M M M 9.1 18 10 M M 10 23 10
20 24 13 19 -14 46 0 M M M 6.7 15 360 M M 8 8 18 10
21 17 0 9 -24 56 0 0.00 M M 9.7 23 340 M M 6 27 350
22 11 0 6 -27 59 0 M M M 9.2 17 350 M M 3 22 340
23 16 10 13 -20 52 0 M M M 6.6 12 310 M M 10 18 15 320
24 22 15 19 -14 46 0 M M M 3.2 15 120 M M 9 6 18 120
25 28 20 24 -9 41 0 0.00 M M 4.4 10 310 M M 9 1 12 350
26 34 25 30 -3 35 0 M M M 3.5 13 300 M M 8 16 15 290
27 55 32 44 11 21 0 M M M 16.8 41 230 M M 8 18 58 240
28 50 29 40 7 25 0 0.00 M M 15.6 29 240 M M 2 41 240
29 39 27 33 0 32 0 0.02 M M 3.4 10 330 M M 6 1 12 330
30 50 31 41 8 24 0 0.31 M M 3.4 13 180 M M 8 128 16 170
31 50 29 40 7 25 0 0.01 M M 5.6 15 240 M M 4 12 22 220
================================================================================
SM 997 597 1210 0 0.46 M 164.0 M 230
================================================================================
AV 32.2 19.3 5.3 FASTST M M 7 MAX(MPH)
MISC ----> 41 230 58 240
================================================================================
NOTES:
# LAST OF SEVERAL OCCURRENCES
COLUMN 17 PEAK WIND IN M.P.H.
PRELIMINARY LOCAL CLIMATOLOGICAL DATA (WS FORM: F-6) , PAGE 2
STATION: PASCO WA
MONTH: DECEMBER
YEAR: 2022
LATITUDE: 46 16 N
LONGITUDE: 119 7 W
[TEMPERATURE DATA] [PRECIPITATION DATA] SYMBOLS USED IN COLUMN 16
AVERAGE MONTHLY: 25.7 TOTAL FOR MONTH: 0.46 1 = FOG OR MIST
DPTR FM NORMAL: -8.4 DPTR FM NORMAL: -0.57 2 = FOG REDUCING VISIBILITY
HIGHEST: 55 ON 27 GRTST 24HR 0.31 ON 30-30 TO 1/4 MILE OR LESS
LOWEST: 0 ON 22,21 3 = THUNDER
SNOW, ICE PELLETS, HAIL 4 = ICE PELLETS
TOTAL MONTH: M 5 = HAIL
GRTST 24HR M ON M 6 = FREEZING RAIN OR DRIZZLE
GRTST DEPTH: M ON M 7 = DUSTSTORM OR SANDSTORM:
VSBY 1/2 MILE OR LESS
8 = SMOKE OR HAZE
[NO. OF DAYS WITH] [WEATHER - DAYS WITH] 9 = BLOWING SNOW
X = TORNADO
MAX 32 OR BELOW: 17 0.01 INCH OR MORE: 5
MAX 90 OR ABOVE: 0 0.10 INCH OR MORE: 1
MIN 32 OR BELOW: 31 0.50 INCH OR MORE: 0
MIN 0 OR BELOW: 2 1.00 INCH OR MORE: 0
[HDD (BASE 65) ]
TOTAL THIS MO. 1210 CLEAR (SCALE 0-3) 3
DPTR FM NORMAL 254 PTCLDY (SCALE 4-7) 14
TOTAL FM JUL 1 2312 CLOUDY (SCALE 8-10) 14
DPTR FM NORMAL 132
[CDD (BASE 65) ]
TOTAL THIS MO. 0
DPTR FM NORMAL 0 [PRESSURE DATA]
TOTAL FM JAN 1 1133 HIGHEST SLP 30.89 ON 22
DPTR FM NORMAL 345 LOWEST SLP 29.12 ON 27
[REMARKS]
#FINAL-12-22#