000
CXUS53 KGRB 011614
CF6RHI
PRELIMINARY LOCAL CLIMATOLOGICAL DATA (WS FORM: F-6)
STATION: RHINELANDER WI
MONTH: NOVEMBER
YEAR: 2021
LATITUDE: 45 37 N
LONGITUDE: 89 27 W
TEMPERATURE IN F: :PCPN: SNOW: WIND :SUNSHINE: SKY :PK WND
================================================================================
1 2 3 4 5 6A 6B 7 8 9 10 11 12 13 14 15 16 17 18
12Z AVG MX 2MIN
DY MAX MIN AVG DEP HDD CDD WTR SNW DPTH SPD SPD DIR MIN PSBL S-S WX SPD DR
================================================================================
1 37 23 30 -8 35 0 0.03 0.4 0 10.4 22 270 M M 7 1 30 280
2 37 24 31 -6 34 0 T T 0 8.1 15 280 M M 7 23 280
3 37 24 31 -6 34 0 0.00 0.0 0 4.8 14 270 M M 9 18 280
4 46 26 36 0 29 0 0.00 0.0 0 4.6 13 220 M M 3 1 21 190
5 50 26 38 2 27 0 0.00 0.0 0 11.1 22 200 M M 2 1 33 200
6 62 39 51 16 14 0 0.00 0.0 0 10.6 21 200 M M 1 31 200
7 64 31 48 13 17 0 0.00 0.0 0 5.5 18 180 M M 0 12 26 190
8 61 37 49 15 16 0 0.00 0.0 0 5.0 14 320 M M 3 1 23 320
9 52 23 38 4 27 0 0.00 0.0 0 3.2 14 270 M M 0 17 270
10 48 20 34 0 31 0 0.07 0.0 0 7.4 18 100 M M 2 29 110
11 48 31 40 7 25 0 0.75 0.0 0 14.6 26 120 M M 10 1 42 110
12 39 29 34 1 31 0 0.03 0.1 0 4.4 14 330 M M 10 1 21 340
13 34 26 30 -2 35 0 0.13 1.4 1 8.1 16 270 M M 10 12 24 300
14 32 26 29 -3 36 0 0.16 1.5 1 7.5 17 310 M M 10 12 27 290
15 34 16 25 -6 40 0 0.00 0.0 0 2.9 10 280 M M 6 1 16 280
16 40 17 29 -2 36 0 0.00 0.0 0 8.6 22 120 M M 5 1 37 120
17 43 29 36 6 29 0 T T 0 13.1 29 260 M M 8 18 42 270
18 29 24 27 -3 38 0 0.01 0.2 0 13.6 22 270 M M 9 31 260
19 33 21 27 -2 38 0 0.00 0.0 0 7.7 14 160 M M 3 22 220
20 43 17 30 1 35 0 0.00 0.0 0 5.6 15 270 M M 2 21 300
21 33 16 25 -3 40 0 0.06 0.5 T 11.0 24 290 M M 7 12 42 290
22 24 7 16 -12 49 0 0.00 0.0 0 9.4 17 270 M M 4 25 290
23 40 10 25 -3 40 0 0.00 0.0 0 8.2 18 200 M M 1 26 180
24 47 32 40 13 25 0 0.00 0.0 0 9.1 16 210 M M 3 25 190
25 32 8 20 -7 45 0 0.02 1.2 1 8.3 17 320 M M 8 1 27 350
26 24 3 14 -12 51 0 0.00 0.0 1 4.5 10 130 M M 6 14 160
27 29 20 25 -1 40 0 0.11 1.4 2 5.0 13 290 M M 10 18 20 270
28 30 7 19 -6 46 0 0.00 0.0 1 6.7 21 320 M M 7 37 300
29 29 6 18 -7 47 0 0.29 3.7 4 3.1 13 130 M M 7 12 17 140
30 35 14 25 1 40 0 0.00 0.0 4 7.3 17 290 M M 5 1 27 290
================================================================================
SM 1192 632 1030 0 1.66 10.4 229.4 M 165
================================================================================
AV 39.7 21.1 7.6 FASTST M M 6 MAX(MPH)
MISC ----> 29 260 # 42 110
================================================================================
NOTES:
# LAST OF SEVERAL OCCURRENCES
COLUMN 17 PEAK WIND IN M.P.H.
PRELIMINARY LOCAL CLIMATOLOGICAL DATA (WS FORM: F-6) , PAGE 2
STATION: RHINELANDER WI
MONTH: NOVEMBER
YEAR: 2021
LATITUDE: 45 37 N
LONGITUDE: 89 27 W
[TEMPERATURE DATA] [PRECIPITATION DATA] SYMBOLS USED IN COLUMN 16
AVERAGE MONTHLY: 30.4 TOTAL FOR MONTH: 1.66 1 = FOG OR MIST
DPTR FM NORMAL: -0.5 DPTR FM NORMAL: -0.09 2 = FOG REDUCING VISIBILITY
HIGHEST: 64 ON 7 GRTST 24HR 0.82 ON 10-11 TO 1/4 MILE OR LESS
LOWEST: 3 ON 26 3 = THUNDER
SNOW, ICE PELLETS, HAIL 4 = ICE PELLETS
TOTAL MONTH: 10.4 INCHES 5 = HAIL
GRTST 24HR 3.7 ON 29-29 6 = FREEZING RAIN OR DRIZZLE
GRTST DEPTH: 4 ON 30,29 7 = DUSTSTORM OR SANDSTORM:
VSBY 1/2 MILE OR LESS
8 = SMOKE OR HAZE
[NO. OF DAYS WITH] [WEATHER - DAYS WITH] 9 = BLOWING SNOW
X = TORNADO
MAX 32 OR BELOW: 8 0.01 INCH OR MORE: 11
MAX 90 OR ABOVE: 0 0.10 INCH OR MORE: 5
MIN 32 OR BELOW: 28 0.50 INCH OR MORE: 1
MIN 0 OR BELOW: 0 1.00 INCH OR MORE: 0
[HDD (BASE 65) ]
TOTAL THIS MO. 1030 CLEAR (SCALE 0-3) 10
DPTR FM NORMAL 8 PTCLDY (SCALE 4-7) 12
TOTAL FM JUL 1 1733 CLOUDY (SCALE 8-10) 8
DPTR FM NORMAL -328
[CDD (BASE 65) ]
TOTAL THIS MO. 0
DPTR FM NORMAL 0 [PRESSURE DATA]
TOTAL FM JAN 1 321 HIGHEST SLP 30.42 ON 19
DPTR FM NORMAL 39 LOWEST SLP 29.23 ON 11
[REMARKS]
#FINAL-11-21#