000
CXUS51 KAKQ 010710
CF6RIC
PRELIMINARY LOCAL CLIMATOLOGICAL DATA (WS FORM: F-6)
STATION: RICHMOND VA
MONTH: JULY
YEAR: 2021
LATITUDE: 37 30 N
LONGITUDE: 77 20 W
TEMPERATURE IN F: :PCPN: SNOW: WIND :SUNSHINE: SKY :PK WND
================================================================================
1 2 3 4 5 6A 6B 7 8 9 10 11 12 13 14 15 16 17 18
12Z AVG MX 2MIN
DY MAX MIN AVG DEP HDD CDD WTR SNW DPTH SPD SPD DIR MIN PSBL S-S WX SPD DR
================================================================================
1 96 71 84 5 0 19 1.04 0.0 0 8.8 44 250 M M 6 13 53 250
2 80 68 74 -5 0 9 0.94 0.0 0 5.5 14 340 M M 9 1 17 340
3 82 61 72 -7 0 7 0.00 0.0 0 6.9 17 350 M M 4 23 350
4 86 61 74 -5 0 9 0.00 0.0 0 5.2 16 220 M M 3 20 230
5 88 68 78 -1 0 13 0.00 0.0 0 6.2 15 180 M M 6 22 180
6 93 70 82 3 0 17 0.00 0.0 0 6.9 15 210 M M 1 20 220
7 94 70 82 3 0 17 0.00 0.0 0 8.7 16 200 M M 3 21 190
8 83 72 78 -1 0 13 1.94 0.0 0 12.2 24 340 M M 9 1 30 330
9 90 68 79 -1 0 14 0.00 0.0 0 8.0 16 290 M M 5 23 300
10 88 71 80 0 0 15 0.00 0.0 0 5.5 15 20 M M 6 19 20
11 89 70 80 0 0 15 0.00 0.0 0 8.4 17 200 M M 7 138 22 210
12 92 75 84 4 0 19 0.00 0.0 0 12.1 21 200 M M 5 29 200
13 91 75 83 3 0 18 0.00 0.0 0 10.4 20 220 M M 5 23 220
14 92 72 82 2 0 17 T 0.0 0 7.8 26 350 M M 5 3 32 340
15 93 70 82 2 0 17 0.00 0.0 0 5.0 12 190 M M 4 17 20
16 95 73 84 4 0 19 0.00 0.0 0 6.3 13 220 M M 3 17 210
17 94 73 84 4 0 19 0.19 0.0 0 9.6 37 290 M M 4 3 45 290
18 91 71 81 1 0 16 T 0.0 0 6.4 16 360 M M 3 3 21 360
19 83 69 76 -4 0 11 T 0.0 0 4.6 13 180 M M 7 14 170
20 87 66 77 -3 0 12 0.00 0.0 0 4.2 10 200 M M 8 18 12 200
21 93 70 82 2 0 17 0.00 0.0 0 5.3 13 230 M M 5 18 16 220
22 86 68 77 -3 0 12 0.00 0.0 0 7.3 14 20 M M 4 18 20 20
23 86 65 76 -4 0 11 0.00 0.0 0 3.3 9 80 M M 7 17 50
24 86 67 77 -2 0 12 1.74 0.0 0 7.5 21 150 M M 7 1 28 150
25 89 71 80 1 0 15 0.00 0.0 0 10.9 16 200 M M 8 20 220
26 89 70 80 1 0 15 0.73 0.0 0 7.6 32 10 M M 6 13 41 10
27 91 70 81 2 0 16 T 0.0 0 4.0 10 140 M M 5 13 14 140
28 91 72 82 3 0 17 0.00 0.0 0 5.9 16 150 M M 3 1 19 150
29 91 70 81 2 0 16 0.00 0.0 0 7.2 14 220 M M 5 1 M M
30 91 77 84 5 0 19 T 0.0 0 6.6 18 40 M M 6 25 40
31 84 69 77 -2 0 12 0.01 0.0 0 6.9 13 40 M M 7 16 50
================================================================================
SM 2764 2163 0 458 6.59 0.0 221.2 M 166
================================================================================
AV 89.2 69.8 7.1 FASTST M M 5 MAX(MPH)
MISC ----> 44 250 53 250
================================================================================
NOTES:
# LAST OF SEVERAL OCCURRENCES
COLUMN 17 PEAK WIND IN M.P.H.
PRELIMINARY LOCAL CLIMATOLOGICAL DATA (WS FORM: F-6) , PAGE 2
STATION: RICHMOND VA
MONTH: JULY
YEAR: 2021
LATITUDE: 37 30 N
LONGITUDE: 77 20 W
[TEMPERATURE DATA] [PRECIPITATION DATA] SYMBOLS USED IN COLUMN 16
AVERAGE MONTHLY: 79.5 TOTAL FOR MONTH: 6.59 1 = FOG OR MIST
DPTR FM NORMAL: 0.1 DPTR FM NORMAL: 2.22 2 = FOG REDUCING VISIBILITY
HIGHEST: 96 ON 1 GRTST 24HR 1.97 ON 1- 2 TO 1/4 MILE OR LESS
LOWEST: 61 ON 4, 3 3 = THUNDER
SNOW, ICE PELLETS, HAIL 4 = ICE PELLETS
TOTAL MONTH: 0.0 INCH 5 = HAIL
GRTST 24HR 0.0 6 = FREEZING RAIN OR DRIZZLE
GRTST DEPTH: 0 7 = DUSTSTORM OR SANDSTORM:
VSBY 1/2 MILE OR LESS
8 = SMOKE OR HAZE
[NO. OF DAYS WITH] [WEATHER - DAYS WITH] 9 = BLOWING SNOW
X = TORNADO
MAX 32 OR BELOW: 0 0.01 INCH OR MORE: 7
MAX 90 OR ABOVE: 16 0.10 INCH OR MORE: 6
MIN 32 OR BELOW: 0 0.50 INCH OR MORE: 5
MIN 0 OR BELOW: 0 1.00 INCH OR MORE: 3
[HDD (BASE 65) ]
TOTAL THIS MO. 0 CLEAR (SCALE 0-3) 3
DPTR FM NORMAL 0 PTCLDY (SCALE 4-7) 26
TOTAL FM JUL 1 0 CLOUDY (SCALE 8-10) 2
DPTR FM NORMAL 0
[CDD (BASE 65) ]
TOTAL THIS MO. 458
DPTR FM NORMAL 13 [PRESSURE DATA]
TOTAL FM JAN 1 970 HIGHEST SLP M ON M
DPTR FM NORMAL 49 LOWEST SLP 29.71 ON 8
[REMARKS]
#FINAL-07-21#