000
CXUS52 KTAE 010800
CF6TLH
PRELIMINARY LOCAL CLIMATOLOGICAL DATA (WS FORM: F-6)
STATION: TALLAHASSEE
MONTH: AUGUST
YEAR: 2023
LATITUDE: 30 22 N
LONGITUDE: 84 22 W
TEMPERATURE IN F: :PCPN: SNOW: WIND :SUNSHINE: SKY :PK WND
================================================================================
1 2 3 4 5 6A 6B 7 8 9 10 11 12 13 14 15 16 17 18
12Z AVG MX 2MIN
DY MAX MIN AVG DEP HDD CDD WTR SNW DPTH SPD SPD DIR MIN PSBL S-S WX SPD DR
================================================================================
1 99 76 88 5 0 23 0.00 0.0 0 3.8 13 330 M M 3 16 360
2 97 76 87 4 0 22 0.00 0.0 0 6.6 17 100 M M 4 20 100
3 97 77 87 4 0 22 0.00 0.0 0 5.4 12 200 M M 3 3 14 210
4 99 75 87 4 0 22 T 0.0 0 5.6 25 290 M M 5 3 32 290
5 85 75 80 -3 0 15 0.48 0.0 0 3.7 21 300 M M 6 13 28 290
6 98 73 86 3 0 21 0.00 0.0 M 4.6 25 270 M M 3 13 31 270
7 99 75 87 4 0 22 0.00 0.0 0 6.1 20 290 M M 2 23 260
8 99 78 89 6 0 24 0.05 0.0 0 6.4 24 270 M M 4 13 29 280
9 98 75 87 4 0 22 0.06 0.0 0 4.6 15 220 M M 4 18 280
10 99 77 88 5 0 23 0.19 0.0 0 5.6 17 270 M M 3 13 24 300
11 94 76 85 2 0 20 0.26 0.0 0 4.8 23 130 M M 4 13 38 130
12 100 74 87 4 0 22 0.00 0.0 0 4.1 21 230 M M 4 13 24 230
13 100 79 90 7 0 25 0.00 0.0 0 3.3 12 160 M M 3 3 13 160
14 100 77 89 7 0 24 0.07 0.0 0 4.1 21 150 M M 3 13 26 150
15 94 76 85 3 0 20 0.04 0.0 0 3.4 23 270 M M 5 3 27 230
16 97 76 87 5 0 22 0.05 0.0 0 5.8 21 320 M M 6 3 29 320
17 96 76 86 4 0 21 0.00 0.0 0 3.4 15 310 M M 4 3 18 310
18 98 71 85 3 0 20 0.00 0.0 0 3.3 12 350 M M 3 16 320
19 98 73 86 4 0 21 0.00 0.0 0 2.2 9 100 M M 2 1 17 30
20 96 78 87 5 0 22 0.26 0.0 0 7.4 30 90 M M 2 13 36 90
21 96 77 87 5 0 22 0.00 0.0 0 5.7 15 100 M M 2 19 70
22 99 76 88 6 0 23 0.00 0.0 0 3.5 13 20 M M 2 17 20
23 99 79 89 7 0 24 0.00 0.0 0 7.0 17 90 M M 2 22 90
24 95 78 87 5 0 22 0.00 0.0 0 6.0 14 90 M M 4 19 100
25 102 75 89 7 0 24 0.61 0.0 0 4.6 33 90 M M 3 138 54 130
26 99 74 87 5 0 22 0.92 0.0 0 4.6 24 90 M M 5 13 29 100
27 99 79 89 7 0 24 0.00 0.0 0 2.4 16 240 M M 4 1 20 250
28 97 77 87 5 0 22 T 0.0 0 6.0 24 80 M M 4 3 31 80
29 90 76 83 1 0 18 0.23 0.0 0 5.3 25 70 M M 5 13 37 80
30 91 75 83 1 0 18 1.98 0.0 0 14.7 33 340 M M 6 1 46 360
31 92 75 84 2 0 19 T 0.0 0 3.8 14 70 M M 5 3 19 180
================================================================================
SM 3002 2354 0 671 5.20 0.0 157.8 M 115
================================================================================
AV 96.8 75.9 5.1 FASTST M M 4 MAX(MPH)
MISC ----> # 33 90 54 130
================================================================================
NOTES:
# LAST OF SEVERAL OCCURRENCES
COLUMN 17 PEAK WIND IN M.P.H.
PRELIMINARY LOCAL CLIMATOLOGICAL DATA (WS FORM: F-6) , PAGE 2
STATION: TALLAHASSEE
MONTH: AUGUST
YEAR: 2023
LATITUDE: 30 22 N
LONGITUDE: 84 22 W
[TEMPERATURE DATA] [PRECIPITATION DATA] SYMBOLS USED IN COLUMN 16
AVERAGE MONTHLY: 86.4 TOTAL FOR MONTH: 5.20 1 = FOG OR MIST
DPTR FM NORMAL: 4.0 DPTR FM NORMAL: -2.40 2 = FOG REDUCING VISIBILITY
HIGHEST: 102 ON 25 GRTST 24HR 2.21 ON 29-30 TO 1/4 MILE OR LESS
LOWEST: 71 ON 18 3 = THUNDER
SNOW, ICE PELLETS, HAIL 4 = ICE PELLETS
TOTAL MONTH: 0.0 INCH 5 = HAIL
GRTST 24HR 0.0 6 = FREEZING RAIN OR DRIZZLE
GRTST DEPTH: 0 7 = DUSTSTORM OR SANDSTORM:
VSBY 1/2 MILE OR LESS
8 = SMOKE OR HAZE
[NO. OF DAYS WITH] [WEATHER - DAYS WITH] 9 = BLOWING SNOW
X = TORNADO
MAX 32 OR BELOW: 0 0.01 INCH OR MORE: 13
MAX 90 OR ABOVE: 30 0.10 INCH OR MORE: 8
MIN 32 OR BELOW: 0 0.50 INCH OR MORE: 3
MIN 0 OR BELOW: 0 1.00 INCH OR MORE: 1
[HDD (BASE 65) ]
TOTAL THIS MO. 0 CLEAR (SCALE 0-3) 10
DPTR FM NORMAL 0 PTCLDY (SCALE 4-7) 21
TOTAL FM JUL 1 0 CLOUDY (SCALE 8-10) 0
DPTR FM NORMAL 0
[CDD (BASE 65) ]
TOTAL THIS MO. 671
DPTR FM NORMAL 133 [PRESSURE DATA]
TOTAL FM JAN 1 2557 HIGHEST SLP M ON M
DPTR FM NORMAL 487 LOWEST SLP 29.35 ON 30
[REMARKS]
#FINAL-08-23#