000
CXUS56 KPDT 011910
CF6YKM
PRELIMINARY LOCAL CLIMATOLOGICAL DATA (WS FORM: F-6)
STATION: YAKIMA WA
MONTH: NOVEMBER
YEAR: 2022
LATITUDE: 46 34 N
LONGITUDE: 120 32 W
TEMPERATURE IN F: :PCPN: SNOW: WIND :SUNSHINE: SKY :PK WND
================================================================================
1 2 3 4 5 6A 6B 7 8 9 10 11 12 13 14 15 16 17 18
12Z AVG MX 2MIN
DY MAX MIN AVG DEP HDD CDD WTR SNW DPTH SPD SPD DIR MIN PSBL S-S WX SPD DR
================================================================================
1 49 35 42 -1 23 0 0.01 M M 3.7 12 150 M M 8 M M
2 51 25 38 -5 27 0 T M M 4.0 13 330 M M 3 1 16 160
3 42 20 31 -11 34 0 T M M 5.5 20 160 M M 4 26 160
4 61 35 48 6 17 0 0.03 M M 10.6 38 220 M M 5 56 220
5 55 32 44 2 21 0 0.01 M M 15.1 39 280 M M 0 55 270
6 44 28 36 -5 29 0 0.11 M M 4.5 16 150 M M 9 1 23 140
7 48 29 39 -2 26 0 T M M 2.8 9 250 M M 7 12 14 170
8 41 26 34 -6 31 0 0.09 M M 8.2 20 40 M M 6 12 26 30
9 49 19 34 -6 31 0 0.00 M M 2.9 10 250 M M 0 12 310
10 44 18 31 -9 34 0 0.00 M M 3.4 10 160 M M 0 13 150
11 39 19 29 -11 36 0 0.00 M M 6.7 12 20 M M 2 16 350
12 45 22 34 -5 31 0 0.00 M M 4.5 10 10 M M 0 13 10
13 43 19 31 -8 34 0 0.00 M M 2.3 7 290 M M 2 18 8 170
14 41 17 29 -9 36 0 0.00 M M 1.9 7 110 M M 3 18 8 110
15 40 16 28 -10 37 0 0.00 M M 2.7 8 90 M M 1 18 11 160
16 32 27 30 -8 35 0 0.00 M M 2.2 8 240 M M 10 18 10 240
17 44 18 31 -6 34 0 0.00 M M 7.6 17 20 M M 6 25 50
18 40 13 27 -10 38 0 0.00 M M 4.6 10 270 M M 0 11 120
19 37 9 23 -14 42 0 0.00 M M 3.2 8 290 M M 0 9 280
20 35 11 23 -13 42 0 0.00 M M 2.5 9 270 M M 0 18 11 140
21 36 24 30 -6 35 0 0.00 M M 1.9 8 180 M M 6 18 11 190
22 32 20 26 -10 39 0 0.06 M M 1.0 7 270 M M 5 128 13 250
23 49 18 34 -2 31 0 0.00 M M 2.8 8 280 M M 1 128 12 260
24 37 21 29 -6 36 0 0.00 M M 3.3 9 280 M M 6 18 10 80
25 44 33 39 4 26 0 0.00 M M 5.0 23 330 M M 8 1 31 320
26 46 23 35 0 30 0 0.00 M M 4.5 10 80 M M 2 15 120
27 49 19 34 0 31 0 0.00 M M 7.1 24 270 M M 2 35 310
28 41 21 31 -3 34 0 0.03 M M 4.4 15 350 M M 6 1 18 340
29 28 23 26 -8 39 0 0.13 M M 3.1 12 130 M M 10 18 14 140
30 35 19 27 -6 38 0 0.11 M M 3.1 8 250 M M 5 1 12 280
================================================================================
SM 1277 659 977 0 0.58 M 135.1 M 117
================================================================================
AV 42.6 22.0 4.5 FASTST M M 4 MAX(MPH)
MISC ----> 39 280 56 220
================================================================================
NOTES:
# LAST OF SEVERAL OCCURRENCES
COLUMN 17 PEAK WIND IN M.P.H.
PRELIMINARY LOCAL CLIMATOLOGICAL DATA (WS FORM: F-6) , PAGE 2
STATION: YAKIMA WA
MONTH: NOVEMBER
YEAR: 2022
LATITUDE: 46 34 N
LONGITUDE: 120 32 W
[TEMPERATURE DATA] [PRECIPITATION DATA] SYMBOLS USED IN COLUMN 16
AVERAGE MONTHLY: 32.3 TOTAL FOR MONTH: 0.58 1 = FOG OR MIST
DPTR FM NORMAL: -5.7 DPTR FM NORMAL: -0.28 2 = FOG REDUCING VISIBILITY
HIGHEST: 61 ON 4 GRTST 24HR 0.24 ON 29-30 TO 1/4 MILE OR LESS
LOWEST: 9 ON 19 3 = THUNDER
SNOW, ICE PELLETS, HAIL 4 = ICE PELLETS
TOTAL MONTH: M 5 = HAIL
GRTST 24HR M ON M 6 = FREEZING RAIN OR DRIZZLE
GRTST DEPTH: M ON M 7 = DUSTSTORM OR SANDSTORM:
VSBY 1/2 MILE OR LESS
8 = SMOKE OR HAZE
[NO. OF DAYS WITH] [WEATHER - DAYS WITH] 9 = BLOWING SNOW
X = TORNADO
MAX 32 OR BELOW: 3 0.01 INCH OR MORE: 9
MAX 90 OR ABOVE: 0 0.10 INCH OR MORE: 3
MIN 32 OR BELOW: 27 0.50 INCH OR MORE: 0
MIN 0 OR BELOW: 0 1.00 INCH OR MORE: 0
[HDD (BASE 65) ]
TOTAL THIS MO. 977 CLEAR (SCALE 0-3) 15
DPTR FM NORMAL 169 PTCLDY (SCALE 4-7) 11
TOTAL FM JUL 1 1283 CLOUDY (SCALE 8-10) 4
DPTR FM NORMAL -161
[CDD (BASE 65) ]
TOTAL THIS MO. 0
DPTR FM NORMAL 0 [PRESSURE DATA]
TOTAL FM JAN 1 789 HIGHEST SLP 30.83 ON 16
DPTR FM NORMAL 183 LOWEST SLP 29.37 ON 4
[REMARKS]
#FINAL-11-22#