000
CXUS56 KPDT 011910
CF6YKM
PRELIMINARY LOCAL CLIMATOLOGICAL DATA (WS FORM: F-6)
STATION: YAKIMA WA
MONTH: DECEMBER
YEAR: 2021
LATITUDE: 46 34 N
LONGITUDE: 120 32 W
TEMPERATURE IN F: :PCPN: SNOW: WIND :SUNSHINE: SKY :PK WND
================================================================================
1 2 3 4 5 6A 6B 7 8 9 10 11 12 13 14 15 16 17 18
12Z AVG MX 2MIN
DY MAX MIN AVG DEP HDD CDD WTR SNW DPTH SPD SPD DIR MIN PSBL S-S WX SPD DR
================================================================================
1 72 39 56 23 9 0 0.00 M M 4.6 21 250 M M 1 29 240
2 58 34 46 13 19 0 0.00 M M 4.6 14 320 M M 0 20 320
3 50 28 39 6 26 0 0.00 M M 5.1 12 260 M M 1 12 260
4 47 28 38 6 27 0 0.00 M M 3.0 10 280 M M 4 12 280
5 44 28 36 4 29 0 0.00 M M 4.6 15 330 M M 3 22 340
6 38 30 34 2 31 0 0.00 M M 2.7 8 80 M M 8 9 60
7 37 34 36 4 29 0 0.00 M M 1.2 6 320 M M 10 1 8 210
8 50 27 39 7 26 0 0.00 M M 7.8 32 290 M M 5 12 43 290
9 46 19 33 2 32 0 0.00 M M 3.7 17 280 M M 2 23 300
10 45 22 34 3 31 0 0.00 M M 8.0 30 190 M M 2 41 200
11 51 39 45 14 20 0 0.00 M M 16.5 28 190 M M 3 44 190
12 45 30 38 7 27 0 0.00 M M 6.7 24 200 M M 5 32 200
13 37 27 32 1 33 0 0.08 M M 4.3 13 250 M M 8 12 17 260
14 37 21 29 -1 36 0 0.00 M M 3.2 9 270 M M 5 12 11 270
15 36 20 28 -2 37 0 0.01 M M 3.7 9 260 M M 5 1 12 250
16 40 21 31 1 34 0 0.00 M M 4.4 9 260 M M 6 13 250
17 35 20 28 -2 37 0 0.04 M M 2.6 8 280 M M 5 1 11 260
18 35 27 31 1 34 0 0.05 M M 3.4 12 270 M M 8 1 15 270
19 39 29 34 4 31 0 T M M 5.0 12 10 M M 6 1 16 360
20 32 29 31 1 34 0 0.06 M M 3.7 8 270 M M 10 1 10 250
21 32 29 31 1 34 0 0.04 M M 2.6 8 130 M M 10 16 12 140
22 36 28 32 2 33 0 0.00 M M 3.4 9 90 M M 9 1 12 80
23 47 28 38 8 27 0 0.00 M M 6.7 26 190 M M 5 1 38 230
24 42 24 33 3 32 0 0.00 M M 6.7 22 220 M M 2 32 220
25 41 25 33 3 32 0 0.00 M M 10.8 24 190 M M 2 36 200
26 36 18 27 -3 38 0 0.00 M M 7.2 20 80 M M 5 26 80
27 23 17 20 -10 45 0 0.01 M M 5.7 16 10 M M 8 1 23 360
28 21 16 19 -11 46 0 0.03 M M 2.9 8 70 M M 10 18 10 80
29 24 17 21 -9 44 0 T M M 6.2 18 10 M M 7 8 24 10
30 26 13 20 -10 45 0 T M M 5.2 18 10 M M 7 18 23 10
31 25 19 22 -8 43 0 0.01 M M 3.3 10 90 M M 10 1 13 80
================================================================================
SM 1227 786 1001 0 0.33 M 159.5 M 172
================================================================================
AV 39.6 25.4 5.1 FASTST M M 6 MAX(MPH)
MISC ----> 32 290 44 190
================================================================================
NOTES:
# LAST OF SEVERAL OCCURRENCES
COLUMN 17 PEAK WIND IN M.P.H.
PRELIMINARY LOCAL CLIMATOLOGICAL DATA (WS FORM: F-6) , PAGE 2
STATION: YAKIMA WA
MONTH: DECEMBER
YEAR: 2021
LATITUDE: 46 34 N
LONGITUDE: 120 32 W
[TEMPERATURE DATA] [PRECIPITATION DATA] SYMBOLS USED IN COLUMN 16
AVERAGE MONTHLY: 32.5 TOTAL FOR MONTH: 0.33 1 = FOG OR MIST
DPTR FM NORMAL: 1.9 DPTR FM NORMAL: -1.11 2 = FOG REDUCING VISIBILITY
HIGHEST: 72 ON 1 GRTST 24HR 0.09 ON 17-18 TO 1/4 MILE OR LESS
LOWEST: 13 ON 30 3 = THUNDER
SNOW, ICE PELLETS, HAIL 4 = ICE PELLETS
TOTAL MONTH: M 5 = HAIL
GRTST 24HR M ON M 6 = FREEZING RAIN OR DRIZZLE
GRTST DEPTH: M ON M 7 = DUSTSTORM OR SANDSTORM:
VSBY 1/2 MILE OR LESS
8 = SMOKE OR HAZE
[NO. OF DAYS WITH] [WEATHER - DAYS WITH] 9 = BLOWING SNOW
X = TORNADO
MAX 32 OR BELOW: 7 0.01 INCH OR MORE: 9
MAX 90 OR ABOVE: 0 0.10 INCH OR MORE: 0
MIN 32 OR BELOW: 27 0.50 INCH OR MORE: 0
MIN 0 OR BELOW: 0 1.00 INCH OR MORE: 0
[HDD (BASE 65) ]
TOTAL THIS MO. 1001 CLEAR (SCALE 0-3) 7
DPTR FM NORMAL -64 PTCLDY (SCALE 4-7) 16
TOTAL FM JUL 1 2290 CLOUDY (SCALE 8-10) 8
DPTR FM NORMAL -215
[CDD (BASE 65) ]
TOTAL THIS MO. 0
DPTR FM NORMAL 0 [PRESSURE DATA]
TOTAL FM JAN 1 1053 HIGHEST SLP 30.55 ON 5
DPTR FM NORMAL 447 LOWEST SLP 29.26 ON 24
[REMARKS]
#FINAL-12-21#