000
CXUS51 KRLX 201400
CF6CRW
PRELIMINARY LOCAL CLIMATOLOGICAL DATA (WS FORM: F-6)

                                          STATION:   CHARLESTON WV
                                          MONTH:     APRIL
                                          YEAR:      2014
                                          LATITUDE:   38 22 N
                                          LONGITUDE:  81 36 W

  TEMPERATURE IN F:       :PCPN:    SNOW:  WIND      :SUNSHINE: SKY     :PK WND
================================================================================
1   2   3   4   5  6A  6B    7    8   9   10  11  12  13   14  15   16   17  18
                                     12Z  AVG MX 2MIN
DY MAX MIN AVG DEP HDD CDD  WTR  SNW DPTH SPD SPD DIR MIN PSBL S-S WX    SPD DR
================================================================================

 1  80  38  59   7   6   0    T  0.0    0  6.3 28 230   M    M   4        38 220
 2  75  45  60   8   5   0    T  0.0    0  4.5 16 340   M    M   6 3      23 330
 3  78  52  65  13   0   0 0.66  0.0    0  6.4 32 310   M    M   7 13     46 290
 4  71  47  59   7   6   0 0.26  0.0    0 10.8 30 220   M    M   6 138    37 280
 5  54  37  46  -7  19   0 0.00  0.0    0  7.7 18 270   M    M   6        25 270
 6  69  29  49  -4  16   0 0.00  0.0    0  4.6 16 150   M    M   3 1      23 150
 7  66  49  58   4   7   0 0.09  0.0    0  9.0 26 250   M    M   8 1      38 250
 8  62  46  54   0  11   0    T  0.0    0  9.6 31 230   M    M   7        39 250
 9  63  41  52  -2  13   0 0.03  0.0    0  5.8 22 320   M    M   6 1      28 310
10  76  36  56   1   9   0 0.00  0.0    0  9.0 20 200   M    M   1        28 210
11  73  50  62   7   3   0 0.20  0.0    0  8.3 26 230   M    M   5 13     36 260
12  82  46  64   9   1   0 0.00  0.0    0  4.7 16 190   M    M   4 1      20 170
13  87  60  74  18   0   9 0.00  0.0    0  8.8 21 230   M    M   3        26 220
14  76  66  71  15   0   6    T  0.0    0 10.7 26 210   M    M   8        33 240
15  69  32  51  -5  14   0 0.23  0.3    0 11.1 24 240   M    M  10 14     34 310
16  53  26  40 -16  25   0 0.00  0.0    0  5.2 13  60   M    M   2        20  60
17  71  41  56  -1   9   0 0.00  0.0    0  6.3 16 140   M    M   2        21 130
18  72  47  60   3   5   0 0.00  0.0    0  4.0 15 230   M    M   4        20 220
19  71  45  58   1   7   0 0.00    M    0  5.5 16  60   M    M   4        22  50
================================================================================
SM 1348  833       156  15  1.47     0.3 138.3          M       96
================================================================================
AV 70.9 43.8                               7.3 FASTST   M    M   5    MAX(MPH)
                                 MISC ---->  # 32 310               # 46  290
================================================================================
NOTES:
# LAST OF SEVERAL OCCURRENCES

COLUMN 17 PEAK WIND IN M.P.H.

PRELIMINARY LOCAL CLIMATOLOGICAL DATA (WS FORM: F-6) , PAGE 2

                                          STATION:  CHARLESTON WV
                                          MONTH:    APRIL
                                          YEAR:     2014
                                          LATITUDE:   38 22 N
                                          LONGITUDE:  81 36 W

[TEMPERATURE DATA]      [PRECIPITATION DATA]       SYMBOLS USED IN COLUMN 16

AVERAGE MONTHLY: 57.4   TOTAL FOR MONTH:   1.47    1 = FOG OR MIST
DPTR FM NORMAL:   2.9   DPTR FM NORMAL:   -0.50    2 = FOG REDUCING VISIBILITY
HIGHEST:    87 ON 13    GRTST 24HR  0.91 ON  3- 4      TO 1/4 MILE OR LESS
LOWEST:     26 ON 16                               3 = THUNDER
                        SNOW, ICE PELLETS, HAIL    4 = ICE PELLETS
                        TOTAL MONTH:   0.3 INCH    5 = HAIL
                        GRTST 24HR   0.3 ON   M    6 = FREEZING RAIN OR DRIZZLE
                        GRTST DEPTH:   0           7 = DUSTSTORM OR SANDSTORM:
                                                       VSBY 1/2 MILE OR LESS
                                                   8 = SMOKE OR HAZE
[NO. OF DAYS WITH]      [WEATHER - DAYS WITH]      9 = BLOWING SNOW
                                                   X = TORNADO
MAX 32 OR BELOW:   0    0.01 INCH OR MORE:   6
MAX 90 OR ABOVE:   0    0.10 INCH OR MORE:   4
MIN 32 OR BELOW:   3    0.50 INCH OR MORE:   1
MIN  0 OR BELOW:   0    1.00 INCH OR MORE:   0

[HDD (BASE 65) ]
TOTAL THIS MO.   156    CLEAR  (SCALE 0-3)   3
DPTR FM NORMAL   -57    PTCLDY (SCALE 4-7)  13
TOTAL FM JUL 1  4641    CLOUDY (SCALE 8-10)  3
DPTR FM NORMAL   374

[CDD (BASE 65) ]
TOTAL THIS MO.    15
DPTR FM NORMAL    -3    [PRESSURE DATA]
TOTAL FM JAN 1    15    HIGHEST SLP M ON M
DPTR FM NORMAL    -8    LOWEST  SLP 29.42 ON  7

[REMARKS]
