000
CXUS52 KMFL 241000
CF6FLL
PRELIMINARY LOCAL CLIMATOLOGICAL DATA (WS FORM: F-6)

                                          STATION:   FORT LAUDERDALE
                                          MONTH:     MAY
                                          YEAR:      2015
                                          LATITUDE:   26  4 N
                                          LONGITUDE:  80  9 W

  TEMPERATURE IN F:       :PCPN:    SNOW:  WIND      :SUNSHINE: SKY     :PK WND
================================================================================
1   2   3   4   5  6A  6B    7    8   9   10  11  12  13   14  15   16   17  18
                                     12Z  AVG MX 2MIN
DY MAX MIN AVG DEP HDD CDD  WTR  SNW DPTH SPD SPD DIR MIN PSBL S-S WX    SPD DR
================================================================================

 1  83  66  75  -3   0  10 0.00  0.0    0  7.3 15 340   M    M   3        23 350
 2  82  68  75  -3   0  10 0.00  0.0    0 10.7 20  80   M    M   7        24  60
 3  82  72  77  -1   0  12    T  0.0    0 14.4 22  90   M    M   4        25  60
 4  80  71  76  -2   0  11    T  0.0    0 14.0 21  90   M    M   8        29  80
 5  79  71  75  -4   0  10 0.73  0.0    0 10.5 25  80   M    M   9 13     31  90
 6  83  69  76  -3   0  11 0.13  0.0    0  8.1 18  50   M    M   6 1      22  50
 7  85  69  77  -2   0  12 0.03  0.0    0  5.6 16 120   M    M   3 3      21 130
 8  88  72  80   1   0  15 0.35  0.0    0  8.4 25 200   M    M   2 13     39 120
 9  87  69  78  -1   0  13 0.00  0.0    0  7.9 20 130   M    M   2        28 150
10  86  78  82   3   0  17 0.00  0.0    0 10.2 18 140   M    M   4        24 110
11  87  78  83   3   0  18 0.00  0.0    0 14.1 21 110   M    M   3        27 110
12  86  78  82   2   0  17 0.03  0.0    0 14.4 21  90   M    M   3 38     26 130
13  85  75  80   0   0  15 0.32  0.0    0 11.5 25 100   M    M   5 8      29 100
14  86  78  82   2   0  17 0.00  0.0    0 11.6 18  80   M    M   5        23  80
15  86  78  82   2   0  17 0.00  0.0    0 13.0 18  70   M    M   6        24 110
16  86  77  82   2   0  17 0.00  0.0    0 12.4 20 130   M    M   5        24 140
17  85  77  81   1   0  16 0.12  0.0    0 13.6 22 110   M    M   5 1      26 110
18  85  77  81   1   0  16    T  0.0    0 10.8 20  90   M    M   4        25 100
19  86  76  81   0   0  16 0.00  0.0    0 10.4 17  90   M    M   3        24  70
20  88  74  81   0   0  16 0.00  0.0    0  7.0 15 110   M    M   2        20  90
21  91  77  84   3   0  19 0.00  0.0    0  7.2 18 140   M    M   5 38     23 130
22  89  75  82   1   0  17 0.00  0.0    0  6.5 18 260   M    M   5 18     23 260
23  88  74  81   0   0  16 0.03  0.0    0  9.9 17 100   M    M   5 18     22  80
================================================================================
SM 1963 1699         0 338  1.74     0.0 239.5          M      104
================================================================================
AV 85.3 73.9                              10.4 FASTST   M    M   5    MAX(MPH)
                                 MISC ---->  # 25  80               # 39  120
================================================================================
NOTES:
# LAST OF SEVERAL OCCURRENCES

COLUMN 17 PEAK WIND IN M.P.H.

PRELIMINARY LOCAL CLIMATOLOGICAL DATA (WS FORM: F-6) , PAGE 2

                                          STATION:  FORT LAUDERDALE
                                          MONTH:    MAY
                                          YEAR:     2015
                                          LATITUDE:   26  4 N
                                          LONGITUDE:  80  9 W

[TEMPERATURE DATA]      [PRECIPITATION DATA]       SYMBOLS USED IN COLUMN 16

AVERAGE MONTHLY: 79.6   TOTAL FOR MONTH:   1.74    1 = FOG OR MIST
DPTR FM NORMAL:   0.0   DPTR FM NORMAL:   -1.15    2 = FOG REDUCING VISIBILITY
HIGHEST:    91 ON 21    GRTST 24HR  0.85 ON  5- 6      TO 1/4 MILE OR LESS
LOWEST:     66 ON  1                               3 = THUNDER
                        SNOW, ICE PELLETS, HAIL    4 = ICE PELLETS
                        TOTAL MONTH:   0.0 INCH    5 = HAIL
                        GRTST 24HR     0.0         6 = FREEZING RAIN OR DRIZZLE
                        GRTST DEPTH:   0           7 = DUSTSTORM OR SANDSTORM:
                                                       VSBY 1/2 MILE OR LESS
                                                   8 = SMOKE OR HAZE
[NO. OF DAYS WITH]      [WEATHER - DAYS WITH]      9 = BLOWING SNOW
                                                   X = TORNADO
MAX 32 OR BELOW:   0    0.01 INCH OR MORE:   8
MAX 90 OR ABOVE:   1    0.10 INCH OR MORE:   5
MIN 32 OR BELOW:   0    0.50 INCH OR MORE:   1
MIN  0 OR BELOW:   0    1.00 INCH OR MORE:   0

[HDD (BASE 65) ]
TOTAL THIS MO.     0    CLEAR  (SCALE 0-3)   6
DPTR FM NORMAL     0    PTCLDY (SCALE 4-7)  16
TOTAL FM JUL 1    97    CLOUDY (SCALE 8-10)  1
DPTR FM NORMAL   -15

[CDD (BASE 65) ]
TOTAL THIS MO.   338
DPTR FM NORMAL     2    [PRESSURE DATA]
TOTAL FM JAN 1  1399    HIGHEST SLP M ON M
DPTR FM NORMAL   116    LOWEST  SLP 29.86 ON  1

[REMARKS]
