000
CXUS51 KLWX 240620
CF6HGR
PRELIMINARY LOCAL CLIMATOLOGICAL DATA (WS FORM: F-6)

                                          STATION:   HAGERSTOWN MD
                                          MONTH:     AUGUST
                                          YEAR:      2016
                                          LATITUDE:   39 42 N
                                          LONGITUDE:  77 43 W

  TEMPERATURE IN F:       :PCPN:    SNOW:  WIND      :SUNSHINE: SKY     :PK WND
================================================================================
1   2   3   4   5  6A  6B    7    8   9   10  11  12  13   14  15   16   17  18
                                     12Z  AVG MX 2MIN
DY MAX MIN AVG DEP HDD CDD  WTR  SNW DPTH SPD SPD DIR MIN PSBL S-S WX    SPD DR
================================================================================

 1  88  72  80   5   0  15    T    M    M  4.5 22  30   M    M   3 123    28  10
 2  88  69  79   4   0  14 0.00    M    M  5.5 13  80   M    M   3 18     15  80
 3  83  70  77   2   0  12 0.00    M    M  4.7 12 160   M    M   7        14 150
 4  83  68  76   1   0  11 0.00    M    M  5.0 12 190   M    M   3        14 180
 5  83  70  77   3   0  12 0.02    M    M  8.8 17 170   M    M   7        23 180
 6  90  71  81   7   0  16 0.04    M    M  6.0 14 310   M    M   6 12     18 270
 7  87  63  75   1   0  10 0.00    M    M  3.9 10 250   M    M   1        16  10
 8  84  66  75   1   0  10 0.00    M    M  3.5 13  30   M    M   0        16  30
 9  78  63  71  -3   0   6    T    M    M  5.3 13 160   M    M   7 1      16 170
10  92  74  83   9   0  18    T    M    M  7.1 15 180   M    M   4        20 160
11  94  76  85  11   0  20 0.00    M    M  7.0 16 190   M    M   2        22 190
12  95  78  87  13   0  22    T    M    M  5.8 15 270   M    M   3 3      18 270
13  97  77  87  13   0  22 0.30    M    M  6.4 32 260   M    M   2 38     45 250
14  94  75  85  11   0  20 0.05    M    M  7.0 26 330   M    M   2 3      35 320
15  90  70  80   6   0  15 0.11    M    M  3.6 13 270   M    M   2 13     20 250
16  90  72  81   7   0  16 1.00    M    M  6.5 29 270   M    M   3 138    37 250
17  88  74  81   8   0  16 0.09    M    M  5.1 14 310   M    M   5 13     17 290
18  90  72  81   8   0  16    T    M    M  6.1 15 290   M    M   3 1      19 270
19  88  68  78   5   0  13 0.00    M    M  2.4  9 320   M    M   1        12  20
20  89  68  79   6   0  14 0.00    M    M  6.6 15 150   M    M   1        22 180
21  85  70  78   5   0  13 0.18    M    M  8.9 18 290   M    M   6 18     24 270
22  82  65  74   1   0   9 0.00    M    M  7.4 17 310   M    M   2        23 330
23  83  59  71  -2   0   6 0.00    M    M  3.9 13 180   M    M   1        18 170
================================================================================
SM 2021 1610         0 326  1.79    M    131.0          M       74
================================================================================
AV 87.9 70.0                               5.7 FASTST   M    M   3    MAX(MPH)
                                 MISC ---->  # 32 260               # 45  250
================================================================================
NOTES:
# LAST OF SEVERAL OCCURRENCES

COLUMN 17 PEAK WIND IN M.P.H.

PRELIMINARY LOCAL CLIMATOLOGICAL DATA (WS FORM: F-6) , PAGE 2

                                          STATION:  HAGERSTOWN MD
                                          MONTH:    AUGUST
                                          YEAR:     2016
                                          LATITUDE:   39 42 N
                                          LONGITUDE:  77 43 W

[TEMPERATURE DATA]      [PRECIPITATION DATA]       SYMBOLS USED IN COLUMN 16

AVERAGE MONTHLY: 78.9   TOTAL FOR MONTH:   1.79    1 = FOG OR MIST
DPTR FM NORMAL:   5.1   DPTR FM NORMAL:   -0.53    2 = FOG REDUCING VISIBILITY
HIGHEST:    97 ON 13    GRTST 24HR  1.01 ON 15-16      TO 1/4 MILE OR LESS
LOWEST:     59 ON 23                               3 = THUNDER
                        SNOW, ICE PELLETS, HAIL    4 = ICE PELLETS
                        TOTAL MONTH:    M          5 = HAIL
                        GRTST 24HR    M  ON   M    6 = FREEZING RAIN OR DRIZZLE
                        GRTST DEPTH:  M  ON   M    7 = DUSTSTORM OR SANDSTORM:
                                                       VSBY 1/2 MILE OR LESS
                                                   8 = SMOKE OR HAZE
[NO. OF DAYS WITH]      [WEATHER - DAYS WITH]      9 = BLOWING SNOW
                                                   X = TORNADO
MAX 32 OR BELOW:   0    0.01 INCH OR MORE:   8
MAX 90 OR ABOVE:   9    0.10 INCH OR MORE:   4
MIN 32 OR BELOW:   0    0.50 INCH OR MORE:   1
MIN  0 OR BELOW:   0    1.00 INCH OR MORE:   1

[HDD (BASE 65) ]
TOTAL THIS MO.     0    CLEAR  (SCALE 0-3)  14
DPTR FM NORMAL     0    PTCLDY (SCALE 4-7)   9
TOTAL FM JUL 1     0    CLOUDY (SCALE 8-10)  0
DPTR FM NORMAL     0

[CDD (BASE 65) ]
TOTAL THIS MO.   326
DPTR FM NORMAL   120    [PRESSURE DATA]
TOTAL FM JAN 1  1141    HIGHEST SLP M ON M
DPTR FM NORMAL   329    LOWEST  SLP 29.74 ON 21

[REMARKS]
