000
CXUS52 TJSJ 310440
CF6JSJ
PRELIMINARY LOCAL CLIMATOLOGICAL DATA (WS FORM: F-6)

                                          STATION:   SAN JUAN/P.R.
                                          MONTH:     JULY
                                          YEAR:      2014
                                          LATITUDE:   18 25 N
                                          LONGITUDE:  66  0 W

  TEMPERATURE IN F:       :PCPN:    SNOW:  WIND      :SUNSHINE: SKY     :PK WND
================================================================================
1   2   3   4   5  6A  6B    7    8   9   10  11  12  13   14  15   16   17  18
                                     12Z  AVG MX 2MIN
DY MAX MIN AVG DEP HDD CDD  WTR  SNW DPTH SPD SPD DIR MIN PSBL S-S WX    SPD DR
================================================================================

 1  93  80  87   4   0  22 0.00  0.0    0  9.4 22  60   M    M   3        26  70
 2  92  81  87   4   0  22 0.00  0.0    0 11.8 22  50   M    M   3        26  50
 3  91  79  85   2   0  20 0.16  0.0    0 10.6 33  60   M    M   4 8      44  60
 4  91  81  86   3   0  21 0.02  0.0    0 11.9 22  60   M    M   3        31  40
 5  90  81  86   3   0  21 0.18  0.0    0 10.8 24  60   M    M   5 8      31  60
 6  92  78  85   2   0  20 0.37  0.0    0  9.2 24  80   M    M   6 138    30  70
 7  92  80  86   3   0  21 0.00  0.0    0 12.7 24  60   M    M   3        29  50
 8  90  81  86   3   0  21    T  0.0    0 11.5 21  70   M    M   4        26  60
 9  91  79  85   2   0  20 0.13  0.0    0 11.5 25  60   M    M   5        31  60
10  92  80  86   3   0  21 0.04  0.0    0 12.2 24  50   M    M   4        29  60
11  90  77  84   1   0  19 0.05  0.0    0 11.4 23  70   M    M   5 1      29  60
12  90  80  85   2   0  20 0.00  0.0    0 10.2 21  40   M    M   3        25  50
13  90  80  85   2   0  20 0.00  0.0    0  7.2 18  80   M    M   4        23  60
14  90  79  85   2   0  20 1.21  0.0    0  6.1 23  50   M    M   4 1      26  60
15  92  78  85   2   0  20 0.02  0.0    0  5.5 16  80   M    M   5        21 100
16  93  80  87   4   0  22 0.00  0.0    0  7.5 18  80   M    M   5        24  80
17  90  79  85   2   0  20 0.28  0.0    0  8.0 23  60   M    M   4        29  50
18  90  79  85   2   0  20    T  0.0    0  7.1 24  60   M    M   4        30  40
19  90  78  84   1   0  19 0.10  0.0    0  9.8 23  50   M    M   3 1      28  70
20  91  81  86   3   0  21 0.17  0.0    0 11.4 24  50   M    M   3 18     29  50
21  89  80  85   2   0  20 0.00  0.0    0 10.3 23  50   M    M   5        29  50
22  88  79  84   1   0  19 0.34  0.0    0  9.5 22  50   M    M   5 18     28  50
23  89  81  85   2   0  20 0.00  0.0    0 13.3 25  50   M    M   4        30  50
24  89  81  85   2   0  20 0.02  0.0    0 15.9 28  70   M    M   5        33  60
25  88  81  85   2   0  20 0.08  0.0    0 13.5 22  50   M    M   5        28  50
26  89  81  85   2   0  20 0.00  0.0    0 14.0 23  50   M    M   4        29  30
27  90  79  85   2   0  20 0.00  0.0    0 11.3 23  60   M    M   3        28  40
28  89  80  85   2   0  20 0.00  0.0    0  9.6 22  50   M    M   3        25  50
29  89  79  84   0   0  19 0.23  0.0    0  7.9 22  60   M    M   4        26  80
30  90  78  84   0   0  19 0.00  0.0    0  7.7 23  50   M    M   3        26  60
================================================================================
SM 2710 2390         0 607  3.40     0.0 308.8          M      121
================================================================================
AV 90.3 79.7                              10.3 FASTST   M    M   4    MAX(MPH)
                                 MISC ---->  # 33  60               # 44   60
================================================================================
NOTES:
# LAST OF SEVERAL OCCURRENCES

COLUMN 17 PEAK WIND IN M.P.H.

PRELIMINARY LOCAL CLIMATOLOGICAL DATA (WS FORM: F-6) , PAGE 2

                                          STATION:  SAN JUAN/P.R.
                                          MONTH:    JULY
                                          YEAR:     2014
                                          LATITUDE:   18 25 N
                                          LONGITUDE:  66  0 W

[TEMPERATURE DATA]      [PRECIPITATION DATA]       SYMBOLS USED IN COLUMN 16

AVERAGE MONTHLY: 85.0   TOTAL FOR MONTH:   3.40    1 = FOG OR MIST
DPTR FM NORMAL:   1.9   DPTR FM NORMAL:   -1.51    2 = FOG REDUCING VISIBILITY
HIGHEST:    93 ON 16, 1 GRTST 24HR  1.22 ON 14-15      TO 1/4 MILE OR LESS
LOWEST:     77 ON 11                               3 = THUNDER
                        SNOW, ICE PELLETS, HAIL    4 = ICE PELLETS
                        TOTAL MONTH:   0.0 INCH    5 = HAIL
                        GRTST 24HR     0.0         6 = FREEZING RAIN OR DRIZZLE
                        GRTST DEPTH:   0           7 = DUSTSTORM OR SANDSTORM:
                                                       VSBY 1/2 MILE OR LESS
                                                   8 = SMOKE OR HAZE
[NO. OF DAYS WITH]      [WEATHER - DAYS WITH]      9 = BLOWING SNOW
                                                   X = TORNADO
MAX 32 OR BELOW:   0    0.01 INCH OR MORE:  16
MAX 90 OR ABOVE:  22    0.10 INCH OR MORE:  10
MIN 32 OR BELOW:   0    0.50 INCH OR MORE:   1
MIN  0 OR BELOW:   0    1.00 INCH OR MORE:   1

[HDD (BASE 65) ]
TOTAL THIS MO.     0    CLEAR  (SCALE 0-3)   6
DPTR FM NORMAL     0    PTCLDY (SCALE 4-7)  24
TOTAL FM JUL 1     0    CLOUDY (SCALE 8-10)  0
DPTR FM NORMAL     0

[CDD (BASE 65) ]
TOTAL THIS MO.   607
DPTR FM NORMAL    67    [PRESSURE DATA]
TOTAL FM JAN 1  3623    HIGHEST SLP M ON M
DPTR FM NORMAL   369    LOWEST  SLP 29.96 ON 30

[REMARKS]
