000
CXUS54 KFWD 200730
CF6PWG
PRELIMINARY LOCAL CLIMATOLOGICAL DATA (WS FORM: F-6)

                                          STATION:   WACO MCGREGOR
                                          MONTH:     OCTOBER
                                          YEAR:      2014
                                          LATITUDE:   31 28 N
                                          LONGITUDE:  97 19 W

  TEMPERATURE IN F:       :PCPN:    SNOW:  WIND      :SUNSHINE: SKY     :PK WND
================================================================================
1   2   3   4   5  6A  6B    7    8   9   10  11  12  13   14  15   16   17  18
                                     12Z  AVG MX 2MIN
DY MAX MIN AVG DEP HDD CDD  WTR  SNW DPTH SPD SPD DIR MIN PSBL S-S WX    SPD DR
================================================================================

 1  93  73  83  11   0  18 0.00  0.0    0 11.7 17 180   M    M   5        22 170
 2  97  66  82  11   0  17 0.84  0.0    0 12.1 24 220   M    M   4        31 220
 3  82  59  71   0   0   6 0.00  0.0    0  9.9 17 350   M    M   0        23 360
 4  81  50  66  -5   0   1 0.00  0.0    0  7.7 14 170   M    M   0        18 100
 5  84  57  71   1   0   6 0.00  0.0    0 12.8 18 170   M    M   3        25 190
 6  84  70  77   7   0  12 0.00  0.0    0 12.6 24 130   M    M   2        32 130
 7  97  70  84  14   0  19 0.00  0.0    0 12.8 18 190   M    M   2        23 190
 8  91  72  82  12   0  17 0.00  0.0    0 12.0 17 160   M    M   3        24 170
 9  93  75  84  15   0  19 0.00  0.0    0 14.8 22 190   M    M   4        28 190
10  93  72  83  14   0  18 0.07  0.0    0 12.8 21 190   M    M   4        27 190
11  72  57  65  -3   0   0 1.80  0.0    0  9.7 21 330   M    M  10 3      30 330
12  73  59  66  -2   0   1 0.00  0.0    0  7.4 21 180   M    M   9        27 170
13  75  55  65  -3   0   0 2.02  0.0    0 14.2 24 310   M    M   4        37 230
14  77  54  66  -2   0   1 0.00  0.0    0  9.5 22 350   M    M   0        35 350
15  88  48  68   1   0   3 0.00  0.0    0  3.5  9 290   M    M   0        17 290
16  86  52  69   2   0   4 0.00  0.0    0  9.4 18 190   M    M   0        24 200
17  88  54  71   4   0   6 0.00  0.0    0  8.2 15 200   M    M   0        18 180
18  86  57  72   6   0   7 0.00  0.0    0  4.1 12  60   M    M   2        17  60
19  81  63  72   6   0   7 0.00  0.0    0  5.3  9  80   M    M   4         M  M
================================================================================
SM 1621 1163         0 162  4.73     0.0 190.5          M       56
================================================================================
AV 85.3 61.2                              10.0 FASTST   M    M   3    MAX(MPH)
                                 MISC ---->    24   M                 37    M
================================================================================
NOTES:
# LAST OF SEVERAL OCCURRENCES

COLUMN 17 PEAK WIND IN M.P.H.

PRELIMINARY LOCAL CLIMATOLOGICAL DATA (WS FORM: F-6) , PAGE 2

                                          STATION:  WACO MCGREGOR
                                          MONTH:    OCTOBER
                                          YEAR:     2014
                                          LATITUDE:   31 28 N
                                          LONGITUDE:  97 19 W

[TEMPERATURE DATA]      [PRECIPITATION DATA]       SYMBOLS USED IN COLUMN 16

AVERAGE MONTHLY: 73.3   TOTAL FOR MONTH:   4.73    1 = FOG OR MIST
DPTR FM NORMAL:   4.4   DPTR FM NORMAL:    2.20    2 = FOG REDUCING VISIBILITY
HIGHEST:    97 ON  7, 2 GRTST 24HR  2.02 ON 13-13      TO 1/4 MILE OR LESS
LOWEST:     48 ON 15                               3 = THUNDER
                        SNOW, ICE PELLETS, HAIL    4 = ICE PELLETS
                        TOTAL MONTH:   0.0 INCH    5 = HAIL
                        GRTST 24HR     0.0         6 = FREEZING RAIN OR DRIZZLE
                        GRTST DEPTH:   0           7 = DUSTSTORM OR SANDSTORM:
                                                       VSBY 1/2 MILE OR LESS
                                                   8 = SMOKE OR HAZE
[NO. OF DAYS WITH]      [WEATHER - DAYS WITH]      9 = BLOWING SNOW
                                                   X = TORNADO
MAX 32 OR BELOW:   0    0.01 INCH OR MORE:   4
MAX 90 OR ABOVE:   6    0.10 INCH OR MORE:   3
MIN 32 OR BELOW:   0    0.50 INCH OR MORE:   3
MIN  0 OR BELOW:   0    1.00 INCH OR MORE:   2

[HDD (BASE 65) ]
TOTAL THIS MO.     0    CLEAR  (SCALE 0-3)  10
DPTR FM NORMAL   -27    PTCLDY (SCALE 4-7)   7
TOTAL FM JUL 1     0    CLOUDY (SCALE 8-10)  2
DPTR FM NORMAL   -34

[CDD (BASE 65) ]
TOTAL THIS MO.   162
DPTR FM NORMAL    61    [PRESSURE DATA]
TOTAL FM JAN 1  2698    HIGHEST SLP M ON M
DPTR FM NORMAL   292    LOWEST  SLP M ON M

[REMARKS]
