000
CXUS56 KFGZ 220900
CF6SJN
PRELIMINARY LOCAL CLIMATOLOGICAL DATA (WS FORM: F-6)

                                          STATION:   SAINT JOHNS AZ AIRPORT
                                          MONTH:     APRIL
                                          YEAR:      2014
                                          LATITUDE:   34 31 N
                                          LONGITUDE: 109 23 W

  TEMPERATURE IN F:       :PCPN:    SNOW:  WIND      :SUNSHINE: SKY     :PK WND
================================================================================
1   2   3   4   5  6A  6B    7    8   9   10  11  12  13   14  15   16   17  18
                                     12Z  AVG MX 2MIN
DY MAX MIN AVG DEP HDD CDD  WTR  SNW DPTH SPD SPD DIR MIN PSBL S-S WX    SPD DR
================================================================================

 1  67  39  53   4  12   0 0.00    M    M 17.7 37 210   M    M   0        50 240
 2  60  33  47  -2  18   0 0.01    M    M 19.3 35 240   M    M   1 1      43 230
 3  52  31  42  -7  23   0    T    M    M  8.7 21 290   M    M   4 1      34 290
 4  66  21  44  -6  21   0 0.00    M    M  7.9 23 260   M    M   0        30 260
 5  58  39  49  -1  16   0 0.00    M    M 10.4 30 290   M    M   6        38 300
 6  61  29  45  -5  20   0 0.00    M    M  9.8 30 290   M    M   1        38 280
 7  67  31  49  -2  16   0 0.00    M    M  9.2 26 320   M    M   0        33 320
 8  74  29  52   1  13   0 0.00    M    M  5.6 18 300   M    M   0        23 300
 9  81  34  58   7   7   0 0.00    M    M  8.8 24 270   M    M   0        32 270
10  80  42  61   9   4   0 0.00    M    M 11.7 28 280   M    M   0        34 280
11  77  39  58   6   7   0 0.00    M    M  9.2 28 250   M    M   0        33 240
12  75  43  59   7   6   0 0.00    M    M 11.8 29 230   M    M   1        41 260
13  72  42  57   4   8   0 0.02    M    M 24.0 43 240   M    M   3        79 220
14  61  30  46  -7  19   0 0.00    M    M  6.2 16 340   M    M   0        21 330
15  74  26  50  -3  15   0 0.00    M    M  8.1 25 270   M    M   0        32 270
16  72  37  55   1  10   0 0.00    M    M  7.3 21 320   M    M   0        32 290
17  74  39  57   3   8   0 0.00    M    M  4.1 15 320   M    M   0        20 320
18  74  39  57   3   8   0 0.02    M    M  8.6 28 240   M    M   5        35 230
19  67  36  52  -3  13   0 0.00    M    M  5.4 23 240   M    M   4        28 260
20  73  38  56   1   9   0 0.00    M    M  7.5 20 310   M    M   0        24 300
21  79  44  62   7   3   0 0.00    M    M  5.5 13 230   M    M   2        17  80
================================================================================
SM 1464  741       256   0  0.05    M    206.8          M       27
================================================================================
AV 69.7 35.3                               9.8 FASTST   M    M   1    MAX(MPH)
                                 MISC ---->  # 43 240               # 79  220
================================================================================
NOTES:
# LAST OF SEVERAL OCCURRENCES

COLUMN 17 PEAK WIND IN M.P.H.

PRELIMINARY LOCAL CLIMATOLOGICAL DATA (WS FORM: F-6) , PAGE 2

                                          STATION:  SAINT JOHNS AZ AIRPORT
                                          MONTH:    APRIL
                                          YEAR:     2014
                                          LATITUDE:   34 31 N
                                          LONGITUDE: 109 23 W

[TEMPERATURE DATA]      [PRECIPITATION DATA]       SYMBOLS USED IN COLUMN 16

AVERAGE MONTHLY: 52.5   TOTAL FOR MONTH:   0.05    1 = FOG OR MIST
DPTR FM NORMAL:   0.5   DPTR FM NORMAL:   -0.35    2 = FOG REDUCING VISIBILITY
HIGHEST:    81 ON  9    GRTST 24HR  0.02 ON 18-18      TO 1/4 MILE OR LESS
LOWEST:     21 ON  4                               3 = THUNDER
                        SNOW, ICE PELLETS, HAIL    4 = ICE PELLETS
                        TOTAL MONTH:    M          5 = HAIL
                        GRTST 24HR    M  ON   M    6 = FREEZING RAIN OR DRIZZLE
                        GRTST DEPTH:  M  ON   M    7 = DUSTSTORM OR SANDSTORM:
                                                       VSBY 1/2 MILE OR LESS
                                                   8 = SMOKE OR HAZE
[NO. OF DAYS WITH]      [WEATHER - DAYS WITH]      9 = BLOWING SNOW
                                                   X = TORNADO
MAX 32 OR BELOW:   0    0.01 INCH OR MORE:   3
MAX 90 OR ABOVE:   0    0.10 INCH OR MORE:   0
MIN 32 OR BELOW:   7    0.50 INCH OR MORE:   0
MIN  0 OR BELOW:   0    1.00 INCH OR MORE:   0

[HDD (BASE 65) ]
TOTAL THIS MO.   256    CLEAR  (SCALE 0-3)  17
DPTR FM NORMAL   -19    PTCLDY (SCALE 4-7)   4
TOTAL FM JUL 1  4427    CLOUDY (SCALE 8-10)  0
DPTR FM NORMAL   -64

[CDD (BASE 65) ]
TOTAL THIS MO.     0
DPTR FM NORMAL     0    [PRESSURE DATA]
TOTAL FM JAN 1     0    HIGHEST SLP M ON M
DPTR FM NORMAL     0    LOWEST  SLP 29.63 ON  2

[REMARKS]
