000
CXUS56 KFGZ 280900
CF6SJN
PRELIMINARY LOCAL CLIMATOLOGICAL DATA (WS FORM: F-6)

                                          STATION:   SAINT JOHNS AZ AIRPORT
                                          MONTH:     JUNE
                                          YEAR:      2017
                                          LATITUDE:   34 31 N
                                          LONGITUDE: 109 23 W

  TEMPERATURE IN F:       :PCPN:    SNOW:  WIND      :SUNSHINE: SKY     :PK WND
================================================================================
1   2   3   4   5  6A  6B    7    8   9   10  11  12  13   14  15   16   17  18
                                     12Z  AVG MX 2MIN
DY MAX MIN AVG DEP HDD CDD  WTR  SNW DPTH SPD SPD DIR MIN PSBL S-S WX    SPD DR
================================================================================

 1  82  46  64  -3   1   0 0.04    M    0  8.6 32 140   M    M   3        43 140
 2  84  49  67   0   0   2 0.00    M    M  4.7 29  30   M    M   2        35  30
 3  89  47  68   0   0   3 0.00    M    M  3.5 16  40   M    M   0        24  40
 4  93  54  74   6   0   9 0.00    M    M  8.0 21 330   M    M   0        27 290
 5  93  59  76   8   0  11 0.00    M    M  7.3 26 230   M    M   0        35 220
 6  94  62  78   9   0  13 0.00    M    M  6.9 23 270   M    M   0        32 300
 7  92  58  75   6   0  10 0.02    M    M  8.2 37 290   M    M   2        48 280
 8  92  58  75   6   0  10 0.00    M    M  8.2 23 280   M    M   0        30 290
 9  92  54  73   3   0   8 0.00    M    M  9.5 24 260   M    M   0        32 260
10  90  51  71   1   0   6 0.00    M    M 10.2 31 260   M    M   0        40 270
11  89  51  70   0   0   5 0.00    M    M  9.8 28 250   M    M   0        42 250
12  84  48  66  -5   0   1 0.00  0.0    0 14.6 32 240   M    M   0        43 240
13  81  44  63  -8   2   0 0.00  0.0    0  7.7 20 320   M    M   0        29 310
14  92  40  66  -5   0   1 0.00  0.0    0  6.9 18 270   M    M   0        26 280
15  95  49  72   1   0   7 0.00  0.0    0  7.1 18 310   M    M   0        24 340
16  96  55  76   4   0  11 0.00  0.0    0  8.7 20 250   M    M   0        24 260
17  97  59  78   6   0  13 0.00  0.0    0  7.9 21 320   M    M   0        26 310
18 100  59  80   8   0  15 0.00  0.0    0  4.9 18 290   M    M   0        23 280
19 103  59  81   8   0  16 0.00    M    M  7.0 20 340   M    M   0        27 340
20 103  58  81   8   0  16 0.00    M    M  8.2 29 290   M    M   0        35 280
21 103  59  81   8   0  16 0.00    M    M  5.9 32 310   M    M   0        40 310
22 102  72  87  13   0  22 0.00    M    M 13.1 26 320   M    M   0        33 320
23  99  64  82   8   0  17 0.00    M    M  5.3 22 300   M    M   0        36 320
24 101  58  80   6   0  15 0.00    M    M  7.1 20  50   M    M   0 8      26  50
25  95  61  78   4   0  13    T  0.0    M  9.7 36 330   M    M   0        46 310
26  97  57  77   2   0  12 0.00    M    M  7.9 24 290   M    M   0        34 300
27  95  65  80   5   0  15 0.00    M    M 13.8 31 280   M    M   0        45 280
================================================================================
SM 2533 1496         3 267  0.06     0.0 220.7          M        7
================================================================================
AV 93.8 55.4                               8.2 FASTST   M    M   0    MAX(MPH)
                                 MISC ---->  # 37 290               # 48  280
================================================================================
NOTES:
# LAST OF SEVERAL OCCURRENCES

COLUMN 17 PEAK WIND IN M.P.H.

PRELIMINARY LOCAL CLIMATOLOGICAL DATA (WS FORM: F-6) , PAGE 2

                                          STATION:  SAINT JOHNS AZ AIRPORT
                                          MONTH:    JUNE
                                          YEAR:     2017
                                          LATITUDE:   34 31 N
                                          LONGITUDE: 109 23 W

[TEMPERATURE DATA]      [PRECIPITATION DATA]       SYMBOLS USED IN COLUMN 16

AVERAGE MONTHLY: 74.6   TOTAL FOR MONTH:   0.06    1 = FOG OR MIST
DPTR FM NORMAL:   3.5   DPTR FM NORMAL:   -0.26    2 = FOG REDUCING VISIBILITY
HIGHEST:   103 ON 21,20 GRTST 24HR  0.04 ON  1- 1      TO 1/4 MILE OR LESS
LOWEST:     40 ON 14                               3 = THUNDER
                        SNOW, ICE PELLETS, HAIL    4 = ICE PELLETS
                        TOTAL MONTH:   0.0 INCH    5 = HAIL
                        GRTST 24HR     0.0         6 = FREEZING RAIN OR DRIZZLE
                        GRTST DEPTH:   0           7 = DUSTSTORM OR SANDSTORM:
                                                       VSBY 1/2 MILE OR LESS
                                                   8 = SMOKE OR HAZE
[NO. OF DAYS WITH]      [WEATHER - DAYS WITH]      9 = BLOWING SNOW
                                                   X = TORNADO
MAX 32 OR BELOW:   0    0.01 INCH OR MORE:   2
MAX 90 OR ABOVE:  21    0.10 INCH OR MORE:   0
MIN 32 OR BELOW:   0    0.50 INCH OR MORE:   0
MIN  0 OR BELOW:   0    1.00 INCH OR MORE:   0

[HDD (BASE 65) ]
TOTAL THIS MO.     3    CLEAR  (SCALE 0-3)  26
DPTR FM NORMAL    -8    PTCLDY (SCALE 4-7)   1
TOTAL FM JUL 1  4125    CLOUDY (SCALE 8-10)  0
DPTR FM NORMAL  -580

[CDD (BASE 65) ]
TOTAL THIS MO.   267
DPTR FM NORMAL    92    [PRESSURE DATA]
TOTAL FM JAN 1   282    HIGHEST SLP M ON M
DPTR FM NORMAL    61    LOWEST  SLP 29.66 ON 11

[REMARKS]
