000
CXUS56 KFGZ 220900
CF6SJN
PRELIMINARY LOCAL CLIMATOLOGICAL DATA (WS FORM: F-6)

                                          STATION:   SAINT JOHNS AZ AIRPORT
                                          MONTH:     DECEMBER
                                          YEAR:      2014
                                          LATITUDE:   34 31 N
                                          LONGITUDE: 109 23 W

  TEMPERATURE IN F:       :PCPN:    SNOW:  WIND      :SUNSHINE: SKY     :PK WND
================================================================================
1   2   3   4   5  6A  6B    7    8   9   10  11  12  13   14  15   16   17  18
                                     12Z  AVG MX 2MIN
DY MAX MIN AVG DEP HDD CDD  WTR  SNW DPTH SPD SPD DIR MIN PSBL S-S WX    SPD DR
================================================================================

 1  57  21  39   2  26   0 0.00    M    M  3.5  9  20   M    M   0        11  30
 2  57  23  40   3  25   0    T    M    M  1.4 13 210   M    M   4        17 240
 3  66  42  54  18  11   0 0.19    M    M  4.7 20 250   M    M   9 1      25 240
 4  49  36  43   7  22   0 0.97    M    M  5.1 17 280   M    M   9 1      22 290
 5  55  33  44   8  21   0 0.00    M    M  4.7 12  60   M    M   2 1      15 110
 6  54  35  45  10  20   0 0.00    M    M  3.0 12 280   M    M   3        24  30
 7  53  31  42   7  23   0 0.00    M    M  4.4 12 300   M    M   4 12     15 300
 8  46  33  40   5  25   0 0.00    M    M  2.6  8 230   M    M   6 128    10 240
 9  42  35  39   4  26   0    T    M    M  2.0  8 310   M    M  10 1      11 340
10  41  36  39   4  26   0 0.00    M    M  3.3  9 110   M    M  10 12     11 170
11  56  32  44  10  21   0 0.00    M    M  4.0 13 320   M    M   5 12     15 310
12  63  30  47  13  18   0 0.00    M    M  3.7 13 120   M    M   0 1      17 240
13  54  33  44  10  21   0 0.32    M    M  8.6 28 310   M    M   7 1      35 310
14  43  30  37   3  28   0 0.00    M    M  9.6 20 270   M    M   5        25 270
15  45  25  35   1  30   0 0.00    M    M  3.5  9  30   M    M   0        12  30
16  54  30  42   8  23   0 0.00    M    M  2.9  8 150   M    M   0 8      10  10
17  45  32  39   5  26   0 0.10    M    M  8.0 24 240   M    M   7 1      30 230
18  39  29  34   1  31   0    T    M    M  1.8 10  10   M    M   8 1      12  10
19  43  25  34   1  31   0 0.00    M    M  2.5  8 360   M    M   4 1      10  10
20  47  21  34   1  31   0 0.00    M    M  2.8  8  10   M    M   0        11 310
21  54  24  39   6  26   0 0.00    M    M  4.6 15 300   M    M   0        18 290
================================================================================
SM 1063  636       511   0  1.58    M     86.7          M       93
================================================================================
AV 50.6 30.3                               4.1 FASTST   M    M   4    MAX(MPH)
                                 MISC ---->  # 28 310               # 35  310
================================================================================
NOTES:
# LAST OF SEVERAL OCCURRENCES

COLUMN 17 PEAK WIND IN M.P.H.

PRELIMINARY LOCAL CLIMATOLOGICAL DATA (WS FORM: F-6) , PAGE 2

                                          STATION:  SAINT JOHNS AZ AIRPORT
                                          MONTH:    DECEMBER
                                          YEAR:     2014
                                          LATITUDE:   34 31 N
                                          LONGITUDE: 109 23 W

[TEMPERATURE DATA]      [PRECIPITATION DATA]       SYMBOLS USED IN COLUMN 16

AVERAGE MONTHLY: 40.5   TOTAL FOR MONTH:   1.58    1 = FOG OR MIST
DPTR FM NORMAL:   5.8   DPTR FM NORMAL:    0.99    2 = FOG REDUCING VISIBILITY
HIGHEST:    66 ON  3    GRTST 24HR  1.11 ON  3- 4      TO 1/4 MILE OR LESS
LOWEST:     21 ON 20, 1                            3 = THUNDER
                        SNOW, ICE PELLETS, HAIL    4 = ICE PELLETS
                        TOTAL MONTH:    M          5 = HAIL
                        GRTST 24HR    M  ON   M    6 = FREEZING RAIN OR DRIZZLE
                        GRTST DEPTH:  M  ON   M    7 = DUSTSTORM OR SANDSTORM:
                                                       VSBY 1/2 MILE OR LESS
                                                   8 = SMOKE OR HAZE
[NO. OF DAYS WITH]      [WEATHER - DAYS WITH]      9 = BLOWING SNOW
                                                   X = TORNADO
MAX 32 OR BELOW:   0    0.01 INCH OR MORE:   4
MAX 90 OR ABOVE:   0    0.10 INCH OR MORE:   4
MIN 32 OR BELOW:  13    0.50 INCH OR MORE:   1
MIN  0 OR BELOW:   0    1.00 INCH OR MORE:   0

[HDD (BASE 65) ]
TOTAL THIS MO.   511    CLEAR  (SCALE 0-3)   8
DPTR FM NORMAL  -128    PTCLDY (SCALE 4-7)   8
TOTAL FM JUL 1  1376    CLOUDY (SCALE 8-10)  5
DPTR FM NORMAL  -279

[CDD (BASE 65) ]
TOTAL THIS MO.     0
DPTR FM NORMAL     0    [PRESSURE DATA]
TOTAL FM JAN 1  1013    HIGHEST SLP M ON M
DPTR FM NORMAL    52    LOWEST  SLP 29.83 ON 13

[REMARKS]
