000
CXUS53 KMQT 041948
CLMMQT

CLIMATE REPORT...PRELIMINARY
NATIONAL WEATHER SERVICE MARQUETTE MI
349 PM EDT WED MAY 4 2016

...................................

...THE MARQUETTE MI CLIMATE SUMMARY FOR THE MONTH OF APRIL 2016...

CLIMATE NORMAL PERIOD 1981 TO 2010
CLIMATE RECORD PERIOD 1961 TO 2016

WEATHER         OBSERVED          NORMAL  DEPART  LAST YEAR`S
                 VALUE   DATE(S)  VALUE   FROM    VALUE  DATE(S)
                                          NORMAL
................................................................
TEMPERATURE (F)
RECORD
 HIGH              92   04/22/1980
 LOW               -9   04/06/2003
HIGHEST            78   04/17        46      32       68  04/16
                                                          04/12
LOWEST             -7   04/05        27     -34       11  04/04
AVG. MAXIMUM     43.5              47.8    -4.3     47.0
AVG. MINIMUM     24.2              28.0    -3.8     28.4
MEAN             33.9              37.9    -4.0     37.7
DAYS MAX >= 90      0               0.0     0.0        0
DAYS MAX <= 32      8               2.6     5.4        2
DAYS MIN <= 32     26              21.1     4.9       24
DAYS MIN <= 0       1               0.1     0.9        0

PRECIPITATION (INCHES)
RECORD
 MAXIMUM         6.56   1985
 MINIMUM         0.90   1998
TOTALS           3.83              3.01    0.82     2.50
DAILY AVG.       0.13              0.10    0.03     0.08
DAYS >= .01        17              12.2     4.8        9
DAYS >= .10         8               6.9     1.1        5
DAYS >= .50         2               1.7     0.3        1
DAYS >= 1.00        1               0.6     0.4        1
GREATEST
 24 HR. TOTAL    1.07   04/06 TO 04/07

SNOWFALL (INCHES)
RECORDS
 TOTAL           55.2   2007
                        0
                        0
TOTALS           40.9              14.5    26.4     13.1
SINCE 7/1       159.8             201.8   -42.0    178.4
SNOWDEPTH AVG.      7                11      -4        5
DAYS >= 1.0        10               3.3     6.7        2
GREATEST
 SNOW DEPTH        20   04/10                         17  04/01
                        04/09
 24 HR TOTAL      9.9   04/05 TO 04/06

DEGREE_DAYS
HEATING TOTAL     927               815     112      813
 SINCE 7/1       7790              8702    -912     9373
COOLING TOTAL       0                 1      -1        0
 SINCE 1/1          0                 1      -1        0
.................................................................

WIND (MPH)
AVERAGE WIND SPEED              MM
HIGHEST WIND SPEED/DIRECTION    MM        DATE   MM
HIGHEST GUST SPEED/DIRECTION    38/315    DATE  04/01

SKY COVER
POSSIBLE SUNSHINE (PERCENT)   MM
AVERAGE SKY COVER             MM
NUMBER OF DAYS FAIR          MM
NUMBER OF DAYS PC            MM
NUMBER OF DAYS CLOUDY        MM

AVERAGE RH (PERCENT)     MM

WEATHER CONDITIONS. NUMBER OF DAYS WITH
THUNDERSTORM              0     MIXED PRECIP               0
HEAVY RAIN                0     RAIN                       1
LIGHT RAIN                6     FREEZING RAIN              0
LT FREEZING RAIN          3     HAIL                       0
HEAVY SNOW                1     SNOW                       4
LIGHT SNOW               15     SLEET                      1
FOG                       4     FOG W/VIS <= 1/4 MILE      3
HAZE                      0

-  INDICATES NEGATIVE NUMBERS.
R  INDICATES RECORD WAS SET OR TIED.
MM INDICATES DATA IS MISSING.
T  INDICATES TRACE AMOUNT.

&&

...APRIL 2016 MONTHLY CLIMATE SUMMARY FOR UPPER MICHIGAN...
/THIS DISCUSSION DOES NOT INCLUDE CHIPPEWA AND MACKINAC COUNTIES/

...VERY COOL...
...EIGHTH COOLEST APRIL AT MANISTIQUE...
...TENTH COOLEST APRIL AT THE MARQUETTE NWS...

...WELL ABOVE NORMAL SNOWFALL...
...SECOND HIGHEST APRIL SNOWFALL AT MANISTIQUE...
...THIRD HIGHEST APRIL SNOWFALL AT THE MARQUETTE NWS...
...THIRD HIGHEST APRIL SNOWFALL AT NEWBERRY...
...SIXTH HIGHEST APRIL SNOWFALL AT IRONWOOD...

...ABOVE NORMAL PRECIPITATION...

APRIL CLIMATE STATISTICS FOR THE MARQUETTE NWS IN NEGAUNEE TOWNSHIP

                                    NORMAL   DEPARTURE
AVERAGE TEMPERATURE         33.9     37.9  MINUS    4.0
AVERAGE HIGH TEMPERATURE    43.5     47.8  MINUS    4.3
AVERAGE LOW TEMPERATURE     24.2     28.0  MINUS    3.8
HEATING DEGREE DAYS          927      815   PLUS    112
COOLING DEGREE DAYS            0        1  MINUS      1
TOTAL PRECIPITATION         3.83     3.01   PLUS   0.82
TOTAL SNOWFALL              40.9     14.5   PLUS   26.4

HIGHEST TEMPERATURE:                    78 ON 4/17
LOWEST TEMPERATURE:                     -7 ON 4/5
GREATEST CALENDAR DAY PRECIPITATION:  1.05 ON 4/25
GREATEST 24 HOUR PRECIPITATION:       1.07 ON 4/6-4/7
GREATEST CALENDAR DAY SNOWFALL:        8.9 ON 4/6
GREATEST 24 HOUR SNOWFALL              9.9 ON 4/5-4/6
GREATEST SNOW DEPTH                     20 ON 4/9 AND 4/10
PEAK WIND SPEED: 38 MPH FROM THE NORTHWEST ON 4/1

DAILY RECORD SNOWFALL ON 4/2...7.7 /OLD RECORD 6.3...1990/
DAILY RECORD LOW MAXIMUM TEMPERATURE ON 4/2...21 /23...1971/
DAILY RECORD SNOWFALL ON 4/3...7.2 /7.0...1973/
DAILY RECORD LOW MINIMUM TEMPERATURE ON 4/3...1 /4...1962&64/
DAILY RECORD LOW MAXIMUM TEMPERATURE ON 4/3...21 /22...1971/
DAILY RECORD LOW MINIMUM TEMPERATURE ON 4/5...-7 /-2...1972/
DAILY RECORD SNOWFALL ON 4/6...8.9 /6.7...2007/
DAILY RECORD HIGH MAXIMUM TEMPERATURE ON 4/17...78 /73...2002&09/
DAILY RECORD PRECIPITATION ON 4/25...1.05 /0.74...1996/
THIRD HIGHEST APRIL SNOWFALL...40.9 /RECORD 55.2...2007/
TENTH LOWEST APRIL MEAN TEMPERATURE...33.9 /RECORD 31.0...1972/
---------------------------------------------------------------------
GREAT LAKES WATER LEVELS (FEET/METERS ABOVE MEAN SEA LEVEL)

                            LAKE SUPERIOR  LAKE MICHIGAN-HURON
4/01/16 DAILY MEAN          601.97/183.48     579.78/176.72
4/30/16 DAILY MEAN          602.05/183.51     580.06/176.80
AVG MAR 2016 DAILY MEAN     601.91/183.46     579.42/176.61
AVG APR 2015 DAILY MEAN     601.84/183.44     579.15/176.53
LONG TERM APR DAILY MEAN    601.21/183.25     578.67/176.38
MAXIMUM APR DAILY MEAN      602.62/183.68     581.46/177.23
                                (1986)           (1986)
MINIMUM APR DAILY MEAN      599.48/182.72     576.15/175.61
                                (1926)           (1964)

...GREAT LAKES WATER LEVELS RISE AND REMAIN WELL ABOVE NORMAL IN
APRIL...

GREAT LAKES WATER LEVELS CONTINUED TO RISE DURING APRIL DUE TO
RUNOFF FROM SNOW MELT AND RECENT ABOVE NORMAL PRECIPITATION. AT THE
END OF APRIL...WATER LEVELS ON LAKE SUPERIOR WERE ABOUT 10 INCHES
ABOVE NORMAL AND 2 TO 3 INCHES ABOVE THE LEVEL OBSERVED IN APRIL
2015. THE LEVEL ON LAKES MICHIGAN AND HURON WAS 16 TO 17 INCHES
ABOVE AVERAGE ON 4/30 AND ALMOST 11 INCHES HIGHER THAN IN APRIL 2015.

OBTAIN GREAT LAKES WATER LEVEL DATA AS REPORTED BY THE U.S. ARMY
CORPS OF ENGINEERS AT

HTTP://WWW.LRE.USACE.ARMY.MIL/MISSIONS/GREATLAKESINFORMATION/
       GREATLAKESWATERLEVELS/CURRENTCONDITIONS.ASPX (ALL LOWER CASE).
---------------------------------------------------------------------
                       APRIL CLIMATE HIGHLIGHTS

MORE TO COME LATER.
---------------------------------------------------------------------
SOME OTHER TEMPERATURE AND PRECIPITATION OBSERVATIONS ACROSS UPPER
MICHIGAN IN APRIL 2016 INCLUDE:

IRONWOOD...AVERAGE TEMPERATURE 37.4 /6.1 DEGREES ABOVE NORMAL/
           PRECIPITATION 4.10 INCHES /1.46 INCHES ABOVE NORMAL/
           SNOWFALL 30.7 INCHES /19.3 INCHES ABOVE NORMAL/

WATERSMEET (GOGEBIC COUNTY)...PRECIPITATION 3.04 INCHES
                              SNOWFALL 11.3 INCHES

ONTONAGON...SNOWFALL 11.5 INCHES

GREENLAND (ONTONAGON COUNTY)...AVERAGE TEMPERATURE 37.8 DEGREES
                               PRECIPITATION 2.76 INCHES
                               SNOWFALL 15.1 INCHES

HOUGHTON COUNTY...AVERAGE TEMPERATURE 35.9 /2.1 DEGREES BELOW NORMAL/
 AIRPORT          PRECIPITATION 2.20 INCHES /0.36 INCH ABOVE NORMAL/
                  SNOWFALL 15.1 INCHES /7.3 INCHES ABOVE NORMAL/

ATLANTIC MINE (HOUGHTON COUNTY)...PRECIPITATION 2.94 INCHES
                                  SNOWFALL 24.0 INCHES

PAINESDALE (HOUGHTON COUNTY)...SNOWFALL 29.7 INCHES

COPPER HARBOR...AVERAGE TEMPERATURE 35.7 DEGREES

JACOBSVILLE (HOUGHTON COUNTY)...AVERAGE TEMPERATURE 33.5 DEGREES
                                PRECIPITATION 2.19 INCHES
                                SNOWFALL 14.0 INCHES

BARAGA...PRECIPITATION 2.47 INCHES
         SNOWFALL 8.3 INCHES

HERMAN (BARAGA COUNTY)...AVERAGE TEMPERATURE 32.9 DEGREES
                         PRECIPITATION 3.28 INCHES
                         SNOWFALL 26.9 INCHES

CLARKSBURG (MARQUETTE COUNTY)...AVERAGE TEMPERATURE 32.9 DEGREES
                                PRECIPITATION 2.67 INCHES
                                SNOWFALL 27.1 INCHES

MARQUETTE CITY...AVERAGE TEMPERATURE 36.0 /4.1 DEGREES BELOW NORMAL/
                 PRECIPITATION 2.77 INCHES /0.32 INCH ABOVE NORMAL/
                 SNOWFALL 16.5 INCHES /9.0 INCHES ABOVE NORMAL/

CHATHAM (ALGER COUNTY)...AVERAGE TEMPERATURE 35.0 DEGREES
                         PRECIPITATION 3.21 INCHES
                         SNOWFALL 17.3 INCHES

MUNISING...AVERAGE TEMPERATURE 35.2 /3.8 DEGREES BELOW NORMAL/
           PRECIPITATION 2.96 INCHES /0.76 INCH ABOVE NORMAL/
           SNOWFALL 13.5 INCHES /5.9 INCHES ABOVE NORMAL/

NEWBERRY...AVERAGE TEMPERATURE 35.7 /4.2 DEGREES BELOW NORMAL/
           PRECIPITATION 3.41 INCHES /1.19 INCHES ABOVE NORMAL/
           SNOWFALL 22.4 INCHES /15.3 INCHES ABOVE NORMAL/

STAMBAUGH (IRON COUNTY)...AVERAGE TEMPERATURE 35.0 DEGREES
                          PRECIPITATION 3.23 INCHES
                          SNOWFALL 10.4 INCHES

AMASA (IRON COUNTY)...AVERAGE TEMPERATURE 36.6 DEGREES
                      PRECIPITATION 3.06 INCHES
                      SNOWFALL 13.8 INCHES

FORD AIRPORT...AVERAGE TEMPERATURE 37.9 DEGREES
 NEAR IRON MOUNTAIN

IRON MOUNTAIN...AVERAGE TEMPERATURE 38.8 /2.7 DEGREES BELOW NORMAL/
                PRECIPITATION 2.64 INCHES /0.28 INCH ABOVE NORMAL/
                SNOWFALL 12.5 INCHES /7.9 INCHES ABOVE NORMAL/

NORWAY (DICKINSON COUNTY)...AVERAGE TEMPERATURE 38.5 DEGREES
                            PRECIPITATION 3.39 INCHES
                            SNOWFALL 14.9 INCHES

MENOMINEE...PRECIPITATION 3.40 INCHES

ESCANABA...SNOWFALL 9.7 INCHES

GLADSTONE (DELTA COUNTY)...PRECIPITATION 3.46 INCHES
                           SNOWFALL 22.3 INCHES

GARDEN CORNERS (DELTA COUNTY)...AVERAGE TEMPERATURE 30.5 DEGREES
                                PRECIPITATION 2.96 INCHES
                                SNOWFALL 16.2 INCHES

COOKS (SCHOOLCRAFT COUNTY)...PRECIPITATION 3.06 INCHES
                             SNOWFALL 16.7 INCHES

MANISTIQUE...AVERAGE TEMPERATURE 34.8 /4.0 DEGREES BELOW NORMAL/
             PRECIPITATION 3.11 INCHES /0.72 INCH ABOVE NORMAL/
             SNOWFALL 14.0 INCHES /11.4 INCHES ABOVE NORMAL/

                       APRIL WEATHER SUMMARY

MORE TO COME LATER.

                           MAY FORECAST

THE CLIMATE PREDICTION CENTER (CPC) IS FORECASTING A GREATER THAN
CLIMATOLOGICAL CHANCE OF AN ABOVE NORMAL MONTHLY MEAN TEMPERATURE
AND BELOW NORMAL MONTHLY PRECIPITATION OVER ALL OF UPPER MICHIGAN IN
MAY 2016.

                          MAY CLIMATOLOGY

MAY BRINGS A CONTINUED MODERATION IN TEMPERATURE AS DAYLIGHT
CONTINUES TO LENGTHEN. POSSIBLE SUNSHINE INCREASES FROM 863 MINUTES
ON 5/1 TO 932 MINUTES ON 5/31. THE AVERAGE TEMPERATURE IN MAY IS 12
TO 13 DEGREES HIGHER THAN IN APRIL. ALTHOUGH AVERAGE HIGH
TEMPERATURES REACH AROUND 70 BY MEMORIAL DAY OVER INLAND AREAS...
THE RELATIVELY COLD WATERS OF THE GREAT LAKES OFTEN KEEP SHORE
COMMUNITIES UP TO 20 DEGREES COOLER IN THE AFTERNOON. MORNING
TEMPERATURES FREQUENTLY SLIP BELOW FREEZING AT THE BEGINNING OF
MAY...BUT AVERAGE LOW TEMPERATURES RISE ABOVE 40 AFTER MID MONTH.

THE INCREASE IN AVERAGE TEMPERATURE RESULTS IN A GREATER THREAT OF
SHOWERS AND THUNDERSTORMS. AVERAGE PRECIPITATION IS 10 TO 40 PERCENT
HIGHER THAN IN APRIL...WITH THE GREATEST AMOUNTS MOST LIKELY NEAR
THE WISCONSIN BORDER WHERE THE STABILIZING INFLUENCE OF THE GREAT
LAKES IS LESS.

MAY IS GENERALLY A TEMPERATE MONTH...BUT WINTER CHILL IS STILL
POSSIBLE. ALTHOUGH AVERAGE TEMPERATURES RISE SHARPLY...FROST OFTEN
OCCURS AT THE END OF MAY AS RECORD LOW TEMPERATURES REMAIN BELOW
FREEZING THE ENTIRE MONTH AT MANY LOCATIONS. NEWBERRY SAW THE
MERCURY PLUNGE ALL THE WAY TO 19 AS LATE AS 5/24...IN 1925. MAY 1997
GOES DOWN IN THE RECORD BOOKS AS ONE OF THE COLDEST EVER AT ALL
REPORTING STATIONS WITH MONTHLY TEMPERATURES AS MUCH AS SEVEN TO
EIGHT DEGREES BELOW NORMAL. IN FACT...THIS MONTH IS THE COLDEST
FIFTH MONTH EVER AT MANISTIQUE (AVERAGE TEMPERATURE 44.4)...IRON
MOUNTAIN (45.9) AND ONTONAGON (46.6) AS WELL AS IN THE TOP TEN
COLDEST AT MOST OTHER UPPER MICHIGAN LOCATIONS. EVEN MORE
RECENTLY...MAY 2002 LANDED IN THE LIST OF TOP TEN COLDEST. MONTHLY
TEMPERATURES IN MAY 2002 AVERAGED 5 TO 7 DEGREES BELOW NORMAL AT
MOST SITES. AT MUNISING...THE MERCURY AVERAGED 9 DEGREES BELOW
NORMAL (41.5) AND THE MONTH GOES DOWN IN THE RECORD BOOKS AS THE
COLDEST MAY EVER. AT STATIONS WITH A LONGER TERM RECORD...MAY 1954
STANDS OUT AS VERY CHILLY...IN FACT THE COLDEST EVER AT THE HOUGHTON
COUNTY AIRPORT (41.8)...WHEN MONTHLY TEMPERATURES FELL OVER EIGHT
DEGREES BELOW NORMAL.

SNOW CAN STILL PLAGUE UPPER MICHIGAN DURING MAY. A LATE SEASON
SNOWSTORM OCCURRED IN CENTRAL UPPER MICHIGAN ON 5/9-5/10/90...WHEN
AN IMPRESSIVE 22.4 INCHES OF HEAVY WET SNOW FELL AT THE MARQUETTE
NWS...11 INCHES BLANKETED IRON MOUNTAIN...AND 7 INCHES FELL ON
MUNISING. DURING THE CHILLY MAY 1997...13 INCHES OF THE WHITE STUFF
ACCUMULATED AT ONTONAGON ON 5/12 AND 11.3 INCHES SMOTHERED IRONWOOD.
NEWBERRY WAS STRUCK BY AN EVEN LATER MAY SNOWSTORM...10 INCHES
ACCUMULATED THERE ON 5/23 AND 5/24 BACK IN 1917. MEASURABLE SNOW AS
LATE AS MEMORIAL DAY IS NOT UNPRECEDENTED...IRONWOOD RECORDED 3.7
INCHES OF SNOW ON 5/28/65.

ALTHOUGH SNOW CAN STILL FALL IN MAY...SPRING HEAT WAVES CAN ALSO
BRING MID SUMMER HEAT TO UPPER MICHIGAN. ON 5/31 IN 1934...BOTH IRON
MOUNTAIN AND IRONWOOD RECORDED MONTHLY RECORD 100 DEGREE HIGH
TEMPERATURES. RECORD HIGH TEMPERATURES ARE IN THE 90S EVERYWHERE BY
MONTHS` END...EXCEPT AT MANISTIQUE WHERE A SOUTHERLY FLOW OFF LAKE
MICHIGAN OFTEN KEEPS AFTERNOON MAXIMUM TEMPERATURES FROM GETTING AS
HIGH AS FARTHER INLAND. MAY 1977 AND 1998 ARE THE WARMEST MAYS IN
RECENT MEMORY. MAY 1977 IS THE WARMEST ON RECORD AT IRON MOUNTAIN
(62.4)...THE MARQUETTE NWS (59.4)...THE HOUGHTON COUNTY AIRPORT
(58.1) AND MUNISING (57.5). MAY 1998 GOES DOWN IN THE RECORD BOOKS
AS THE WARMEST ON RECORD AT NEWBERRY (59.1) AND IN THE TOP FIVE
WARMEST AT MANY OTHER PLACES. MAY 2000 SAW A VERY SUMMERLIKE WEEK IN
THE EARLY PART OF THE MONTH...AND TEMPERATURES AVERAGED 20 DEGREES
ABOVE NORMAL AT MANY LOCATIONS BETWEEN 5/3 AND 5/8. BARAGA SAW THE
MERCURY REACH 90 ON 5/5/2000...AND THE MARQUETTE NWS BROKE FOUR
DAILY RECORD HIGH TEMPERATURES DURING THAT 6-DAY STRETCH. IN FACT...
THE WEEK BETWEEN 5/3/00 AND 5/8/00 IS THE WARMEST 6-DAY PERIOD ON
RECORD IN EARLY MAY AT THE MARQUETTE NWS. MORE RECENTLY...MAY 2010
FEATURED A MEAN MONTHLY AVERAGE TEMPERATURE 3 TO 5 DEGREES ABOVE
NORMAL.

                        OUTLOOK FOR SUMMER

THE CLIMATE PREDICTION CENTER (CPC) IS FORECASTING A GREATER THAN
CLIMATOLOGICAL CHANCE OF AN ABOVE NORMAL 3-MONTH AVERAGE TEMPERATURE
BUT EQUAL CHANGES OF ABOVE AND BELOW NORMAL 3-MONTH PRECIPITATION
OVER ALL OF UPPER MICHIGAN IN JUNE THROUGH AUGUST 2016.

GO TO HTTP://WWW.WEATHER.GOV/CLIMATE/L3MTO.PHP TO ACCESS DETAILED
LOCAL THREE-MONTH AVERAGE TEMPERATURE OUTLOOKS FOR A NUMBER OF SITES
IN UPPER MICHIGAN.

CHECK OUT HTTP://WWW.CPC.NCEP.NOAA.GOV FOR MORE INFORMATION ABOUT
THE CLIMATE PREDICTION CENTER AND MORE LONG RANGE PREDICTIONS.

NOTE THAT STATISTICS FOR THE NATIONAL WEATHER SERVICE OFFICE IN
NEGAUNEE TOWNSHIP ARE BASED ON RECORDS WHICH BEGAN IN OCTOBER 1961.
THIRTY YEAR NORMALS USED ARE FOR THE PERIOD OF 1981 THROUGH 2010.
NOTE ALL TEMPERATURES ARE IN FAHRENHEIT AND PRECIPITATION IS IN
INCHES. ALL CLIMATE DATA LISTED IN THIS PRODUCT ARE UNOFFICIAL. FOR
OFFICIAL DATA...PLEASE REFER TO THE NATIONAL CLIMATIC DATA CENTER.
ALSO NOTE THIS DISCUSSION DOES NOT INCLUDE DATA FROM CHIPPEWA AND
MACKINAC COUNTIES.

NWS MARQUETTE WEB PAGE IS AT HTTP://WWW.WEATHER.GOV/MQT (ALL LOWER
CASE). CONTACT THE NATIONAL CLIMATIC DATA CENTER AT (828) 271-4800
OR WWW.NCDC.NOAA.GOV.

$$

KC
