000
CXAK56 PAJK 011310
CF6AJN
PRELIMINARY LOCAL CLIMATOLOGICAL DATA (WS FORM: F-6)
STATION: JUNEAU
MONTH: MARCH
YEAR: 2022
LATITUDE: 58 22 N
LONGITUDE: 134 35 W
TEMPERATURE IN F: :PCPN: SNOW: WIND :SUNSHINE: SKY :PK WND
================================================================================
1 2 3 4 5 6A 6B 7 8 9 10 11 12 13 14 15 16 17 18
12Z AVG MX 2MIN
DY MAX MIN AVG DEP HDD CDD WTR SNW DPTH SPD SPD DIR MIN PSBL S-S WX SPD DR
================================================================================
1 42 34 38 7 27 0 T 0.0 0 0.8 7 110 M M 10 2 8 100
2 41 32 37 6 28 0 0.08 0.0 0 2.0 14 240 M M 9 2 17 230
3 41 27 34 3 31 0 0.00 0.0 0 1.0 7 220 M M 9 2 7 220
4 39 28 34 3 31 0 0.02 T T 3.7 13 90 M M 9 1 16 100
5 40 34 37 6 28 0 0.15 T 0 13.4 20 100 M M 10 1 22 100
6 46 33 40 9 25 0 0.42 0.0 0 7.7 23 120 M M 9 1 29 120
7 43 24 34 3 31 0 0.00 0.0 0 4.0 18 80 M M 5 12 24 80
8 43 20 32 1 33 0 0.00 0.0 0 3.5 18 130 M M 1 24 120
9 39 20 30 -2 35 0 0.00 0.0 0 5.6 16 120 M M 7 18 130
10 37 31 34 2 31 0 0.53 0.2 0 13.7 21 110 M M 10 145 25 110
11 37 32 35 3 30 0 1.01 1.6 1 8.7 21 110 M M 10 1 24 110
12 40 35 38 6 27 0 0.07 0.0 1 7.0 12 110 M M M 16 80
13 37 31 34 2 31 0 0.01 T 0 4.3 10 230 M M 10 1 12 220
14 32 28 30 -2 35 0 0.23 3.4 1 2.3 9 80 M M 10 16 11 120
15 40 30 35 3 30 0 0.12 T 3 5.2 18 100 M M 10 146 19 80
16 41 39 40 8 25 0 0.21 0.0 0 19.7 31 120 M M 10 1 38 110
17 41 37 39 6 26 0 0.25 0.0 0 18.4 29 110 M M 10 1 36 120
18 46 37 42 9 23 0 0.03 0.0 0 15.1 29 120 M M 10 1 34 120
19 46 36 41 8 24 0 T 0.0 0 11.6 22 120 M M 8 25 130
20 43 34 39 6 26 0 0.01 T 0 8.4 21 140 M M 10 1 28 350
21 42 33 38 4 27 0 0.29 T 0 12.3 25 120 M M 10 1 31 110
22 44 38 41 7 24 0 0.45 0.0 0 26.5 41 120 M M 10 1 49 130
23 41 36 39 5 26 0 0.13 T 0 15.0 35 120 M M 9 14 41 110
24 45 36 41 7 24 0 0.01 0.0 0 11.7 23 130 M M 9 28 100
25 44 34 39 5 26 0 0.16 0.0 0 7.6 20 120 M M 9 24 130
26 46 30 38 3 27 0 T 0.0 0 3.5 13 230 M M 8 12 18 300
27 45 29 37 2 28 0 0.00 0.0 0 3.2 13 230 M M 7 1 16 250
28 44 27 36 1 29 0 0.24 0.0 0 11.2 25 110 M M 9 1 34 80
29 42 35 39 3 26 0 0.73 0.0 0 10.9 23 120 M M 10 1 29 120
30 40 35 38 2 27 0 0.39 0.0 0 11.5 26 120 M M 10 1 31 110
31 42 34 38 2 27 0 0.12 T 0 9.1 21 130 M M 9 15 24 130
================================================================================
SM 1289 989 868 0 5.66 5.2 278.6 M 267
================================================================================
AV 41.6 31.9 9.0 FASTST M M 9 MAX(MPH)
MISC ----> 41 120 49 130
================================================================================
NOTES:
# LAST OF SEVERAL OCCURRENCES
COLUMN 17 PEAK WIND IN M.P.H.
PRELIMINARY LOCAL CLIMATOLOGICAL DATA (WS FORM: F-6) , PAGE 2
STATION: JUNEAU
MONTH: MARCH
YEAR: 2022
LATITUDE: 58 22 N
LONGITUDE: 134 35 W
[TEMPERATURE DATA] [PRECIPITATION DATA] SYMBOLS USED IN COLUMN 16
AVERAGE MONTHLY: 36.7 TOTAL FOR MONTH: 5.66 1 = FOG OR MIST
DPTR FM NORMAL: 3.8 DPTR FM NORMAL: 1.99 2 = FOG REDUCING VISIBILITY
HIGHEST: 46 ON 26,19 GRTST 24HR 1.44 ON 10-11 TO 1/4 MILE OR LESS
LOWEST: 20 ON 9, 8 3 = THUNDER
SNOW, ICE PELLETS, HAIL 4 = ICE PELLETS
TOTAL MONTH: 5.2 INCHES 5 = HAIL
GRTST 24HR 3.4 ON 14-14 6 = FREEZING RAIN OR DRIZZLE
GRTST DEPTH: 3 ON 15 7 = DUSTSTORM OR SANDSTORM:
VSBY 1/2 MILE OR LESS
8 = SMOKE OR HAZE
[NO. OF DAYS WITH] [WEATHER - DAYS WITH] 9 = BLOWING SNOW
X = TORNADO
MAX 32 OR BELOW: 1 0.01 INCH OR MORE: 23
MAX 90 OR ABOVE: 0 0.10 INCH OR MORE: 16
MIN 32 OR BELOW: 14 0.50 INCH OR MORE: 3
MIN 0 OR BELOW: 0 1.00 INCH OR MORE: 1
[HDD (BASE 65) ]
TOTAL THIS MO. 868 CLEAR (SCALE 0-3) 1
DPTR FM NORMAL -127 PTCLDY (SCALE 4-7) 5
TOTAL FM JUL 1 6652 CLOUDY (SCALE 8-10) 25
DPTR FM NORMAL -148
[CDD (BASE 65) ]
TOTAL THIS MO. 0
DPTR FM NORMAL 0 [PRESSURE DATA]
TOTAL FM JAN 1 0 HIGHEST SLP 30.70 ON 7
DPTR FM NORMAL 0 LOWEST SLP 29.34 ON 15
[REMARKS]
#FINAL-03-22#