000
CXUS51 KALY 011517
CLSALB
CLIMATE REPORT
NATIONAL WEATHER SERVICE ALBANY NY
1017 AM EST WED DEC 01 2021
...................................
...THE ALBANY NY CLIMATE SUMMARY FOR THE SEASON, FROM
9/1/2021 TO 11/30/2021...
CLIMATE NORMAL PERIOD: 1991 TO 2020
CLIMATE RECORD PERIOD: 1874 TO 2021
WEATHER OBSERVED NORMAL DEPART LAST YEAR`S
VALUE DATE(S) VALUE FROM VALUE DATE(S)
NORMAL
................................................................
TEMPERATURE (F)
RECORD
HIGH 100 09/03/1953
09/02/1953
LOW -11 11/26/1938
HIGHEST 81 09/18 81 09/08
LOWEST 19 11/24 16 11/18
11/19
AVG. MAXIMUM 61.9 61.8 0.1 60.2
AVG. MINIMUM 43.3 41.8 1.5 39.8
MEAN 52.6 51.8 0.8 50.0
DAYS MAX >= 90 0 0.6 -0.6 0
DAYS MAX <= 32 0 1.1 -1.1 1
DAYS MIN <= 32 23 22.8 0.2 23
DAYS MIN <= 0 0 0.0 0.0 0
PRECIPITATION (INCHES)
RECORD
MAXIMUM 18.39 1869
MINIMUM 2.39 1964
TOTALS 15.21 10.57 4.64 9.24
DAILY AVG. 0.17 0.10
DAYS >= .01 35 32.0 3.0 26
DAYS >= .10 22 19.0 3.0 15
DAYS >= .50 11 7.1 3.9 3
DAYS >= 1.00 5 2.6 2.4 1
GREATEST
24 HR. TOTAL 2.04 09/23 TO 09/24
DEGREE DAYS
HEATING TOTAL 1137 1280 -143 1373
SINCE 7/1 1164 1292 -128 1398
COOLING TOTAL 32 76 -44 25
SINCE 1/1 523 719 -196 818
................................................................
WIND (MPH)
AVERAGE WIND SPEED 5.8
HIGHEST WIND SPEED/DIRECTION 40/210 DATE 09/08
HIGHEST GUST SPEED/DIRECTION 70/210 DATE 09/08
WEATHER CONDITIONS. NUMBER OF DAYS WITH
THUNDERSTORM 9 MIXED PRECIP 0
HEAVY RAIN 9 RAIN 16
LIGHT RAIN 39 FREEZING RAIN 0
LT FREEZING RAIN 0 HAIL 0
HEAVY SNOW 0 SNOW 0
LIGHT SNOW 5 SLEET 0
FOG 55 FOG W/VIS <= 1/4 MILE 7
HAZE 6
- INDICATES NEGATIVE NUMBERS.
R INDICATES RECORD WAS SET OR TIED.
MM INDICATES DATA IS MISSING.
T INDICATES TRACE AMOUNT.
$$