000
CXUS53 KARX 020620
CF6AUM
PRELIMINARY LOCAL CLIMATOLOGICAL DATA (WS FORM: F-6)
STATION: AUSTIN MUNI MN
MONTH: DECEMBER
YEAR: 2023
LATITUDE: 43 40 N
LONGITUDE: 92 56 W
TEMPERATURE IN F: :PCPN: SNOW: WIND :SUNSHINE: SKY :PK WND
================================================================================
1 2 3 4 5 6A 6B 7 8 9 10 11 12 13 14 15 16 17 18
12Z AVG MX 2MIN
DY MAX MIN AVG DEP HDD CDD WTR SNW DPTH SPD SPD DIR MIN PSBL S-S WX SPD DR
================================================================================
1 36 21 29 M 36 0 0.00 0.0 0 5.2 10 50 M M 0 M M
2 39 18 29 M 36 0 M M 0 3.3 7 130 M M 5 1 M M
3 37 25 31 M 34 0 0.00 0.0 0 0.6 4 140 M M 7 1 M M
4 34 21 28 M 37 0 0.00 0.0 0 4.7 14 200 M M 8 1 20 200
5 34 19 27 M 38 0 M M 0 4.9 10 350 M M 7 1 18 350
6 46 19 33 M 32 0 0.00 0.0 0 9.0 20 210 M M 1 1 28 210
7 54 27 41 M 24 0 0.00 0.0 0 5.3 9 150 M M 0 M M
8 52 36 44 M 21 0 0.00 0.0 0 7.9 14 240 M M 1 20 260
9 37 25 31 M 34 0 M M 0 14.9 24 300 M M 8 32 300
10 23 21 22 M 43 0 0.00 0.0 0 8.3 20 320 M M 10 28 310
11 34 19 27 M 38 0 0.00 0.0 0 5.7 17 310 M M 6 1 24 310
12 32 14 23 M 42 0 0.00 0.0 0 9.7 20 310 M M 0 25 310
13 46 14 30 M 35 0 0.00 0.0 0 5.7 14 240 M M 4 21 260
14 54 25 40 M 25 0 0.00 0.0 0 6.5 14 220 M M 0 M M
15 43 28 36 M 29 0 M 0.0 0 3.0 6 110 M M 5 M M
16 41 36 39 M 26 0 M 0.0 0 4.5 9 300 M M 10 1 M M
17 36 30 33 M 32 0 T T 0 11.3 21 300 M M 9 1 30 310
18 30 14 22 M 43 0 0.00 0.0 0 13.6 25 320 M M 1 35 320
19 37 12 25 M 40 0 0.00 0.0 0 9.1 20 200 M M 0 30 200
20 43 21 32 M 33 0 0.00 0.0 0 6.6 13 110 M M 0 M M
21 39 28 34 M 31 0 0.00 0.0 0 8.1 13 130 M M 8 1 M M
22 48 37 43 M 22 0 M 0.0 0 2.9 7 130 M M 9 1 M M
23 46 43 45 M 20 0 M 0.0 0 5.3 10 140 M M 10 12 17 140
24 54 46 50 M 15 0 M 0.0 0 11.4 15 150 M M 9 1 22 150
25 54 39 47 M 18 0 M 0.0 0 13.5 20 100 M M 10 29 110
26 37 30 34 M 31 0 M M 0 8.5 12 180 M M 10 1 20 180
27 37 28 33 M 32 0 0.00 0.0 0 4.8 9 60 M M 7 M M
28 34 25 30 M 35 0 0.00 0.0 0 10.0 16 340 M M 7 1 23 350
29 39 28 34 M 31 0 0.00 0.0 0 7.0 15 350 M M 5 1 20 350
30 32 25 29 M 36 0 M M 0 10.5 16 300 M M 6 6 23 320
31 28 23 26 M 39 0 0.00 0.0 M 11.7 15 340 M M 10 24 350
================================================================================
SM 1236 797 988 0 T T 233.5 M 173
================================================================================
AV 39.9 25.7 7.5 FASTST M M 6 MAX(MPH)
MISC ----> 25 320 35 320
================================================================================
NOTES:
# LAST OF SEVERAL OCCURRENCES
COLUMN 17 PEAK WIND IN M.P.H.
PRELIMINARY LOCAL CLIMATOLOGICAL DATA (WS FORM: F-6) , PAGE 2
STATION: AUSTIN MUNI MN
MONTH: DECEMBER
YEAR: 2023
LATITUDE: 43 40 N
LONGITUDE: 92 56 W
[TEMPERATURE DATA] [PRECIPITATION DATA] SYMBOLS USED IN COLUMN 16
AVERAGE MONTHLY: 32.8 TOTAL FOR MONTH: T 1 = FOG OR MIST
DPTR FM NORMAL: 0.0 DPTR FM NORMAL: M 2 = FOG REDUCING VISIBILITY
HIGHEST: 54 ON 25,24 GRTST 24HR T ON 17-17 TO 1/4 MILE OR LESS
LOWEST: 12 ON 19 3 = THUNDER
SNOW, ICE PELLETS, HAIL 4 = ICE PELLETS
TOTAL MONTH: T 5 = HAIL
GRTST 24HR T ON 17-17 6 = FREEZING RAIN OR DRIZZLE
GRTST DEPTH: 0 7 = DUSTSTORM OR SANDSTORM:
VSBY 1/2 MILE OR LESS
8 = SMOKE OR HAZE
[NO. OF DAYS WITH] [WEATHER - DAYS WITH] 9 = BLOWING SNOW
X = TORNADO
MAX 32 OR BELOW: 5 0.01 INCH OR MORE: 0
MAX 90 OR ABOVE: 0 0.10 INCH OR MORE: 0
MIN 32 OR BELOW: 25 0.50 INCH OR MORE: 0
MIN 0 OR BELOW: 0 1.00 INCH OR MORE: 0
[HDD (BASE 65) ]
TOTAL THIS MO. 988 CLEAR (SCALE 0-3) 9
DPTR FM NORMAL M PTCLDY (SCALE 4-7) 12
TOTAL FM JUL 1 2287 CLOUDY (SCALE 8-10) 10
DPTR FM NORMAL M
[CDD (BASE 65) ]
TOTAL THIS MO. 0
DPTR FM NORMAL M [PRESSURE DATA]
TOTAL FM JAN 1 862 HIGHEST SLP M ON M
DPTR FM NORMAL M LOWEST SLP M ON M
[REMARKS]
#FINAL-12-23#