000
CXUS56 KBOI 011002
CF6BKE
PRELIMINARY LOCAL CLIMATOLOGICAL DATA (WS FORM: F-6)
STATION: BAKER OR
MONTH: MARCH
YEAR: 2022
LATITUDE: 44 50 N
LONGITUDE: 117 49 W
TEMPERATURE IN F: :PCPN: SNOW: WIND :SUNSHINE: SKY :PK WND
================================================================================
1 2 3 4 5 6A 6B 7 8 9 10 11 12 13 14 15 16 17 18
12Z AVG MX 2MIN
DY MAX MIN AVG DEP HDD CDD WTR SNW DPTH SPD SPD DIR MIN PSBL S-S WX SPD DR
================================================================================
1 51 32 42 5 23 0 0.01 M M 3.6 12 280 M M 7 15 260
2 48 31 40 2 25 0 T M M 1.8 7 70 M M 2 1 9 290
3 41 30 36 -2 29 0 0.01 M M 5.3 15 350 M M 7 1 20 350
4 43 26 35 -3 30 0 0.00 M M 12.4 23 310 M M 1 32 330
5 44 28 36 -2 29 0 0.00 M M 18.4 31 310 M M 1 41 320
6 42 26 34 -5 31 0 0.00 M M 15.0 29 340 M M 2 38 320
7 49 20 35 -4 30 0 0.00 M M 2.6 9 210 M M 1 12 350
8 42 27 35 -4 30 0 T M M 11.4 22 340 M M 9 1 31 330
9 34 18 26 -14 39 0 T M M 15.0 30 330 M M 5 1 39 320
10 38 10 24 -16 41 0 0.00 M M 3.7 15 330 M M 0 20 320
11 46 21 34 -6 31 0 0.00 M M 2.1 10 60 M M 6 13 60
12 59 26 43 3 22 0 0.00 M M 8.1 33 240 M M 3 44 230
13 49 32 41 1 24 0 T M M 5.5 31 240 M M 8 43 250
14 51 29 40 -1 25 0 T M M 10.4 23 120 M M 9 29 120
15 54 35 45 4 20 0 0.03 M M 7.5 18 330 M M 8 24 330
16 49 23 36 -5 29 0 T M M 5.6 18 350 M M 5 25 360
17 51 20 36 -5 29 0 T M M 5.4 22 110 M M 2 1 27 120
18 57 23 40 -2 25 0 0.00 M M 6.8 20 160 M M 2 29 150
19 50 29 40 -2 25 0 0.01 M M 9.5 25 340 M M 5 34 360
20 45 26 36 -6 29 0 0.00 M M 12.3 25 350 M M 4 35 330
21 50 31 41 -1 24 0 T M M 1.9 8 260 M M 9 1 12 230
22 61 32 47 5 18 0 0.00 M M 1.9 8 30 M M 5 14 240
23 68 27 48 6 17 0 T M M 8.3 21 130 M M 5 12 37 110
24 63 32 48 6 17 0 0.00 M M 4.3 16 330 M M 2 24 320
25 69 29 49 7 16 0 0.00 M M 3.6 20 340 M M 0 26 340
26 66 28 47 4 18 0 0.00 M M 2.1 10 90 M M 0 16 80
27 67 34 51 8 14 0 T M M 3.3 14 310 M M 1 17 100
28 56 40 48 5 17 0 0.22 M M 6.9 22 290 M M 7 1 28 290
29 61 36 49 6 16 0 0.00 M M 13.5 26 360 M M 1 34 350
30 52 30 41 -2 24 0 T M M 9.7 25 340 M M 4 35 10
31 49 24 37 -6 28 0 0.00 M M 9.3 24 340 M M 1 33 350
================================================================================
SM 1605 855 775 0 0.28 M 227.2 M 122
================================================================================
AV 51.8 27.6 7.3 FASTST M M 4 MAX(MPH)
MISC ----> 33 240 44 230
================================================================================
NOTES:
# LAST OF SEVERAL OCCURRENCES
COLUMN 17 PEAK WIND IN M.P.H.
PRELIMINARY LOCAL CLIMATOLOGICAL DATA (WS FORM: F-6) , PAGE 2
STATION: BAKER OR
MONTH: MARCH
YEAR: 2022
LATITUDE: 44 50 N
LONGITUDE: 117 49 W
[TEMPERATURE DATA] [PRECIPITATION DATA] SYMBOLS USED IN COLUMN 16
AVERAGE MONTHLY: 39.7 TOTAL FOR MONTH: 0.28 1 = FOG OR MIST
DPTR FM NORMAL: -1.1 DPTR FM NORMAL: -0.49 2 = FOG REDUCING VISIBILITY
HIGHEST: 69 ON 25 GRTST 24HR 0.22 ON 27-28 TO 1/4 MILE OR LESS
LOWEST: 10 ON 10 3 = THUNDER
SNOW, ICE PELLETS, HAIL 4 = ICE PELLETS
TOTAL MONTH: M 5 = HAIL
GRTST 24HR M ON M 6 = FREEZING RAIN OR DRIZZLE
GRTST DEPTH: M ON M 7 = DUSTSTORM OR SANDSTORM:
VSBY 1/2 MILE OR LESS
8 = SMOKE OR HAZE
[NO. OF DAYS WITH] [WEATHER - DAYS WITH] 9 = BLOWING SNOW
X = TORNADO
MAX 32 OR BELOW: 0 0.01 INCH OR MORE: 5
MAX 90 OR ABOVE: 0 0.10 INCH OR MORE: 1
MIN 32 OR BELOW: 27 0.50 INCH OR MORE: 0
MIN 0 OR BELOW: 0 1.00 INCH OR MORE: 0
[HDD (BASE 65) ]
TOTAL THIS MO. 775 CLEAR (SCALE 0-3) 15
DPTR FM NORMAL 25 PTCLDY (SCALE 4-7) 12
TOTAL FM JUL 1 6194 CLOUDY (SCALE 8-10) 4
DPTR FM NORMAL 616
[CDD (BASE 65) ]
TOTAL THIS MO. 0
DPTR FM NORMAL 0 [PRESSURE DATA]
TOTAL FM JAN 1 0 HIGHEST SLP 30.48 ON 6
DPTR FM NORMAL 0 LOWEST SLP 29.60 ON 28
[REMARKS]
#FINAL-03-22#