000
CXUS51 KRLX 011241
CF6BKW
PRELIMINARY LOCAL CLIMATOLOGICAL DATA (WS FORM: F-6)
STATION: BECKLEY WV
MONTH: MAY
YEAR: 2023
LATITUDE: 37 46 N
LONGITUDE: 81 7 W
TEMPERATURE IN F: :PCPN: SNOW: WIND :SUNSHINE: SKY :PK WND
================================================================================
1 2 3 4 5 6A 6B 7 8 9 10 11 12 13 14 15 16 17 18
12Z AVG MX 2MIN
DY MAX MIN AVG DEP HDD CDD WTR SNW DPTH SPD SPD DIR MIN PSBL S-S WX SPD DR
================================================================================
1 48 38 43 -15 22 0 0.18 0.0 0 14.1 25 260 M M 10 1 36 260
2 57 40 49 -9 16 0 T 0.0 0 14.6 30 260 M M 8 40 260
3 47 34 41 -18 24 0 0.13 T 0 12.8 22 270 M M 10 1 32 310
4 59 39 49 -10 16 0 0.00 0.0 0 6.4 16 320 M M 8 22 340
5 70 36 53 -6 12 0 0.00 0.0 0 3.6 14 10 M M 0 17 360
6 77 48 63 4 2 0 0.00 0.0 0 5.7 14 300 M M 2 19 290
7 70 53 62 2 3 0 0.42 0.0 0 8.5 22 250 M M 4 13 32 260
8 77 55 66 6 0 1 0.00 0.0 0 8.2 16 260 M M 5 22 300
9 72 50 61 1 4 0 0.28 0.0 0 7.1 22 340 M M 6 13 28 360
10 75 44 60 0 5 0 0.00 0.0 0 2.7 13 10 M M 0 1 15 10
11 81 50 66 6 0 1 0.00 0.0 0 4.0 14 320 M M 1 20 310
12 78 55 67 7 0 2 0.09 0.0 0 4.7 18 270 M M 5 13 26 270
13 73 62 68 7 0 3 0.63 0.0 0 6.0 14 10 M M 10 1 18 350
14 75 57 66 5 0 1 T 0.0 0 4.3 14 360 M M 6 1 18 10
15 62 56 59 -2 6 0 0.08 0.0 0 4.8 13 120 M M 8 1 20 110
16 70 57 64 3 1 0 0.94 0.0 0 5.8 16 20 M M 10 13 21 40
17 67 48 58 -3 7 0 T 0.0 0 6.0 15 10 M M 3 1 19 360
18 69 45 57 -5 8 0 0.00 0.0 0 11.0 22 120 M M 0 30 140
19 71 52 62 0 3 0 0.00 0.0 0 11.1 16 170 M M 0 26 160
20 69 53 61 -1 4 0 0.09 0.0 0 6.6 17 300 M M 7 1 22 280
21 68 48 58 -4 7 0 0.00 0.0 0 6.4 14 350 M M 4 1 19 340
22 72 44 58 -4 7 0 0.00 0.0 0 5.9 13 110 M M 1 22 200
23 70 53 62 -1 3 0 0.00 0.0 0 8.9 18 110 M M 0 25 120
24 73 46 60 -3 5 0 0.00 0.0 0 4.8 15 360 M M 1 19 360
25 72 49 61 -2 4 0 0.00 0.0 0 5.5 16 340 M M 3 20 360
26 70 51 61 -2 4 0 0.00 0.0 0 7.9 18 110 M M 3 24 120
27 66 49 58 -6 7 0 T 0.0 0 8.1 22 110 M M 3 28 110
28 60 50 55 -9 10 0 0.56 0.0 0 4.2 12 100 M M 10 1 16 110
29 68 53 61 -3 4 0 0.60 0.0 0 4.4 13 360 M M 9 12 16 20
30 74 56 65 1 0 0 T 0.0 0 8.6 18 120 M M 5 1 24 190
31 73 57 65 1 0 0 0.00 0.0 0 6.8 15 170 M M 5 27 100
================================================================================
SM 2133 1528 184 8 4.00 T 219.5 M 147
================================================================================
AV 68.8 49.3 7.1 FASTST M M 5 MAX(MPH)
MISC ----> 30 260 40 260
================================================================================
NOTES:
# LAST OF SEVERAL OCCURRENCES
COLUMN 17 PEAK WIND IN M.P.H.
PRELIMINARY LOCAL CLIMATOLOGICAL DATA (WS FORM: F-6) , PAGE 2
STATION: BECKLEY WV
MONTH: MAY
YEAR: 2023
LATITUDE: 37 46 N
LONGITUDE: 81 7 W
[TEMPERATURE DATA] [PRECIPITATION DATA] SYMBOLS USED IN COLUMN 16
AVERAGE MONTHLY: 59.0 TOTAL FOR MONTH: 4.00 1 = FOG OR MIST
DPTR FM NORMAL: -2.3 DPTR FM NORMAL: -0.68 2 = FOG REDUCING VISIBILITY
HIGHEST: 81 ON 11 GRTST 24HR 0.94 ON 16-16 TO 1/4 MILE OR LESS
LOWEST: 34 ON 3 3 = THUNDER
SNOW, ICE PELLETS, HAIL 4 = ICE PELLETS
TOTAL MONTH: T 5 = HAIL
GRTST 24HR T ON 3- 3 6 = FREEZING RAIN OR DRIZZLE
GRTST DEPTH: 0 7 = DUSTSTORM OR SANDSTORM:
VSBY 1/2 MILE OR LESS
8 = SMOKE OR HAZE
[NO. OF DAYS WITH] [WEATHER - DAYS WITH] 9 = BLOWING SNOW
X = TORNADO
MAX 32 OR BELOW: 0 0.01 INCH OR MORE: 11
MAX 90 OR ABOVE: 0 0.10 INCH OR MORE: 8
MIN 32 OR BELOW: 0 0.50 INCH OR MORE: 4
MIN 0 OR BELOW: 0 1.00 INCH OR MORE: 0
[HDD (BASE 65) ]
TOTAL THIS MO. 184 CLEAR (SCALE 0-3) 11
DPTR FM NORMAL 22 PTCLDY (SCALE 4-7) 13
TOTAL FM JUL 1 4583 CLOUDY (SCALE 8-10) 7
DPTR FM NORMAL -447
[CDD (BASE 65) ]
TOTAL THIS MO. 8
DPTR FM NORMAL -39 [PRESSURE DATA]
TOTAL FM JAN 1 22 HIGHEST SLP 30.27 ON 15
DPTR FM NORMAL -40 LOWEST SLP 29.48 ON 1
[REMARKS]
#FINAL-05-23#