000
CXUS55 KBOU 010900
CF6DEN
PRELIMINARY LOCAL CLIMATOLOGICAL DATA (WS FORM: F-6)
STATION: DENVER CO
MONTH: MAY
YEAR: 2023
LATITUDE: 39 52 N
LONGITUDE: 104 40 W
TEMPERATURE IN F: :PCPN: SNOW: WIND :SUNSHINE: SKY :PK WND
================================================================================
1 2 3 4 5 6A 6B 7 8 9 10 11 12 13 14 15 16 17 18
12Z AVG MX 2MIN
DY MAX MIN AVG DEP HDD CDD WTR SNW DPTH SPD SPD DIR MIN PSBL S-S WX SPD DR
================================================================================
1 73 38 56 4 9 0 0.00 0.0 0 8.0 15 150 M M 3 21 50
2 73 43 58 6 7 0 0.00 0.0 0 12.7 26 130 M M 7 36 120
3 79 43 61 9 4 0 0.00 0.0 0 7.7 20 200 M M 7 23 200
4 77 48 63 10 2 0 0.02 0.0 0 10.1 29 240 M M 6 3 38 250
5 77 42 60 7 5 0 T 0.0 0 10.6 31 320 M M 3 78 43 310
6 72 40 56 3 9 0 0.00 0.0 0 8.3 22 160 M M 4 35 90
7 72 41 57 3 8 0 0.00 0.0 0 6.9 29 10 M M 6 36 10
8 74 39 57 3 8 0 0.05 0.0 0 11.9 33 190 M M 5 3 46 200
9 78 43 61 6 4 0 0.00 0.0 0 12.9 28 110 M M 3 13 36 110
10 65 49 57 2 8 0 0.65 0.0 0 9.5 31 310 M M 9 123 39 310
11 50 47 49 -6 16 0 2.92 0.0 0 14.4 32 340 M M 10 1 43 330
12 59 46 53 -3 12 0 0.83 0.0 0 17.2 36 340 M M 8 1 47 340
13 61 45 53 -3 12 0 0.03 0.0 0 10.9 20 40 M M 7 1 26 40
14 61 48 55 -2 10 0 0.14 0.0 0 11.2 20 50 M M 10 12 24 50
15 59 47 53 -4 12 0 0.01 0.0 0 6.1 13 190 M M 8 1 15 190
16 78 48 63 5 2 0 0.05 0.0 0 9.3 25 280 M M 3 3 31 290
17 78 52 65 7 0 0 T 0.0 0 8.4 22 210 M M 5 3 33 190
18 67 51 59 1 6 0 0.19 0.0 0 7.6 28 50 M M 8 138 36 50
19 56 50 53 -6 12 0 0.00 0.0 0 6.5 14 60 M M 10 18 17 50
20 70 46 58 -1 7 0 0.00 0.0 0 6.6 14 320 M M 5 18 17 320
21 74 49 62 2 3 0 0.00 0.0 0 8.9 21 30 M M 3 29 30
22 74 51 63 3 2 0 0.00 0.0 0 8.0 14 170 M M 2 8 18 160
23 77 52 65 5 0 0 0.00 0.0 0 8.6 17 160 M M 3 8 24 150
24 73 52 63 2 2 0 0.02 0.0 0 7.8 30 260 M M 8 1358 41 270
25 76 47 62 1 3 0 0.06 0.0 0 8.8 20 80 M M 5 3 33 80
26 76 50 63 2 2 0 0.45 0.0 0 9.6 41 250 M M 5 1358 53 250
27 77 49 63 1 2 0 0.10 0.0 0 8.4 33 310 M M 5 3 45 300
28 77 48 63 1 2 0 0.00 0.0 0 7.9 21 30 M M 4 3 25 20
29 82 52 67 5 0 2 T 0.0 0 7.9 24 200 M M 4 3 36 210
30 80 52 66 3 0 1 T 0.0 0 10.4 36 150 M M 4 3 47 160
31 79 49 64 1 1 0 0.01 0.0 0 9.2 24 300 M M 6 3 32 300
================================================================================
SM 2224 1457 170 3 5.53 0.0 292.3 M 176
================================================================================
AV 71.7 47.0 9.4 FASTST M M 6 MAX(MPH)
MISC ----> 41 250 53 250
================================================================================
NOTES:
# LAST OF SEVERAL OCCURRENCES
COLUMN 17 PEAK WIND IN M.P.H.
PRELIMINARY LOCAL CLIMATOLOGICAL DATA (WS FORM: F-6) , PAGE 2
STATION: DENVER CO
MONTH: MAY
YEAR: 2023
LATITUDE: 39 52 N
LONGITUDE: 104 40 W
[TEMPERATURE DATA] [PRECIPITATION DATA] SYMBOLS USED IN COLUMN 16
AVERAGE MONTHLY: 59.4 TOTAL FOR MONTH: 5.53 1 = FOG OR MIST
DPTR FM NORMAL: 2.0 DPTR FM NORMAL: 3.37 2 = FOG REDUCING VISIBILITY
HIGHEST: 82 ON 29 GRTST 24HR 3.37 ON 11-12 TO 1/4 MILE OR LESS
LOWEST: 38 ON 1 3 = THUNDER
SNOW, ICE PELLETS, HAIL 4 = ICE PELLETS
TOTAL MONTH: 0.0 INCH 5 = HAIL
GRTST 24HR 0.0 6 = FREEZING RAIN OR DRIZZLE
GRTST DEPTH: 0 7 = DUSTSTORM OR SANDSTORM:
VSBY 1/2 MILE OR LESS
8 = SMOKE OR HAZE
[NO. OF DAYS WITH] [WEATHER - DAYS WITH] 9 = BLOWING SNOW
X = TORNADO
MAX 32 OR BELOW: 0 0.01 INCH OR MORE: 15
MAX 90 OR ABOVE: 0 0.10 INCH OR MORE: 7
MIN 32 OR BELOW: 0 0.50 INCH OR MORE: 3
MIN 0 OR BELOW: 0 1.00 INCH OR MORE: 1
[HDD (BASE 65) ]
TOTAL THIS MO. 170 CLEAR (SCALE 0-3) 4
DPTR FM NORMAL -91 PTCLDY (SCALE 4-7) 21
TOTAL FM JUL 1 6117 CLOUDY (SCALE 8-10) 6
DPTR FM NORMAL 305
[CDD (BASE 65) ]
TOTAL THIS MO. 3
DPTR FM NORMAL -23 [PRESSURE DATA]
TOTAL FM JAN 1 9 HIGHEST SLP M ON M
DPTR FM NORMAL -18 LOWEST SLP 29.53 ON 5
[REMARKS]
#FINAL-05-23#