000
CXUS55 KBOU 031316
CF6DEN
PRELIMINARY LOCAL CLIMATOLOGICAL DATA (WS FORM: F-6)
STATION: DENVER CO
MONTH: APRIL
YEAR: 2022
LATITUDE: 39 52 N
LONGITUDE: 104 40 W
TEMPERATURE IN F: :PCPN: SNOW: WIND :SUNSHINE: SKY :PK WND
================================================================================
1 2 3 4 5 6A 6B 7 8 9 10 11 12 13 14 15 16 17 18
12Z AVG MX 2MIN
DY MAX MIN AVG DEP HDD CDD WTR SNW DPTH SPD SPD DIR MIN PSBL S-S WX SPD DR
================================================================================
1 56 33 45 -1 20 0 0.00 0.0 0 10.6 24 30 M M 5 30 30
2 69 30 50 4 15 0 0.00 0.0 0 7.7 15 170 M M 5 19 170
3 52 35 44 -2 21 0 0.00 0.0 0 8.1 15 160 M M 7 19 30
4 67 32 50 4 15 0 0.00 0.0 0 9.0 18 280 M M 6 22 270
5 61 33 47 1 18 0 T 0.0 0 19.8 44 310 M M 5 8 58 320
6 49 26 38 -8 27 0 0.00 0.0 0 19.9 37 320 M M 4 47 330
7 53 27 40 -6 25 0 0.00 0.0 0 17.8 38 360 M M 3 78 53 350
8 67 19 43 -3 22 0 0.00 0.0 0 7.6 18 200 M M 1 23 200
9 76 44 60 13 5 0 0.00 0.0 0 13.9 32 30 M M 7 42 40
10 57 34 46 -1 19 0 0.01 T 0 14.2 41 290 M M 7 55 270
11 65 26 46 -1 19 0 0.00 0.0 0 14.8 32 160 M M 5 47 160
12 60 26 43 -4 22 0 0.00 0.0 M 15.6 30 250 M M 5 41 260
13 44 10 27 -20 38 0 0.00 0.0 0 13.9 39 270 M M 5 52 260
14 59 18 39 -8 26 0 0.00 0.0 0 12.7 31 280 M M 3 40 260
15 61 28 45 -2 20 0 0.00 0.0 0 12.1 21 70 M M 4 28 70
16 62 26 44 -4 21 0 T 0.0 0 12.2 28 140 M M 6 34 140
17 68 32 50 2 15 0 T 0.0 0 14.8 38 280 M M 3 52 290
18 65 22 44 -4 21 0 0.00 0.0 0 11.9 25 160 M M 2 34 160
19 80 36 58 10 7 0 0.00 0.0 0 7.3 23 360 M M 6 33 10
20 70 35 53 5 12 0 0.00 0.0 0 13.1 31 360 M M 3 8 44 10
21 80 39 60 12 5 0 0.00 0.0 0 21.5 36 150 M M 2 47 150
22 89 51 70 21 0 5 0.00 0.0 0 20.3 46 180 M M 4 7 58 180
23 62 34 48 -1 17 0 0.00 0.0 0 13.0 32 260 M M 7 43 270
24 55 28 42 -7 23 0 0.00 0.0 0 10.6 22 50 M M 6 34 40
25 58 33 46 -4 19 0 0.00 0.0 0 5.5 16 210 M M 6 22 20
26 73 36 55 5 10 0 0.00 0.0 0 9.7 21 180 M M 4 27 170
27 74 44 59 9 6 0 T 0.0 0 10.6 25 290 M M 5 36 170
28 77 41 59 9 6 0 0.00 M M 12.0 32 170 M M 6 3 51 260
29 66 39 53 2 12 0 0.05 0.0 0 16.0 39 290 M M 5 35 52 330
30 65 36 51 0 14 0 0.00 0.0 0 8.8 21 10 M M 2 28 20
================================================================================
SM 1940 953 500 5 0.06 T 385.0 M 139
================================================================================
AV 64.7 31.8 12.8 FASTST M M 5 MAX(MPH)
MISC ----> 46 180 # 58 320
================================================================================
NOTES:
# LAST OF SEVERAL OCCURRENCES
COLUMN 17 PEAK WIND IN M.P.H.
PRELIMINARY LOCAL CLIMATOLOGICAL DATA (WS FORM: F-6) , PAGE 2
STATION: DENVER CO
MONTH: APRIL
YEAR: 2022
LATITUDE: 39 52 N
LONGITUDE: 104 40 W
[TEMPERATURE DATA] [PRECIPITATION DATA] SYMBOLS USED IN COLUMN 16
AVERAGE MONTHLY: 48.2 TOTAL FOR MONTH: 0.06 1 = FOG OR MIST
DPTR FM NORMAL: 0.4 DPTR FM NORMAL: -1.62 2 = FOG REDUCING VISIBILITY
HIGHEST: 89 ON 22 GRTST 24HR 0.05 ON 29-29 TO 1/4 MILE OR LESS
LOWEST: 10 ON 13 3 = THUNDER
SNOW, ICE PELLETS, HAIL 4 = ICE PELLETS
TOTAL MONTH: T 5 = HAIL
GRTST 24HR T ON 10-10 6 = FREEZING RAIN OR DRIZZLE
GRTST DEPTH: 0 7 = DUSTSTORM OR SANDSTORM:
VSBY 1/2 MILE OR LESS
8 = SMOKE OR HAZE
[NO. OF DAYS WITH] [WEATHER - DAYS WITH] 9 = BLOWING SNOW
X = TORNADO
MAX 32 OR BELOW: 0 0.01 INCH OR MORE: 2
MAX 90 OR ABOVE: 0 0.10 INCH OR MORE: 0
MIN 32 OR BELOW: 14 0.50 INCH OR MORE: 0
MIN 0 OR BELOW: 0 1.00 INCH OR MORE: 0
[HDD (BASE 65) ]
TOTAL THIS MO. 500 CLEAR (SCALE 0-3) 8
DPTR FM NORMAL -17 PTCLDY (SCALE 4-7) 22
TOTAL FM JUL 1 5109 CLOUDY (SCALE 8-10) 0
DPTR FM NORMAL -441
[CDD (BASE 65) ]
TOTAL THIS MO. 5
DPTR FM NORMAL 4 [PRESSURE DATA]
TOTAL FM JAN 1 5 HIGHEST SLP M ON M
DPTR FM NORMAL 4 LOWEST SLP 29.01 ON 12
[REMARKS]
#FINAL-04-22#