000
CXUS54 KSJT 011410
CF6JCT
PRELIMINARY LOCAL CLIMATOLOGICAL DATA (WS FORM: F-6)
STATION: JUNCTION
MONTH: SEPTEMBER
YEAR: 2020
LATITUDE: 30 18 N
LONGITUDE: 99 28 W
TEMPERATURE IN F: :PCPN: SNOW: WIND :SUNSHINE: SKY :PK WND
================================================================================
1 2 3 4 5 6A 6B 7 8 9 10 11 12 13 14 15 16 17 18
12Z AVG MX 2MIN
DY MAX MIN AVG DEP HDD CDD WTR SNW DPTH SPD SPD DIR MIN PSBL S-S WX SPD DR
================================================================================
1 96 80 88 8 0 23 T 0.0 0 9.6 22 170 M M 2 29 170
2 88 72 80 0 0 15 T 0.0 0 8.3 18 110 M M 1 3 26 170
3 96 70 83 4 0 18 T 0.0 0 3.4 23 10 M M 3 123 31 360
4 91 66 79 0 0 14 0.34 0.0 0 2.4 24 120 M M 3 1 32 130
5 88 72 80 1 0 15 0.00 0.0 0 5.8 21 180 M M 5 28 180
6 90 67 79 0 0 14 0.00 0.0 0 2.7 17 140 M M 2 22 140
7 94 65 80 2 0 15 0.00 0.0 0 7.1 22 160 M M 0 1 31 160
8 90 74 82 4 0 17 0.38 0.0 0 12.9 24 170 M M 5 13 32 150
9 75 53 64 -14 1 0 1.40 0.0 0 9.0 16 140 M M 10 13 22 140
10 59 52 56 -22 9 0 0.40 0.0 0 7.0 14 10 M M 10 13 20 10
11 78 56 67 -10 0 2 0.10 0.0 0 3.9 8 90 M M 7 1 11 350
12 90 64 77 0 0 12 0.00 0.0 0 2.6 12 180 M M 2 16 200
13 84 69 77 0 0 12 0.51 0.0 0 4.2 16 50 M M 5 13 21 50
14 88 67 78 2 0 13 0.00 0.0 0 6.0 16 60 M M 3 24 30
15 90 61 76 0 0 11 0.00 0.0 0 4.0 12 60 M M 3 14 60
16 89 68 79 3 0 14 0.01 0.0 0 1.7 15 330 M M 2 38 19 320
17 87 64 76 1 0 11 0.00 0.0 0 7.0 20 50 M M 2 1 29 60
18 87 62 75 0 0 10 0.00 0.0 0 6.0 20 10 M M 2 32 40
19 84 59 72 -3 0 7 0.00 0.0 0 4.7 18 30 M M 1 1 24 40
20 86 52 69 -5 0 4 0.00 0.0 0 4.4 16 40 M M 0 1 25 30
21 84 60 72 -2 0 7 0.15 0.0 0 7.2 22 20 M M 9 1 29 30
22 79 67 73 -1 0 8 0.00 0.0 0 6.9 15 10 M M 10 1 18 20
23 83 66 75 2 0 10 0.00 0.0 0 5.8 12 360 M M 7 15 10
24 88 57 73 0 0 8 0.00 0.0 0 1.8 9 180 M M 2 12 14 170
25 89 54 72 -1 0 7 0.00 0.0 0 4.0 12 180 M M 0 16 220
26 90 62 76 4 0 11 0.00 0.0 0 5.4 22 170 M M 2 1 31 170
27 97 72 85 13 0 20 0.00 0.0 0 7.7 17 30 M M 1 24 190
28 79 51 65 -7 0 0 0.00 0.0 0 14.0 28 10 M M 7 38 40
29 82 39 61 -11 4 0 0.00 0.0 0 4.2 14 310 M M 0 18 350
30 90 41 66 -5 0 1 0.00 0.0 0 2.9 10 190 M M 0 8 15 200
================================================================================
SM 2591 1862 14 299 3.29 0.0 172.6 M 106
================================================================================
AV 86.4 62.1 5.8 FASTST M M 4 MAX(MPH)
MISC ----> 28 10 38 40
================================================================================
NOTES:
# LAST OF SEVERAL OCCURRENCES
COLUMN 17 PEAK WIND IN M.P.H.
PRELIMINARY LOCAL CLIMATOLOGICAL DATA (WS FORM: F-6) , PAGE 2
STATION: JUNCTION
MONTH: SEPTEMBER
YEAR: 2020
LATITUDE: 30 18 N
LONGITUDE: 99 28 W
[TEMPERATURE DATA] [PRECIPITATION DATA] SYMBOLS USED IN COLUMN 16
AVERAGE MONTHLY: 74.2 TOTAL FOR MONTH: 3.29 1 = FOG OR MIST
DPTR FM NORMAL: -1.6 DPTR FM NORMAL: 0.53 2 = FOG REDUCING VISIBILITY
HIGHEST: 97 ON 27 GRTST 24HR 1.78 ON 8- 9 TO 1/4 MILE OR LESS
LOWEST: 39 ON 29 3 = THUNDER
SNOW, ICE PELLETS, HAIL 4 = ICE PELLETS
TOTAL MONTH: 0.0 INCH 5 = HAIL
GRTST 24HR 0.0 6 = FREEZING RAIN OR DRIZZLE
GRTST DEPTH: 0 7 = DUSTSTORM OR SANDSTORM:
VSBY 1/2 MILE OR LESS
8 = SMOKE OR HAZE
[NO. OF DAYS WITH] [WEATHER - DAYS WITH] 9 = BLOWING SNOW
X = TORNADO
MAX 32 OR BELOW: 0 0.01 INCH OR MORE: 8
MAX 90 OR ABOVE: 11 0.10 INCH OR MORE: 7
MIN 32 OR BELOW: 0 0.50 INCH OR MORE: 2
MIN 0 OR BELOW: 0 1.00 INCH OR MORE: 1
[HDD (BASE 65) ]
TOTAL THIS MO. 14 CLEAR (SCALE 0-3) 19
DPTR FM NORMAL 9 PTCLDY (SCALE 4-7) 7
TOTAL FM JUL 1 14 CLOUDY (SCALE 8-10) 4
DPTR FM NORMAL 11
[CDD (BASE 65) ]
TOTAL THIS MO. 299
DPTR FM NORMAL -28 [PRESSURE DATA]
TOTAL FM JAN 1 2627 HIGHEST SLP 30.26 ON 29
DPTR FM NORMAL 350 LOWEST SLP 29.58 ON 27
[REMARKS]
#FINAL-09-20#