000
CXUS54 KFWD 010830
CF6LUD
PRELIMINARY LOCAL CLIMATOLOGICAL DATA (WS FORM: F-6)
STATION: DECATUR
MONTH: FEBRUARY
YEAR: 2021
LATITUDE: 33 15 N
LONGITUDE: 97 30 W
TEMPERATURE IN F: :PCPN: SNOW: WIND :SUNSHINE: SKY :PK WND
================================================================================
1 2 3 4 5 6A 6B 7 8 9 10 11 12 13 14 15 16 17 18
12Z AVG MX 2MIN
DY MAX MIN AVG DEP HDD CDD WTR SNW DPTH SPD SPD DIR MIN PSBL S-S WX SPD DR
================================================================================
1 58 30 44 1 21 0 0.00 M M 4.3 10 360 M M 0 M M
2 64 40 52 9 13 0 0.00 M M 7.5 15 140 M M 0 18 140
3 72 39 56 13 9 0 0.00 M M 12.0 18 150 M M 0 27 170
4 61 41 51 7 14 0 0.00 M M 11.6 18 170 M M 0 29 310
5 56 39 48 4 17 0 0.00 M M 5.7 10 130 M M 1 M M
6 56 39 48 4 17 0 0.00 M M 7.8 14 310 M M 6 24 320
7 56 33 45 1 20 0 0.00 M M 8.6 14 140 M M 4 12 18 120
8 63 32 48 4 17 0 0.00 M M 11.0 17 140 M M 7 1 23 270
9 32 26 29 -15 36 0 M M M 6.6 12 330 M M 10 1 16 320
10 29 24 27 -18 38 0 0.00 M M 6.6 9 340 M M 10 1 17 340
11 27 22 25 -20 40 0 M M M 8.4 12 360 M M 10 1 20 350
12 26 19 23 -22 42 0 0.00 0.0 0 9.5 13 20 M M 10 20 350
13 32 16 24 -21 41 0 0.00 M M 9.2 13 30 M M 9 20 40
14 20 5 13 -32 52 0 M M M 10.9 16 10 M M 8 18 23 10
15 6 3 5 -41 60 0 0.00 M M 12.1 14 330 M M 2 23 340
16 M M M M M M M M M M M M M M M M M
17 M M M M M M M M M M M M M M M M M
18 M M M M M M M M M M M M M M M M M
19 M M M M M M M M M M M M M M M M M
20 57 44 51 4 14 0 0.00 M M 13.6 18 140 M M 0 23 140
21 67 45 56 9 9 0 0.00 M M 11.5 21 170 M M 4 31 170
22 71 38 55 8 10 0 0.00 M M 6.8 13 150 M M 0 21 240
23 80 49 65 17 0 0 0.00 0.0 M 11.9 21 200 M M 0 33 200
24 69 49 59 11 6 0 0.00 M M 10.7 15 310 M M 0 23 310
25 50 42 46 -2 19 0 0.38 M M 8.7 14 40 M M 5 1 20 40
26 57 43 50 2 15 0 0.09 M M 4.5 8 140 M M 7 1 16 40
27 65 49 57 8 8 0 0.00 M M 7.6 10 170 M M 7 12 17 170
28 67 49 58 9 7 0 0.00 M M 7.3 13 10 M M 5 1 20 310
================================================================================
SM 1241 816 525 0 0.47 0.0 214.3 M 105
================================================================================
AV 51.7 34.0 8.9 FASTST M M 4 MAX(MPH)
MISC ----> 21 170 33 200
================================================================================
NOTES:
# LAST OF SEVERAL OCCURRENCES
COLUMN 17 PEAK WIND IN M.P.H.
PRELIMINARY LOCAL CLIMATOLOGICAL DATA (WS FORM: F-6) , PAGE 2
STATION: DECATUR
MONTH: FEBRUARY
YEAR: 2021
LATITUDE: 33 15 N
LONGITUDE: 97 30 W
[TEMPERATURE DATA] [PRECIPITATION DATA] SYMBOLS USED IN COLUMN 16
AVERAGE MONTHLY: 42.9 TOTAL FOR MONTH: 0.47 1 = FOG OR MIST
DPTR FM NORMAL: -2.8 DPTR FM NORMAL: -2.11 2 = FOG REDUCING VISIBILITY
HIGHEST: 80 ON 23 GRTST 24HR 0.38 ON 25-25 TO 1/4 MILE OR LESS
LOWEST: 3 ON 15 3 = THUNDER
SNOW, ICE PELLETS, HAIL 4 = ICE PELLETS
TOTAL MONTH: 0.0 INCH 5 = HAIL
GRTST 24HR 0.0 6 = FREEZING RAIN OR DRIZZLE
GRTST DEPTH: 0 7 = DUSTSTORM OR SANDSTORM:
VSBY 1/2 MILE OR LESS
8 = SMOKE OR HAZE
[NO. OF DAYS WITH] [WEATHER - DAYS WITH] 9 = BLOWING SNOW
X = TORNADO
MAX 32 OR BELOW: 7 0.01 INCH OR MORE: 2
MAX 90 OR ABOVE: 0 0.10 INCH OR MORE: 1
MIN 32 OR BELOW: 9 0.50 INCH OR MORE: 0
MIN 0 OR BELOW: 0 1.00 INCH OR MORE: 0
[HDD (BASE 65) ]
TOTAL THIS MO. 525 CLEAR (SCALE 0-3) 10
DPTR FM NORMAL -17 PTCLDY (SCALE 4-7) 9
TOTAL FM JUL 1 1962 CLOUDY (SCALE 8-10) 9
DPTR FM NORMAL -439
[CDD (BASE 65) ]
TOTAL THIS MO. 0
DPTR FM NORMAL -2 [PRESSURE DATA]
TOTAL FM JAN 1 0 HIGHEST SLP M ON M
DPTR FM NORMAL 0 LOWEST SLP M ON M
[REMARKS]
#FINAL-02-21#