000
CXUS54 KBRO 010800
CF6MFE
PRELIMINARY LOCAL CLIMATOLOGICAL DATA (WS FORM: F-6)
STATION: MCALLEN
MONTH: MAY
YEAR: 2023
LATITUDE: 26 10 N
LONGITUDE: 98 14 W
TEMPERATURE IN F: :PCPN: SNOW: WIND :SUNSHINE: SKY :PK WND
================================================================================
1 2 3 4 5 6A 6B 7 8 9 10 11 12 13 14 15 16 17 18
12Z AVG MX 2MIN
DY MAX MIN AVG DEP HDD CDD WTR SNW DPTH SPD SPD DIR MIN PSBL S-S WX SPD DR
================================================================================
1 89 64 77 -4 0 12 0.00 0.0 M 13.8 22 120 M M 0 33 160
2 86 70 78 -3 0 13 0.00 0.0 M 11.6 18 120 M M 7 26 130
3 88 73 81 0 0 16 0.00 0.0 M 9.2 16 80 M M 7 26 50
4 86 76 81 0 0 16 0.00 0.0 M 7.5 15 140 M M 7 18 20 120
5 90 77 84 3 0 19 T 0.0 0 10.8 24 80 M M 6 18 37 80
6 92 77 85 3 0 20 0.00 0.0 0 14.4 25 140 M M 7 18 34 120
7 94 77 86 4 0 21 T 0.0 M 14.1 28 120 M M 5 18 34 120
8 91 74 83 1 0 18 0.06 0.0 M 12.4 29 110 M M 6 138 38 120
9 90 69 80 -2 0 15 T 0.0 0 10.6 30 90 M M 4 3 38 80
10 92 77 85 3 0 20 T 0.0 0 11.3 21 120 M M 4 18 29 110
11 92 78 85 2 0 20 0.00 0.0 M 12.6 20 130 M M 8 18 27 150
12 91 79 85 2 0 20 0.01 0.0 0 15.4 25 130 M M 8 138 33 120
13 81 68 75 -8 0 10 2.61 0.0 0 7.2 28 90 M M 4 13 39 100
14 89 68 79 -4 0 14 0.00 0.0 0 4.8 16 80 M M 5 1 23 90
15 85 70 78 -5 0 13 0.00 0.0 0 7.1 20 120 M M 1 3 26 80
16 90 71 81 -3 0 16 0.18 0.0 0 3.6 18 60 M M 4 38 26 40
17 89 70 80 -4 0 15 0.51 0.0 0 4.5 33 360 M M 3 123 42 360
18 91 69 80 -4 0 15 0.00 0.0 0 6.4 15 130 M M 2 20 120
19 92 75 84 0 0 19 0.00 0.0 0 10.1 17 150 M M 2 1 24 150
20 86 75 81 -3 0 16 T 0.0 0 6.2 24 360 M M 3 29 10
21 88 73 81 -4 0 16 T 0.0 0 5.6 15 40 M M 5 20 50
22 92 73 83 -2 0 18 0.00 0.0 0 6.3 20 140 M M 4 8 24 140
23 93 73 83 -2 0 18 0.00 0.0 0 9.2 21 120 M M 2 1 29 140
24 93 73 83 -2 0 18 0.00 0.0 0 9.2 18 80 M M 2 25 100
25 93 73 83 -2 0 18 0.00 0.0 0 8.8 20 70 M M 1 26 60
26 92 74 83 -3 0 18 0.00 0.0 0 6.7 18 70 M M 3 8 23 70
27 90 73 82 -4 0 17 0.00 0.0 0 7.8 21 100 M M 4 28 110
28 85 68 77 -9 0 12 0.83 0.0 0 7.5 24 300 M M 4 13 32 310
29 92 73 83 -3 0 18 1.08 0.0 0 6.9 20 340 M M 4 13 29 350
30 91 69 80 -6 0 15 0.00 0.0 0 5.0 16 50 M M 2 22 60
31 92 72 82 -4 0 17 0.00 0.0 0 8.5 17 110 M M 2 23 100
================================================================================
SM 2785 2251 0 513 5.28 0.0 275.1 M 126
================================================================================
AV 89.8 72.6 8.9 FASTST M M 4 MAX(MPH)
MISC ----> 33 360 42 360
================================================================================
NOTES:
# LAST OF SEVERAL OCCURRENCES
COLUMN 17 PEAK WIND IN M.P.H.
PRELIMINARY LOCAL CLIMATOLOGICAL DATA (WS FORM: F-6) , PAGE 2
STATION: MCALLEN
MONTH: MAY
YEAR: 2023
LATITUDE: 26 10 N
LONGITUDE: 98 14 W
[TEMPERATURE DATA] [PRECIPITATION DATA] SYMBOLS USED IN COLUMN 16
AVERAGE MONTHLY: 81.2 TOTAL FOR MONTH: 5.28 1 = FOG OR MIST
DPTR FM NORMAL: -2.4 DPTR FM NORMAL: 3.25 2 = FOG REDUCING VISIBILITY
HIGHEST: 94 ON 7 GRTST 24HR 2.62 ON 12-13 TO 1/4 MILE OR LESS
LOWEST: 64 ON 1 3 = THUNDER
SNOW, ICE PELLETS, HAIL 4 = ICE PELLETS
TOTAL MONTH: 0.0 INCH 5 = HAIL
GRTST 24HR 0.0 6 = FREEZING RAIN OR DRIZZLE
GRTST DEPTH: 0 7 = DUSTSTORM OR SANDSTORM:
VSBY 1/2 MILE OR LESS
8 = SMOKE OR HAZE
[NO. OF DAYS WITH] [WEATHER - DAYS WITH] 9 = BLOWING SNOW
X = TORNADO
MAX 32 OR BELOW: 0 0.01 INCH OR MORE: 7
MAX 90 OR ABOVE: 20 0.10 INCH OR MORE: 5
MIN 32 OR BELOW: 0 0.50 INCH OR MORE: 4
MIN 0 OR BELOW: 0 1.00 INCH OR MORE: 2
[HDD (BASE 65) ]
TOTAL THIS MO. 0 CLEAR (SCALE 0-3) 11
DPTR FM NORMAL 0 PTCLDY (SCALE 4-7) 19
TOTAL FM JUL 1 520 CLOUDY (SCALE 8-10) 1
DPTR FM NORMAL 67
[CDD (BASE 65) ]
TOTAL THIS MO. 513
DPTR FM NORMAL -64 [PRESSURE DATA]
TOTAL FM JAN 1 1530 HIGHEST SLP M ON M
DPTR FM NORMAL 53 LOWEST SLP 29.69 ON 11
[REMARKS]
#FINAL-05-23#